NOAA-Style Climate Reports


Report for 2016 January
                  MONTHLY CLIMATOLOGICAL SUMMARY FOR 1/2016
                                        HEAT  COOL        
     MEAN                               DEG   DEG       WIND SPEED       DOM MEAN  MEAN
DAY  TEMP  HIGH   TIME     LOW   TIME   DAYS  DAYS RAIN AVG  HI  TIME    DIR BAROM HUM
---------------------------------------------------------------------------------------
1    50.0  54.5   3:37pm  44.2  11:59pm   15    0  0.00   2  14  10:26pm  NW  1023   74
2    43.7  50.6   4:12pm  38.6   7:50am   21    0  0.00   2  12  12:00am  NW  1025   62
3    45.8  58.7   3:40pm  36.3   3:24am   19    0  0.00   2  14  10:44pm  NW  1019   56
4    42.7  50.8   3:13pm  34.9  11:58pm   22    0  0.00   3  15   9:41am  NW  1022   53
5    36.0  44.3   2:53pm  29.2   7:51am   29    0  0.00   2  15  10:17am ENE  1035   47
6    36.4  44.6   3:56pm  27.0   7:23am   29    0  0.00   2  16   9:47am   E  1033   50
7    50.0  61.4   3:09pm  40.4   7:47am   15    0  0.00   2  13   2:15pm ENE  1023   64
8    50.6  54.4  12:00am  48.1   7:33am   14    0  0.21   1  13   3:43am ENE  1019   89
9    49.3  51.2   4:16pm  47.3   8:21am   16    0  0.14   1  11   5:50pm   E  1015   93
10   44.4  49.7   1:01am  32.3  11:59pm   21    0  0.14   4  27  11:56am WNW  1014   79
11   36.1  50.0   3:23pm  25.9   7:51am   29    0  0.00   2  14  12:05am  NW  1024   49
12   42.0  54.9   4:26pm  30.1   6:53am   23    0  0.00   3  21   1:17pm  SW  1022   47
13   42.4  52.8   3:33pm  34.0   8:37am   23    0  0.00   2  19   2:44am WNW  1024   46
14   45.6  62.2   3:34pm  30.5   7:22am   19    0  0.00   1  13   3:37pm SSW  1022   57
15   45.5  53.3   4:19pm  38.1   3:09am   20    0  0.96   1  23  10:39am  NW  1009   89
16   53.0  60.6   3:08pm  46.6  11:59pm   12    0  0.01   2  17   2:25pm  NW  1010   74
17   45.1  52.1   1:18pm  37.6  11:57pm   20    0  0.00   4  23   3:33pm  NW  1014   65
18   34.2  39.2   3:00pm  27.8  11:55pm   31    0  0.00   4  21   1:53pm  NW  1024   47
19   32.0  43.1   4:54pm  22.9   7:29am   33    0  0.00   2  16   9:07am WNW  1031   42
20   34.7  43.8   2:04pm  29.8   6:41am   30    0  0.06   1  10  10:01am  NW  1028   68
21   42.0  48.5   5:14pm  35.7   7:26am   23    0  0.35   1  10   3:37pm ENE  1024   89
22   37.4  44.3  12:00am  31.8   8:04pm   28    0  0.99   3  26   8:31am   E  1011   94
23   32.8  37.5   4:16pm  30.4  11:52pm   32    0  0.09   6  28   5:37pm  NW  1012   74
24   37.6  53.6   3:57pm  25.6   7:43am   27    0  0.16   2  16  12:00am  NW  1023   63
25   42.8  57.2   3:35pm  31.3   7:51am   22    0  0.00   1  12   1:48pm SSW  1026   66
26   48.5  61.8   4:37pm  35.5   5:00am   16    0  0.01   1   9   1:29pm SSW  1024   73
27   53.2  57.8   4:07pm  50.2   5:35am   12    0  0.16   1  12   8:45am  NW  1020   84
28   49.2  52.9   4:05pm  45.3  11:49pm   16    0  0.01   1  10   4:42am  SW  1015   64
29   48.9  59.6   4:02pm  41.0   7:40am   16    0  0.00   3  23  10:51am WNW  1015   51
30   49.5  66.3   4:36pm  33.8   7:33am   16    0  0.00   1  13   2:49pm   S  1021   57
31   53.2  67.0   4:24pm  39.1   6:17am   12    0  0.00   2  16   2:49pm SSW  1020   78
---------------------------------------------------------------------------------------
TOT  43.7  67.0  1/31/16  22.9  1/19/16  660    0  3.29   2  27  1/10/16  NW  1021   66

HEAT BASE: 65.0
COOL BASE: 65.0