NOAA-Style Climate Reports


Report for 2015 December
                  MONTHLY CLIMATOLOGICAL SUMMARY FOR 12/2015
                                        HEAT  COOL        
     MEAN                               DEG   DEG       WIND SPEED       DOM MEAN  MEAN
DAY  TEMP  HIGH   TIME     LOW   TIME   DAYS  DAYS RAIN AVG  HI  TIME    DIR BAROM HUM
---------------------------------------------------------------------------------------
1    57.2  60.6  12:00am  54.9   8:18am    8    0  0.00   1  10   2:27pm ENE  1019   95
2    59.1  63.7   5:31am  49.9  11:57pm    6    0  0.06   2  15  12:02pm   S  1014   84
3    48.4  53.5   3:43pm  43.9  11:58pm   17    0  0.00   2  12  12:59am  NW  1024   66
4    45.6  57.0   3:44pm  37.8   7:14am   19    0  0.00   2  13   9:18am  NE  1034   63
5    46.1  59.7   2:54pm  33.6   6:40am   19    0  0.00   2  13  10:09am NNE  1038   61
6    50.4  64.3   2:51pm  40.2   7:15am   15    0  0.00   1  11   8:47am   E  1033   66
7    53.1  67.4   3:12pm  40.5   6:16am   12    0  0.00   1  15   2:54pm WNW  1024   71
8    51.3  66.9   3:03pm  40.2   7:37am   14    0  0.00   1   9  10:37am WNW  1022   72
9    52.3  66.0   3:54pm  37.0   7:31am   13    0  0.00   1  13  12:21pm SSW  1020   77
10   59.3  70.3   3:02pm  49.8   6:42am    7    1  0.00   1  18   2:38pm WSW  1017   78
11   63.7  73.4   3:55pm  57.1   3:46am    3    2  0.00   2  12   3:03pm  SW  1019   88
12   61.7  73.0   1:27pm  53.4   7:40am    5    2  0.01   1   7  12:59pm   S  1024   87
13   62.1  72.9   3:24pm  52.0   7:37am    5    2  0.00   1  10   2:07pm ESE  1022   87
14   64.4  69.9  11:34am  56.2  11:59pm    1    1  0.21   3  15  10:39am SSW  1011   91
15   60.4  76.2   4:23pm  51.9   6:46am    7    2  0.00   2  11   9:35am  NW  1013   72
16   58.4  73.3   3:33pm  44.1   7:50am    8    2  0.16   1  13   7:31pm WNW  1016   76
17   58.8  62.0   3:20pm  55.9  11:58pm    6    0  1.78   1  10  11:58pm  NW  1011   95
18   45.5  55.9  12:00am  35.4  11:44pm   19    0  0.00   4  26   1:48pm WNW  1019   70
19   41.4  53.4   4:13pm  31.8   4:22am   24    0  0.00   2  15   1:40pm WNW  1033   55
20   44.7  56.4   2:32pm  32.2   7:29am   20    0  0.00   1   9  10:16am ESE  1034   60
21   50.6  57.7   3:48pm  44.1   1:16am   14    0  0.36   1   8   8:14pm   E  1028   74
22   56.5  61.3  11:52pm  50.9  12:01am    8    0  1.20   1  17   6:09am ENE  1018   97
23   62.9  65.0  11:55pm  61.1  12:57am    2    0  1.58   2  13   8:17am SSW  1014   98
24   68.7  71.6   6:19am  65.0  12:00am    0    4  0.86   3  13  12:22am SSW  1018   97
25   68.8  77.5   4:13pm  64.9   6:31am    0    4  0.24   2  20   1:49pm SSW  1023   92
26   69.2  78.6   4:05pm  61.4   7:51am    1    5  0.13   1   9  12:38pm   S  1024   88
27   69.3  73.5   2:56pm  66.8   1:16am    0    4  0.09   1  10  11:20am SSW  1020   95
28   69.0  73.1   3:09pm  65.9   3:45am    0    4  1.56   2  13  10:02am  SE  1015   94
29   67.6  74.5   4:10pm  62.2  10:27pm    0    3  0.10   2  15  12:10pm SSW  1018   83
30   62.3  64.9   2:39pm  60.5  11:50pm    3    0  1.89   1   8   8:45am  SW  1022   96
31   59.6  64.9   2:48pm  50.6  11:51pm    5    0  0.51   2  11   7:32pm  NW  1021   91
---------------------------------------------------------------------------------------
TOT  57.7  78.6 12/26/15  31.8 12/19/15  261   34 10.74   2  26 12/18/15 SSW  1022   81

HEAT BASE: 65.0
COOL BASE: 65.0