NOAA-Style Climate Reports


Report for 2015 November
                  MONTHLY CLIMATOLOGICAL SUMMARY FOR 11/2015
                                        HEAT  COOL        
     MEAN                               DEG   DEG       WIND SPEED       DOM MEAN  MEAN
DAY  TEMP  HIGH   TIME     LOW   TIME   DAYS  DAYS RAIN AVG  HI  TIME    DIR BAROM HUM
---------------------------------------------------------------------------------------
1    61.3  64.4  11:56pm  56.0   3:26am    4    0  1.29   1   7   2:00am   N  1018   96
2    65.6  67.3   3:46pm  63.9   6:40am    0    1  1.80   1  12  11:10am   E  1015   98
3    64.1  65.9  12:00am  61.5   8:29am    1    0  0.01   2  12  12:38pm ENE  1020   97
4    64.0  66.1   2:50pm  62.2  11:50pm    1    0  0.05   2  10   9:28am ENE  1025   97
5    64.0  66.2   2:36pm  62.0  12:26am    1    0  0.31   1   8  12:11am ENE  1025   98
6    70.5  79.7   3:14pm  66.1  12:00am    0    5  0.34   1  11   3:41pm SSW  1022   96
7    68.1  70.6   1:41pm  63.7   7:54am    0    3  1.12   1  25   7:31am  NW  1021   94
8    52.2  64.7  12:00am  46.8  10:29pm   13    0  1.01   4  25   9:42pm ENE  1026   92
9    49.9  53.5  11:19pm  47.1  12:26am   15    0  0.74   3  23   2:21am ENE  1023   96
10   58.4  71.0   3:39pm  52.2   4:53am    7    1  0.02   2  10   7:57am  NW  1020   85
11   59.5  76.7   2:42pm  44.7   7:17am    8    3  0.00   1   9  12:21pm   W  1018   72
12   62.3  72.2   3:39pm  53.2   4:48am    4    2  0.00   2  20  12:14pm SSW  1016   76
13   56.6  66.5   2:00pm  45.9  11:59pm    8    0  0.00   4  19   2:59pm  NW  1021   43
14   50.1  66.1   3:43pm  37.3   7:26am   15    0  0.00   1  10   1:59am  NW  1029   47
15   47.8  60.7   1:17pm  35.7   6:17am   17    0  0.00   1   8   2:03pm  NW  1032   65
16   51.9  65.8   4:21pm  39.0   5:09am   13    0  0.00   1   6   2:59pm ENE  1028   75
17   59.8  68.5   1:08pm  51.9  12:33am    5    0  0.00   2  23   7:47pm   E  1024   77
18   61.3  69.5   4:22pm  52.7   5:09am    5    1  1.69   3  21  12:00am   E  1020   94
19   66.3  74.3   2:49pm  58.6  11:59pm    1    2  0.12   2  17   1:13pm  NW  1018   66
20   57.8  70.5   2:59pm  46.9   7:25am    8    1  0.00   1   8  12:00am  NW  1022   64
21   51.8  56.2   1:23pm  45.3   7:16am   13    0  0.00   2  13   9:11am ENE  1021   66
22   49.3  57.6   3:09pm  38.5  11:54pm   16    0  0.00   4  17   4:35pm  NW  1018   61
23   42.9  56.4   3:46pm  31.2   6:57am   22    0  0.00   1  11   2:09pm  NW  1026   53
24   45.1  59.9   3:17pm  32.7   6:14am   20    0  0.00   1  10  12:40pm ENE  1031   64
25   47.8  58.6   3:03pm  36.8   5:22am   17    0  0.00   1  13   1:40pm ENE  1036   68
26   56.0  67.6   2:02pm  45.4   4:52am    9    0  0.00   2  14   3:07pm ENE  1038   68
27   60.4  71.9   3:10pm  52.0   6:07am    6    1  0.00   1  11  11:16am ENE  1032   78
28   60.6  73.2   3:37pm  52.2   7:41am    6    2  0.00   1   6   8:18am SSW  1026   80
29   62.5  72.6  12:10pm  53.2   6:21am    4    2  0.00   1   8  12:16pm   N  1022   80
30   63.8  70.1   2:35pm  60.4   7:11am    2    1  0.00   1   9   9:01pm   N  1021   84
---------------------------------------------------------------------------------------
TOT  57.7  79.7  11/6/15  31.2 11/23/15  243   25  8.50   2  25  11/7/15 ENE  1024   78

HEAT BASE: 65.0
COOL BASE: 65.0