NOAA-Style Climate Reports


Report for 2015 October
                  MONTHLY CLIMATOLOGICAL SUMMARY FOR 10/2015
                                        HEAT  COOL        
     MEAN                               DEG   DEG       WIND SPEED       DOM MEAN  MEAN
DAY  TEMP  HIGH   TIME     LOW   TIME   DAYS  DAYS RAIN AVG  HI  TIME    DIR BAROM HUM
---------------------------------------------------------------------------------------
1    69.2  70.9  12:00am  65.6  11:58pm    0    4  0.00   2  13   9:26pm ENE  1010   91
2    60.9  65.6  12:00am  58.4  11:57pm    4    0  0.71   3  16   3:59am   E  1010   94
3    59.0  63.3  11:05pm  56.3   7:29am    6    0  1.82   2  19   1:53am NNE  1007   96
4    66.7  70.6   1:37pm  63.2  12:00am    0    2  0.25   5  32   5:24am ENE  1008   88
5    66.7  73.1   1:26pm  62.4   8:51am    0    2  0.09   3  22   2:25am   E  1014   87
6    66.8  77.0   5:19pm  59.2   8:22am    2    3  0.00   1  13  12:00am   E  1018   79
7    68.4  82.0   4:20pm  56.8   7:46am    2    5  0.00   1   7  12:25pm   E  1019   75
8    69.7  82.7   3:56pm  58.7   7:36am    1    6  0.00   0   8  12:32pm   E  1020   79
9    70.3  80.4   3:58pm  61.2   6:23am    1    6  0.00   1  10   2:53pm  NW  1019   84
10   65.8  70.1  12:11am  61.4  11:21pm    0    1  1.66   2  14   9:49pm  NW  1016   94
11   64.2  72.7   2:55pm  58.0   8:01am    3    2  0.00   2  14   9:39am ENE  1016   82
12   65.4  76.2   3:57pm  55.3   8:07am    3    3  0.01   2  13   1:41pm SSW  1013   80
13   67.8  79.7   4:17pm  60.1   2:58am    2    4  0.11   2  15   4:57pm  NW  1010   76
14   64.4  76.8   3:54pm  52.4   7:34am    4    3  0.00   1  15   2:06pm  NW  1015   65
15   65.0  80.7   4:48pm  52.3   7:50am    4    4  0.00   0   8   2:22pm  SW  1020   69
16   65.4  80.5   2:52pm  54.4   7:24am    4    4  0.00   2  20   4:04pm  NW  1021   66
17   58.0  71.1   4:34pm  45.3   8:11am    8    1  0.00   2  11   2:51pm  NW  1024   53
18   53.8  64.9   4:41pm  45.7   3:48am   11    0  0.00   1  16  10:25am ENE  1029   59
19   52.3  63.9   5:00pm  43.2   7:45am   13    0  0.00   1  13  11:35am   E  1033   63
20   53.4  70.8   4:54pm  39.2   7:50am   12    1  0.00   1   8   4:14pm SSW  1030   69
21   58.2  77.5   5:13pm  43.1   7:51am    9    3  0.00   1   6  12:57pm  SE  1029   72
22   63.1  79.9   3:32pm  49.6   8:04am    6    4  0.00   1   7   4:03pm   W  1027   78
23   66.5  81.7   4:23pm  53.1   7:59am    4    5  0.01   0   8  12:57pm  SW  1023   79
24   65.3  77.1   3:23pm  54.3   7:32am    3    4  0.00   1   9   6:45pm ESE  1023   81
25   66.7  75.4   3:44pm  60.4   1:46am    1    3  0.00   1   6  12:00am NNE  1022   86
26   61.0  67.4   3:24am  51.5  11:56pm    4    0  0.62   3  19   9:51pm   E  1023   92
27   53.0  56.2  11:49pm  50.9   1:53am   12    0  0.24   4  21   2:09am ENE  1022   95
28   65.5  77.9   4:00pm  56.2  12:00am    3    3  0.26   2  15   2:50pm SSW  1011   91
29   63.9  72.4  12:12pm  56.0   7:06am    3    2  0.01   1  13  12:03pm  SW  1012   88
30   59.0  72.2   5:02pm  48.6   8:05am    7    1  0.01   1   9   2:51pm  NW  1018   75
31   55.2  61.1   2:14pm  49.4   3:51am   10    0  0.00   1  10   2:41pm ENE  1021   85
---------------------------------------------------------------------------------------
TOT  62.9  82.7  10/8/15  39.2 10/20/15  143   79  5.80   2  27  10/4/15 ENE  1019   80

HEAT BASE: 65.0
COOL BASE: 65.0