NOAA-Style Climate Reports


Report for 2015 September
                  MONTHLY CLIMATOLOGICAL SUMMARY FOR 9/2015
                                        HEAT  COOL        
     MEAN                               DEG   DEG       WIND SPEED       DOM MEAN  MEAN
DAY  TEMP  HIGH   TIME     LOW   TIME   DAYS  DAYS RAIN AVG  HI  TIME    DIR BAROM HUM
---------------------------------------------------------------------------------------
1    79.0  89.1   3:30pm  69.0   7:11am    0   14  0.00   1   8   3:30pm  SE  1019   77
2    80.1  90.1   2:35pm  70.0   7:09am    0   15  0.00   0   7   2:04pm   S  1018   76
3    80.5  90.7   3:48pm  74.2   4:15am    0   16  0.00   1   8   6:01pm  SW  1015   80
4    82.4  94.0   4:22pm  72.5   7:35am    0   17  0.00   1  13  11:59pm  NW  1015   71
5    75.4  85.4   1:47pm  69.6   5:49am    0   10  0.51   2  20   7:10pm ENE  1019   85
6    76.5  85.8   4:33pm  69.6   6:16am    0   11  0.01   2  17  11:27am ENE  1020   77
7    77.2  85.8   3:29pm  68.4   5:38am    0   12  0.00   2  14   3:53pm   E  1019   77
8    76.6  85.1   2:40pm  72.1   6:32am    0   12  0.16   1   9   7:37am ENE  1017   86
9    76.3  84.3   6:10pm  73.0   1:22am    0   11  0.51   1  12   2:54pm  SW  1014   93
10   74.2  85.2   2:57pm  70.0   9:16pm    0    9  0.43   2  15   3:56pm  SW  1013   90
11   76.7  87.1   4:07pm  69.3   3:20am    0   12  0.00   2  13   1:25pm  SW  1012   79
12   72.2  78.1   5:17pm  64.8  11:58pm    0    7  0.00   3  14   7:47pm  SW  1010   78
13   65.7  75.2   4:57pm  56.3   7:19am    2    3  0.00   3  15   3:25pm  NW  1016   63
14   65.3  79.0   4:32pm  52.1   7:34am    4    4  0.00   2  13   1:08pm  NW  1024   68
15   68.2  80.6   3:44pm  55.5   7:14am    3    6  0.00   1  14   2:35pm   E  1027   70
16   69.0  78.9   4:46pm  59.7   7:25am    1    5  0.00   1  14   3:21pm   E  1026   71
17   72.1  83.5   4:12pm  62.1   5:44am    1    8  0.00   1  11  11:07am   E  1021   69
18   72.3  84.5   4:38pm  60.8   7:26am    1    8  0.00   1  13   1:58pm ENE  1016   76
19   74.1  86.3   5:44pm  62.7   7:32am    0    9  0.00   1   8  11:03am   N  1014   73
20   76.5  89.5   4:43pm  64.3   7:02am    0   12  0.00   1   8   3:36pm NNW  1014   71
21   76.0  85.4   2:58pm  70.1   7:42am    0   11  0.00   1  10   6:05pm  NW  1015   77
22   71.5  76.1   3:27pm  67.8   8:07am    0    6  0.00   2  12   1:17am ENE  1019   84
23   71.9  81.8   4:07pm  64.2   7:59am    0    7  0.00   2  16  11:46am ENE  1020   77
24   67.1  73.3   2:16pm  59.7  10:30pm    1    3  0.90   2  18  11:30am NNE  1020   75
25   64.9  68.1   6:38pm  60.9  12:00am    1    1  0.68   2  17  12:57am   E  1017   95
26   68.0  71.0   3:39pm  66.1   6:45am    0    3  0.07   3  16   6:39am   E  1019   95
27   67.6  70.7   1:42pm  65.3   7:13am    0    3  0.02   3  16   1:50am   E  1020   94
28   71.2  76.3   3:45pm  67.0   1:26am    0    6  0.06   2  11   3:54pm ENE  1016   96
29   73.8  77.8   1:30pm  72.0   5:34am    0    9  0.41   1   7   1:36am ENE  1012   96
30   75.7  86.5   4:04pm  70.1   6:17am    0   11  0.01   1   8   4:05pm  NW  1009   86
---------------------------------------------------------------------------------------
TOT  73.3  94.0   9/4/15  52.1  9/14/15   14  261  3.77   2  20   9/5/15 ENE  1017   80

HEAT BASE: 65.0
COOL BASE: 65.0