NOAA-Style Climate Reports


Report for 2015 August
                  MONTHLY CLIMATOLOGICAL SUMMARY FOR 8/2015
                                        HEAT  COOL        
     MEAN                               DEG   DEG       WIND SPEED       DOM MEAN  MEAN
DAY  TEMP  HIGH   TIME     LOW   TIME   DAYS  DAYS RAIN AVG  HI  TIME    DIR BAROM HUM
---------------------------------------------------------------------------------------
1    83.3  93.7   5:24pm  75.5   6:51am    0   18  0.00   2  17  12:17pm ENE  1014   57
2    82.9  96.5   4:49pm  69.7   7:05am    0   18  0.00   2  15   9:59am NNW  1013   59
3    84.6  97.3   6:38pm  72.9   6:57am    0   20  0.00   2  13   3:04pm   E  1013   63
4    87.0 100.7   4:02pm  73.7   6:52am    0   22  0.00   1   9   4:45pm   S  1015   60
5    85.9  99.2   4:27pm  74.9   7:00am    0   21  0.00   2  20   5:58pm SSW  1015   61
6    79.9  91.6   2:34pm  73.2   4:32pm    0   15  0.13   3  28   3:40pm  SW  1013   80
7    79.8  88.8   5:31pm  72.7   6:54am    0   15  0.37   4  17  12:41am  NW  1010   78
8    81.5  93.3   5:18pm  71.7   7:06am    0   16  0.00   2  11   8:48am  NW  1013   72
9    82.7  93.4   3:27pm  73.1   6:21am    0   18  0.00   2  12   3:27pm SSW  1015   71
10   78.0  92.5   2:32pm  71.9   3:55pm    0   13  2.77   2  31   3:45pm SSW  1015   85
11   80.0  91.7   3:48pm  71.1   2:17am    0   15  0.43   2  13   3:57pm  NW  1014   80
12   81.4  90.4   4:12pm  71.7   6:51am    0   16  0.00   1   9  11:41am  NW  1015   70
13   81.1  90.2   5:01pm  72.6   7:18am    0   16  0.00   2  14   5:40pm NNE  1017   66
14   81.2  91.1   4:31pm  71.9   7:07am    0   16  0.00   1  13   1:11pm ENE  1020   65
15   80.2  90.7   5:34pm  68.6   6:55am    0   15  0.00   1  10   4:10pm   E  1020   66
16   80.6  90.0   4:21pm  71.7   7:09am    0   16  0.00   1  10   3:51pm ENE  1021   68
17   78.0  87.6   3:33pm  69.8   9:37pm    0   13  2.29   2  17   8:29pm   S  1020   82
18   75.2  82.4   1:24pm  71.3  12:00am    0   10  0.39   1  10  12:07pm SSW  1017   92
19   75.9  82.7  11:53am  72.6  12:55am    0   11  0.98   1  12   2:48pm SSW  1016   94
20   79.2  88.6   4:17pm  73.5   4:20am    0   14  0.01   1  11   1:53pm  SW  1016   84
21   80.9  89.5   5:26pm  74.8   6:46am    0   16  0.00   1   7  12:36pm  NW  1017   78
22   81.0  90.4   4:20pm  73.4   7:18am    0   16  0.00   1   8   9:20am   E  1017   80
23   77.0  84.5   4:21pm  71.9   3:20am    0   12  0.59   1  13   1:43am  NW  1016   88
24   80.9  91.8   5:22pm  71.4   7:03am    0   16  0.00   2  11   6:42pm  NW  1014   76
25   78.3  89.1   4:52pm  67.6   7:25am    0   13  0.00   2  13   8:55pm  NW  1013   68
26   75.4  85.4   4:06pm  63.8   6:55am    0   10  0.00   2  16  10:28am  NW  1015   69
27   75.8  84.7   4:56pm  69.2   7:13am    0   11  0.00   2  17  11:48am ENE  1017   77
28   75.8  84.8   4:59pm  70.0   5:32am    0   11  0.00   2  14   1:24pm   E  1020   80
29   75.9  83.4   3:44pm  69.0   7:13am    0   11  0.00   1  11   3:15pm ENE  1022   77
30   70.9  75.0  12:00am  68.0   3:39pm    0    6  0.52   1  15   4:10pm ENE  1020   86
31   75.2  86.7   5:31pm  67.2   3:54am    0   10  0.00   1   9  11:08am   E  1020   80
---------------------------------------------------------------------------------------
TOT  79.5 100.7   8/4/15  63.8  8/26/15    0  451  8.48   2  30  8/10/15  NW  1016   75

HEAT BASE: 65.0
COOL BASE: 65.0