NOAA-Style Climate Reports


Report for 2015 July
                  MONTHLY CLIMATOLOGICAL SUMMARY FOR 7/2015
                                        HEAT  COOL        
     MEAN                               DEG   DEG       WIND SPEED       DOM MEAN  MEAN
DAY  TEMP  HIGH   TIME     LOW   TIME   DAYS  DAYS RAIN AVG  HI  TIME    DIR BAROM HUM
---------------------------------------------------------------------------------------
1    75.0  84.8   4:21pm  68.7   6:59am    0   10  0.08   2  24   7:06pm SSW  1014   83
2    72.8  85.6   1:15pm  69.0   5:19pm    0    8  0.97   2  30   3:51pm SSW  1013   91
3    74.5  82.1   3:33pm  69.9  10:39am    0    9  0.96   3  21   5:21pm SSW  1013   90
4    75.3  85.6   6:25pm  69.0   6:31am    0   10  0.25   3  15   3:58am SSW  1015   85
5    77.1  85.2   5:12pm  71.0   7:12am    0   11  0.02   3  15  11:22am SSW  1018   79
6    78.1  87.2   4:08pm  69.9   6:25am    0   13  0.03   1  10   1:21pm SSW  1020   78
7    74.2  81.0   9:54am  71.6   6:51am    0    4  0.00   0   7   8:49am  NW  1020   87
8    83.1  93.1   4:03pm  73.2   6:47am    0   18  0.02   1  11   1:29pm SSW  1020   72
9    84.8  94.7   5:39pm  74.0   6:48am    0   20  0.01   1  11  11:13am  NW  1020   67
10   85.7  96.8   4:16pm  74.6   6:44am    0   21  0.00   1  12   9:06pm NNW  1020   63
11   84.2  94.6   4:44pm  75.4   6:47am    0   19  0.00   3  16   6:21pm  NW  1019   68
12   82.9  93.3   4:29pm  72.8   7:14am    0   18  0.01   1  12   1:28pm  NW  1017   69
13   84.5  94.5   4:30pm  73.7   6:38am    0   19  0.00   2  16   1:58am  NW  1013   69
14   83.1  91.9   5:23pm  70.4   9:15pm    0   18  1.22   3  20   8:17pm  SW  1010   74
15   80.6  91.9   5:12pm  70.4   3:01am    0   16  0.01   3  15   1:37pm  NW  1010   74
16   82.6  91.7   5:14pm  72.8   7:17am    0   18  0.00   1   9   9:33am  NW  1014   69
17   82.7  93.9   5:00pm  72.8   6:55am    0   18  0.00   1  13   8:11pm NNW  1016   75
18   84.6  94.6   4:32pm  74.5   6:58am    0   20  0.00   1   8   4:39pm SSW  1016   74
19   84.1  95.6   3:58pm  76.0   6:36am    0   19  0.00   2  26   4:22pm  NW  1015   74
20   85.5  95.8   5:52pm  76.1   5:37am    0   20  0.00   2  16   8:25pm  NW  1012   70
21   84.0  96.0   3:34pm  75.9   7:54pm    0   19  0.08   2  23   7:11pm WNW  1010   73
22   83.6  94.7   6:22pm  73.9   7:05am    0   19  0.00   2  13   8:47pm  NW  1012   71
23   81.8  91.1   3:22pm  75.6   6:31am    0   17  0.12   2  15   3:40pm  NW  1014   77
24   82.6  92.3   5:42pm  75.3   6:54am    0   18  0.02   2  10   1:41pm   E  1014   76
25   83.8  93.2   5:02pm  75.5   6:45am    0   19  0.00   1  10  12:39pm   E  1015   68
26   83.8  94.9   4:00pm  72.5   6:57am    0   19  0.00   1   8   1:28pm ENE  1015   64
27   85.5  98.3   5:17pm  73.8   6:42am    0   20  0.00   1   7   9:43am  SW  1015   67
28   85.7  97.9   4:03pm  75.3   6:38am    0   21  0.00   1  13   5:44pm ENE  1015   68
29   84.4  98.1   4:29pm  76.8   6:52am    0   19  0.00   1  14   5:57pm ENE  1014   74
30   86.7  98.7   5:32pm  75.8   5:57am    0   22  0.00   1   9   2:51pm  NW  1014   68
31   85.9  95.2   6:13pm  77.7   5:54am    0   21  0.00   2  18   9:30am  NW  1013   64
---------------------------------------------------------------------------------------
TOT  84.1  98.7  7/30/15  70.4  7/14/15    0  522  3.82   2  23  7/21/15  NW  1015   70

HEAT BASE: 65.0
COOL BASE: 65.0