NOAA-Style Climate Reports


Report for 2015 June
                  MONTHLY CLIMATOLOGICAL SUMMARY FOR 6/2015
                                        HEAT  COOL        
     MEAN                               DEG   DEG       WIND SPEED       DOM MEAN  MEAN
DAY  TEMP  HIGH   TIME     LOW   TIME   DAYS  DAYS RAIN AVG  HI  TIME    DIR BAROM HUM
---------------------------------------------------------------------------------------
1    73.0  84.7   3:29pm  67.5   6:28am    0    8  0.16   1  20   5:05pm  SW  1016   86
2    75.2  85.7   4:35pm  67.2   6:45am    0   10  0.08   1   9   1:53pm  NW  1013   77
3    70.3  81.1   5:21pm  63.5   7:43pm    0    5  1.02   2  25   7:27pm   E  1013   83
4    70.2  80.5   5:39pm  62.8   1:57am    1    6  0.01   1  11   7:05am ENE  1016   80
5    75.6  87.3   3:05pm  63.6   5:40am    0   11  0.00   1   8   1:22pm SSW  1015   73
6    79.3  89.5   6:13pm  67.8   6:55am    0   14  0.00   1  10  12:25pm  NW  1012   67
7    80.2  91.1   4:24pm  69.0   6:50am    0   15  0.00   2  11   1:48pm   E  1014   69
8    78.8  88.0   1:37pm  71.7   6:48am    0   14  0.00   2  16   5:33pm SSW  1014   76
9    74.0  87.5   2:33pm  69.1   7:50am    0    9  0.81   2  17   5:30pm SSW  1010   88
10   74.2  83.4   4:39pm  69.0   4:13am    0    9  0.00   1  10   5:23pm SSW  1011   86
11   76.1  87.4   4:08pm  69.5   6:04am    0   11  0.13   1  16   5:41pm SSW  1013   85
12   78.2  87.5   3:22pm  71.0   6:41am    0   13  0.12   3  15  12:21pm SSW  1016   78
13   80.0  92.7   5:34pm  69.6   6:12am    0   15  0.00   2  13  12:31am SSW  1018   74
14   83.8  95.2   4:07pm  72.9   6:21am    0   19  0.00   2  11  10:42am  SW  1018   66
15   85.3  96.7   4:30pm  73.1   6:44am    0   20  0.00   1  14   5:18pm SSW  1017   62
16   86.5  96.2   3:29pm  74.5   6:40am    0   21  0.00   2  12  10:45am  NW  1017   61
17   87.6  97.7   5:16pm  77.2   6:47am    0   23  0.00   1  12   4:54pm  SW  1016   61
18   82.5  94.8   1:20pm  73.1  11:38pm    0   17  0.14   2  25   6:57pm  SW  1016   73
19   82.3  93.6   4:26pm  71.2   6:27am    0   17  0.00   2  15   2:46pm SSW  1015   73
20   80.6  90.2   2:08pm  74.6   3:57pm    0   16  0.05   3  30   3:15pm SSW  1014   76
21   84.5  95.1   4:53pm  74.3   6:27am    0   19  0.00   2  13   1:45pm  NW  1014   71
22   87.0  97.8   5:17pm  76.2   6:47am    0   22  0.00   1  11   3:23pm  NW  1015   62
23   86.3  96.5   5:03pm  75.8   6:30am    0   21  0.00   2  15  11:08am SSW  1015   64
24   83.2  96.5   1:22pm  77.0   5:21am    0   18  0.00   2  18   5:36pm SSW  1016   73
25   84.5  96.9   5:01pm  73.2   6:47am    0   20  0.00   2  13   1:47pm  SW  1015   66
26   86.3  96.5   3:36pm  77.0   7:22am    0   21  0.00   3  16   6:30pm  SW  1012   65
27   78.4  87.5   1:44pm  73.7  11:50pm    0   13  0.63   3  21   7:03pm SSW  1010   83
28   76.5  85.7   4:50pm  67.8   7:05am    0   12  0.00   2  13   1:54pm  NW  1011   64
29   76.9  88.0   5:21pm  62.9   6:25am    0   12  0.00   2  15   1:25pm SSW  1013   58
30   76.3  87.8  12:43pm  70.1   5:46pm    0   11  0.83   2  24   2:03pm SSW  1013   79
---------------------------------------------------------------------------------------
TOT  79.8  97.8  6/22/15  62.8   6/4/15    1  444  3.98   2  30  6/20/15 SSW  1014   73

HEAT BASE: 65.0
COOL BASE: 65.0