NOAA-Style Climate Reports


Report for 2015 May
                  MONTHLY CLIMATOLOGICAL SUMMARY FOR 5/2015
                                        HEAT  COOL        
     MEAN                               DEG   DEG       WIND SPEED       DOM MEAN  MEAN
DAY  TEMP  HIGH   TIME     LOW   TIME   DAYS  DAYS RAIN AVG  HI  TIME    DIR BAROM HUM
---------------------------------------------------------------------------------------
1    62.5  74.6   5:20pm  50.8   6:34am    5    2  0.00   3  16   6:46am  NW  1012   53
2    64.8  78.8   5:35pm  49.7   6:46am    4    4  0.00   1  11   6:14pm SSW  1017   57
3    67.8  81.0   4:34pm  52.7   7:03am    3    6  0.00   1  13   3:21pm SSW  1019   61
4    70.0  83.1   5:27pm  56.7   7:01am    2    7  0.00   1  11   5:01pm SSW  1023   63
5    70.4  82.1   5:00pm  57.1   6:54am    1    7  0.00   1  14   5:01pm   E  1024   64
6    70.1  83.2   4:48pm  56.1   6:38am    2    7  0.00   1  13  12:58pm  SE  1020   65
7    71.4  84.8   4:31pm  57.7   7:03am    2    8  0.00   1  14   2:51pm  NW  1017   66
8    75.0  88.1   4:42pm  62.8   6:24am    0   10  0.00   1  11  12:03pm NNW  1016   67
9    76.0  86.7   5:26pm  66.2   6:35am    0   11  0.00   2  11  10:47am   E  1017   66
10   77.8  89.9   5:17pm  64.7   6:53am    0   13  0.00   1  11   4:43pm NNW  1017   66
11   80.2  91.0   4:51pm  68.5   6:50am    0   15  0.00   2  15   3:55pm SSW  1016   67
12   77.8  87.0   4:40pm  69.6   7:03am    0   13  0.00   2  15   3:45pm  NW  1018   65
13   76.1  89.0   4:53pm  65.7   7:25am    0   11  0.00   2  10   3:51pm  NW  1019   48
14   71.9  83.2   5:11pm  61.8   4:10am    0    7  0.00   2  17   8:52am   E  1022   63
15   74.5  82.9   2:30pm  66.8   6:38am    0    9  0.00   2  11  11:59am   E  1022   71
16   75.9  87.0   3:54pm  65.0   6:37am    0   11  0.00   2  12  12:42pm SSW  1021   67
17   76.4  88.6   4:58pm  65.9   5:44am    0   11  0.00   1   9   4:25pm  SW  1021   68
18   75.8  87.7   1:55pm  70.2   6:49am    0   11  0.12   1  16   3:34pm SSW  1020   81
19   77.4  88.9   4:22pm  67.2   6:26am    0   12  0.01   3  16   5:06pm  NW  1015   73
20   79.7  90.4   5:16pm  67.6   6:54am    0   15  0.00   2  13   2:25pm  NW  1012   64
21   74.7  83.1   3:51pm  62.0  11:54pm    0   10  0.00   4  20   8:21am WNW  1011   66
22   67.9  80.9   4:56pm  54.6   6:53am    3    5  0.00   2  15   8:44am  NW  1019   58
23   71.3  83.8   4:23pm  56.3   6:31am    2    8  0.00   2  14   3:08pm ENE  1025   55
24   73.7  85.6   3:56pm  61.5   6:56am    0    9  0.00   2  12   2:58pm ESE  1024   61
25   73.6  85.7   4:13pm  63.6   5:58am    0    9  0.21   1  13  10:31am   E  1023   76
26   73.7  85.0   2:46pm  67.1  10:09pm    0    9  0.77   2  25   6:00pm SSW  1021   87
27   73.6  85.5   6:13pm  66.7   5:36am    0    9  0.01   1   8  12:49pm ENE  1021   83
28   72.7  83.9  12:49pm  67.3   6:16am    0    8  0.32   1  17   2:51am  NW  1020   87
29   76.0  86.0   6:36pm  67.4   6:48am    0   11  0.00   1  11   4:02pm   E  1020   73
30   76.7  87.6   6:22pm  65.8   6:41am    0   12  0.00   1  13   4:07pm   E  1018   71
31   73.8  87.1   3:21pm  68.3   6:24am    0    9  0.28   2  18   9:31pm SSW  1016   85
---------------------------------------------------------------------------------------
TOT  73.5  91.0  5/11/15  49.7   5/2/15   25  289  1.72   2  24  5/26/15  NW  1019   68

HEAT BASE: 65.0
COOL BASE: 65.0