NOAA-Style Climate Reports


Report for 2015 April
                  MONTHLY CLIMATOLOGICAL SUMMARY FOR 4/2015
                                        HEAT  COOL        
     MEAN                               DEG   DEG       WIND SPEED       DOM MEAN  MEAN
DAY  TEMP  HIGH   TIME     LOW   TIME   DAYS  DAYS RAIN AVG  HI  TIME    DIR BAROM HUM
---------------------------------------------------------------------------------------
1    70.8  83.7   5:02pm  59.3   8:05am    1    7  0.00   2  13   1:53pm SSW  1014   53
2    64.3  73.4   4:59pm  59.1  10:18am    2    2  0.10   1  15   8:20pm   E  1020   80
3    69.7  84.8   5:47pm  57.8   7:10am    2    7  0.01   3  20   4:58pm SSW  1016   66
4    65.8  73.7   5:36pm  57.1  11:58pm    2    3  0.16   4  19   6:58am  NW  1017   52
5    59.3  71.0   4:24pm  47.8   7:25am    7    1  0.00   2  16  10:02am ENE  1024   31
6    60.0  68.3   5:44pm  56.3   7:51am    5    0  0.24   1  12   7:27pm ENE  1023   72
7    68.3  80.6   5:29pm  59.9  12:18am    2    5  0.12   1  11   2:55pm SSW  1020   84
8    75.2  87.7   5:47pm  62.1   7:14am    0   11  0.00   1  15  12:18pm SSW  1017   70
9    77.3  87.0   3:35pm  64.6   7:15am    0   12  0.00   3  16   1:33pm SSW  1016   64
10   71.4  76.2   4:44pm  64.1  11:04pm    0    7  0.29   3  18  10:24am SSW  1015   82
11   69.9  83.2   5:47pm  58.6   8:19am    1    6  0.00   1  10  11:12am  NW  1017   65
12   65.2  72.8   5:15pm  57.1   5:38am    2    2  0.00   2  15   3:44pm ENE  1020   73
13   66.5  73.3   3:11pm  61.6   1:40am    1    2  0.62   1  11   9:00pm ENE  1020   92
14   73.7  84.1   4:55pm  66.9  12:00am    0    9  0.90   3  20   2:29pm SSW  1016   83
15   64.5  73.1  12:00am  54.5  11:47pm    2    2  1.44   2  17   5:44pm ENE  1017   91
16   55.0  58.7   5:44pm  51.8   8:44am   10    0  0.01   3  17   1:41am ENE  1023   90
17   60.0  65.3   2:17pm  54.8   3:13am    5    0  0.35   1  10  12:08am ENE  1019   95
18   66.7  73.8   4:10pm  62.7   5:28am    1    2  0.22   1   9  11:00am ENE  1013   94
19   67.7  70.1  11:45am  66.0   2:08am    0    3  0.02   2  19   4:04pm SSW  1008   96
20   67.8  76.6   4:23pm  61.9  11:57pm    0    3  0.02   4  22   4:09pm SSW  1005   86
21   62.4  72.8   4:38pm  52.5   7:21am    4    2  0.03   3  23   2:57pm WNW  1011   53
22   64.9  79.1   5:00pm  46.3   7:07am    5    5  0.16   3  24  11:07pm WNW  1012   54
23   65.0  72.8   2:08pm  58.0   6:51am    2    2  0.02   3  17   1:03pm  NW  1012   54
24   63.0  76.9   4:56pm  46.9   7:07am    5    3  0.00   1  10  10:33am SSW  1015   45
25   67.1  78.5   6:12pm  57.9   8:43am    2    4  0.58   2  12   3:12pm SSW  1007   81
26   73.0  84.1   4:38pm  64.8  11:58pm    0    8  0.00   4  21   2:21pm SSW  1002   70
27   64.3  73.2   3:55pm  56.0   6:52am    3    2  0.00   1  10   1:52pm  NW  1008   62
28   63.7  73.9   4:29pm  53.7   7:10am    4    2  0.00   2  14   9:58am   E  1011   52
29   59.1  64.6  12:00am  55.5   9:43am    6    0  0.59   1  16   5:53am ENE  1008   85
30   64.5  75.5   4:33pm  53.4   6:39am    4    3  0.00   3  20  10:30pm  NW  1006   64
---------------------------------------------------------------------------------------
TOT  66.2  87.7   4/8/15  46.3  4/22/15   77  114  5.88   2  23  4/21/15 SSW  1014   71

HEAT BASE: 65.0
COOL BASE: 65.0