NOAA-Style Climate Reports


Report for 2015 March
                  MONTHLY CLIMATOLOGICAL SUMMARY FOR 3/2015
                                        HEAT  COOL        
     MEAN                               DEG   DEG       WIND SPEED       DOM MEAN  MEAN
DAY  TEMP  HIGH   TIME     LOW   TIME   DAYS  DAYS RAIN AVG  HI  TIME    DIR BAROM HUM
---------------------------------------------------------------------------------------
1    40.5  44.5   4:54pm  36.1   4:41am   25    0  0.33   1  13   4:38am ENE  1032   92
2    57.1  71.3   3:38pm  44.3  12:00am    9    1  0.00   2  14  12:03pm  SW  1024   79
3    50.7  58.0  12:00am  46.5  10:58am   14    0  0.16   2  11   7:16am ENE  1022   90
4    60.3  77.3   4:07pm  47.2  12:00am    8    3  0.01   3  23   4:22pm SSW  1015   86
5    56.2  68.9  10:11am  40.9  11:59pm   10    1  0.13   4  30   5:46pm  NW  1015   86
6    43.6  53.0   4:49pm  37.3   5:45am   21    0  0.01   3  15   4:01pm  NW  1028   64
7    48.7  65.7   4:06pm  31.6   6:52am   16    0  0.00   1  16   3:16pm  NW  1028   45
8    56.0  72.6   4:10pm  35.6   8:04am   10    2  0.00   1  14   3:38pm SSW  1024   40
9    61.1  68.1   3:21pm  55.1   8:45am    4    0  0.00   1  11  11:09am ENE  1022   46
10   65.3  77.8   5:26pm  55.9   8:05am    3    4  0.00   1  20   1:59pm ENE  1019   70
11   66.8  76.4   2:13pm  57.9   8:07am    1    3  0.00   2  22  12:49pm SSW  1019   84
12   63.0  66.6   4:36pm  59.3  11:07pm    2    0  0.01   3  26   9:51pm ENE  1025   78
13   50.1  59.4  12:07am  44.9   2:34pm   15    0  0.47   4  15  11:38am ENE  1027   81
14   53.5  64.9   6:36pm  45.8  12:00am   11    0  0.16   2  11  12:22am  NE  1019   93
15   65.9  79.4   5:09pm  55.6   8:01am    3    4  0.01   2  10  12:00am WNW  1019   61
16   66.1  86.1   4:45pm  44.7   7:06am    6    7  0.00   1  14   4:22pm  NW  1018   38
17   68.4  82.2   6:10pm  54.2   2:49am    3    6  0.00   3  20   3:07pm  NW  1013   47
18   64.1  72.2   4:45pm  56.1   7:24am    2    1  0.00   2  14   9:59am   E  1017   47
19   51.6  61.7  12:00am  48.0   3:08pm   13    0  0.92   2  14   2:49pm ENE  1019   84
20   56.1  71.1   4:04pm  46.4   7:05am   10    1  0.01   2  13   5:43pm WNW  1019   86
21   63.5  76.2   4:55pm  52.1   8:19am    5    3  0.00   2  11   8:10am  NW  1017   70
22   58.8  65.7  12:00am  55.5   7:24am    6    0  0.54   1  11   6:04pm ENE  1016   85
23   60.3  70.2   5:14pm  55.2  11:58pm    5    0  0.00   1  15  11:52am ENE  1015   79
24   61.0  74.6   4:46pm  47.0   7:36am    6    2  0.00   1  11   1:56pm ENE  1019   73
25   62.7  69.5   2:31pm  58.3   6:43am    3    1  0.03   1  10   4:05pm ENE  1019   88
26   66.8  74.7   4:04pm  60.2   6:24am    2    3  0.00   3  21  12:26pm SSW  1011   75
27   57.6  66.6  12:00am  46.6  11:58pm    8    0  0.00   5  26   4:13pm  NW  1006   63
28   45.9  55.2   4:43pm  37.9   7:28am   19    0  0.00   4  18  12:10am  NW  1018   43
29   46.8  60.7   6:01pm  30.7   7:36am   18    0  0.00   2  13   4:10pm SSW  1026   42
30   58.3  71.4   5:42pm  46.4   7:54am    8    1  0.16   2  21   6:41am SSW  1019   56
31   63.9  78.3   3:21pm  44.1   7:28am    6    5  0.00   3  19   3:36pm  SW  1014   59
---------------------------------------------------------------------------------------
TOT  57.7  86.1  3/16/15  30.7  3/29/15  273   49  2.95   2  30   3/5/15  NW  1020   69

HEAT BASE: 65.0
COOL BASE: 65.0