NOAA-Style Climate Reports


Report for 2015 February
                  MONTHLY CLIMATOLOGICAL SUMMARY FOR 2/2015
                                        HEAT  COOL        
     MEAN                               DEG   DEG       WIND SPEED       DOM MEAN  MEAN
DAY  TEMP  HIGH   TIME     LOW   TIME   DAYS  DAYS RAIN AVG  HI  TIME    DIR BAROM HUM
---------------------------------------------------------------------------------------
1    50.5  60.2   3:41pm  39.0   8:11am   14    0  0.36   2  21  11:25pm   S  1019   71
2    45.8  56.9   4:47am  31.0  11:51pm   19    0  0.36   6  37   9:56am WNW  1012   70
3    38.0  51.2   4:15pm  27.1   7:13am   27    0  0.00   1  10  12:00am WNW  1026   58
4    42.8  52.1   3:26pm  32.5   7:36am   22    0  0.00   1   8   2:26pm SSW  1023   60
5    46.9  57.9   3:26pm  37.3  11:57pm   12    0  0.00   3  18   5:30pm  NW  1019   43
6    39.1  53.8   3:57pm  24.3   7:42am   13    0  0.00   1   9   1:23pm   S  1027   42
7    48.4  65.2   4:26pm  30.6   7:00am   16    0  0.00   2  15   2:33pm   S  1023   42
8    55.2  69.1   3:31pm  36.7   7:28am   10    1  0.00   2  19   1:35pm SSW  1016   49
9    57.3  63.3   4:35pm  52.4  11:53pm    8    0  0.49   2  13  11:46pm   S  1008   83
10   50.6  63.1   4:08pm  42.0   6:41am   14    0  0.00   3  16   3:49am WNW  1010   72
11   49.5  63.5   4:41pm  35.8   7:57am   16    0  0.00   1  10   4:42pm SSW  1016   62
12   43.7  52.0  12:38pm  30.4  11:58pm   21    0  0.00   5  35   1:07pm WNW  1016   49
13   35.7  45.8   3:58pm  28.5   4:08am   29    0  0.00   2  14  12:06am  NW  1024   39
14   43.0  60.3   4:56pm  31.7   7:03am   11    0  0.00   4  35  11:03pm  SW  1018   39
15   39.6  47.4  12:00am  28.3   7:35am   17    0  0.00   3  35  12:08am  NW  1023   25
16   35.1  39.1  11:20am  32.8   5:33pm   29    0  0.91   2  11   8:38am ENE  1018   60
17   34.6  37.8  11:48am  29.5  11:56pm   30    0  0.20   2  14   9:47am WNW  1012   89
18   30.0  39.1   2:32pm  23.6  11:56pm   35    0  0.00   5  29   8:31pm WNW  1017   70
19   22.2  27.5   2:29pm  17.1   7:33am   43    0  0.00   6  24   4:01pm WNW  1025   46
20   27.0  36.1   4:04pm  16.4   4:19am   38    0  0.00   2  11  12:01am WNW  1030   44
21   41.9  52.4   3:54pm  33.8  12:00am   23    0  0.04   2  10  10:14am  NE  1025   52
22   47.5  53.7   4:43pm  39.1   1:27am   18    0  0.64   1  12   1:55am  NW  1021   95
23   49.9  57.2   4:40pm  44.5  11:51pm   15    0  0.22   2  12   4:56pm WNW  1021   83
24   36.7  44.9   2:46am  33.0   8:51am   28    0  0.13   1  13   5:32am ENE  1018   92
25   36.2  41.3  12:09pm  33.2   7:02am   29    0  0.57   2  12   7:07pm  NW  1012   88
26   38.6  43.2   1:23pm  35.1   1:18am   26    0  0.05   2  12  12:49am  NW  1012   88
27   42.4  55.0   4:13pm  32.0   7:04am   23    0  0.00   2  11   3:57pm  NW  1026   64
28   43.1  52.4   3:44pm  36.0   1:56am   22    0  0.00   4  18   9:05pm ENE  1035   59
---------------------------------------------------------------------------------------
TOT  41.8  69.1   2/8/15  16.4  2/20/15  609    1  3.97   2  37   2/2/15 WNW  1020   63

HEAT BASE: 65.0
COOL BASE: 65.0