NOAA-Style Climate Reports


Report for 2015 January
                  MONTHLY CLIMATOLOGICAL SUMMARY FOR 1/2015
                                        HEAT  COOL        
     MEAN                               DEG   DEG       WIND SPEED       DOM MEAN  MEAN
DAY  TEMP  HIGH   TIME     LOW   TIME   DAYS  DAYS RAIN AVG  HI  TIME    DIR BAROM HUM
---------------------------------------------------------------------------------------
1    45.4  58.7   3:49pm  32.7   7:36am   20    0  0.04   1  10   9:38pm WNW  1026   65
2    47.4  51.5  12:54pm  43.5   3:26am   18    0  0.45   1   8   7:17pm WNW  1026   90
3    50.9  52.8  11:57pm  49.3   5:54am   14    0  0.32   1  11   5:40am ENE  1024   97
4    57.2  65.0   2:05pm  46.8  11:53pm    8    0  0.61   3  23   6:16pm WNW  1019   87
5    45.3  54.5   4:09pm  37.4  11:58pm   20    0  0.00   4  18   5:26am WNW  1029   58
6    43.0  55.6   3:42pm  31.4   6:28am   22    0  0.00   2  20  11:26am   W  1025   59
7    36.1  45.9   1:28pm  20.6  11:56pm   29    0  0.00   6  33  12:08pm WNW  1025   51
8    23.7  34.3   3:57pm  14.5   7:48am   41    0  0.00   3  17  12:35am  NW  1034   43
9    32.6  42.8   3:07pm  23.1   7:05am   32    0  0.00   3  16  12:33pm WNW  1027   45
10   35.9  47.9   3:48pm  25.1   7:52am   28    0  0.00   2  14   3:08am  NW  1032   40
11   36.0  42.0   1:17pm  28.8   6:58am   29    0  0.15   1  13   1:58pm  NE  1034   64
12   44.5  48.2   9:32pm  39.5  12:00am   20    0  0.01   1   7  12:57am  NE  1024   96
13   46.5  49.8  12:50pm  40.2  11:33pm   19    0  0.05   2  16   6:31pm ENE  1024   96
14   40.9  45.6   4:10pm  36.5  11:55pm   24    0  0.01   1  11  12:16am  NE  1024   90
15   37.1  40.4   3:19pm  31.9   4:40am   28    0  0.07   1   8   4:56pm SSW  1022   96
16   44.0  59.1   4:02pm  33.4   7:53am   21    0  0.00   2  15   3:23pm WNW  1021   72
17   44.2  59.3   4:26pm  31.1   6:50am   21    0  0.00   1  14   1:46pm ENE  1023   72
18   48.9  60.1   2:51pm  37.1   5:54am   16    0  0.00   3  30   2:19pm WNW  1018   60
19   52.2  65.5   3:00pm  35.1   6:43am   12    0  0.00   2  18  12:30pm WSW  1018   41
20   55.7  67.9   4:00pm  46.1   5:00am   10    0  0.00   2  13   3:30pm SSW  1015   44
21   53.6  66.7   3:40pm  41.4   7:30am   11    0  0.00   2  17   1:30pm  NW  1017   53
22   48.8  58.2   1:49pm  36.5   5:56am   16    0  0.00   1  10  11:41am  NW  1024   51
23   43.3  49.6  12:00am  40.3  11:44pm   22    0  0.84   3  17   1:44pm  NE  1017   91
24   44.2  50.7   3:30pm  39.4  11:58pm   21    0  0.05   4  24  11:05am WNW  1009   71
25   46.7  60.4   4:39pm  32.9   6:45am   18    0  0.00   3  19   2:50pm   S  1011   60
26   44.4  50.6  11:25am  35.5  11:58pm   21    0  0.02   4  26  10:37am WNW  1007   74
27   40.9  51.2   2:28pm  33.3   5:01am   24    0  0.00   4  25   3:38pm  NW  1013   66
28   41.9  55.0   4:30pm  32.2   6:08am   22    0  0.00   2  14  12:00am  NW  1023   59
29   44.8  57.3   2:49pm  31.8   7:20am   20    0  0.00   2  14   2:04pm   S  1023   59
30   47.2  53.9   2:13am  38.8  11:56pm   18    0  0.00   5  25   4:28am  NW  1022   47
31   42.1  53.6   2:31pm  28.2   7:31am   23    0  0.00   1   8  12:00pm   S  1027   50
---------------------------------------------------------------------------------------
TOT  44.0  67.9  1/20/15  14.5   1/8/15  648    0  2.62   2  33   1/7/15  NW  1022   66

HEAT BASE: 65.0
COOL BASE: 65.0