NOAA-Style Climate Reports


Report for 2014 December
                  MONTHLY CLIMATOLOGICAL SUMMARY FOR 12/2014
                                        HEAT  COOL        
     MEAN                               DEG   DEG       WIND SPEED       DOM MEAN  MEAN
DAY  TEMP  HIGH   TIME     LOW   TIME   DAYS  DAYS RAIN AVG  HI  TIME    DIR BAROM HUM
---------------------------------------------------------------------------------------
1    55.6  73.0   4:03pm  40.5   7:22am   11    1  0.00   1  11   1:28pm SSW  1027   75
2    58.5  73.4   2:55pm  45.8   6:55am    8    2  0.00   1  11   9:20pm SSW  1025   75
3    56.3  66.9   3:46pm  49.0   6:00am    9    0  0.00   1   8   2:41pm  NW  1024   88
4    58.1  66.1   4:01pm  52.0   5:22am    7    0  0.06   1   9   5:06pm  NE  1024   85
5    54.5  56.8   3:41pm  52.0  11:56pm   10    0  0.02   1  10   8:12pm ENE  1027   96
6    52.3  56.3   7:20pm  49.8   7:51am   13    0  0.13   1  14   7:45pm  NW  1022   95
7    50.9  60.0   3:30pm  42.4   7:16am   14    0  0.00   3  18  11:35am  NW  1025   66
8    43.1  46.0  12:00am  40.6   5:44am   22    0  0.00   3  16  12:00am ENE  1026   63
9    45.8  54.5  12:58pm  39.3   7:40am   19    0  0.00   4  21   1:00pm  NW  1019   70
10   43.2  53.8   3:09pm  35.5   7:01am   22    0  0.00   3  18   2:38pm WNW  1018   67
11   42.2  58.7   3:08pm  30.3   6:27am   23    0  0.00   2  14   7:30pm WNW  1019   59
12   46.4  65.3   4:06pm  30.4   7:39am   19    0  0.00   1  11   7:51pm WNW  1023   46
13   48.9  68.3   4:23pm  32.4   7:21am   16    0  0.00   1   8   2:58pm  NW  1020   48
14   49.1  69.7   3:38pm  35.9   8:08am   16    0  0.00   2  10   6:22pm  NW  1017   60
15   46.4  63.7   3:31pm  31.7   7:40am   19    0  0.00   1   7   9:46am WNW  1017   66
16   53.6  62.2  12:51pm  46.3  11:56pm   11    0  0.25   2  21   1:16pm WNW  1016   74
17   47.6  59.0   2:37pm  39.5   7:28am   17    0  0.00   3  12   3:07am WNW  1020   74
18   48.7  60.9   4:15pm  39.2   8:03am   16    0  0.00   2  11  10:36am  NW  1019   61
19   49.7  59.9   2:47pm  40.2   7:33am   15    0  0.00   1  12  12:07pm  NW  1019   64
20   47.6  50.9  12:00am  45.6   5:18am   16    0  0.07   1   6  11:32am  NW  1022   89
21   48.3  52.2   3:47pm  45.2   7:51am   12    0  0.00   1  11   8:30am ENE  1022   89
22   44.5  47.5  12:00am  41.7  11:56pm   13    0  0.50   3  14   8:34am ENE  1016   95
23   43.9  50.0  11:26pm  41.0   6:13am   20    0  0.61   2  19  11:48pm  NE  1013   97
24   51.3  56.5   6:25pm  48.8  12:44am   14    0  1.32   2  27   7:38pm  NE  1007   95
25   47.5  56.0   3:53pm  38.3  11:59pm   18    0  0.00   2  16   3:38am WNW  1019   71
26   44.9  61.2   4:18pm  32.5   7:51am   20    0  0.00   1   7  11:57am WNW  1025   75
27   49.4  65.3   4:21pm  34.5   7:59am   16    0  0.00   1   6  11:23am  NW  1024   73
28   56.2  60.0   4:37pm  51.3   2:58am    9    0  0.83   0   9   9:07am  NW  1018   96
29   59.1  67.9   3:54pm  54.6   8:50am    6    0  0.21   1  15   4:19am WNW  1016   86
30   50.2  55.3  12:00am  43.4  11:50pm   15    0  0.00   2  14   9:42pm ENE  1023   89
31   44.0  52.7   3:38pm  36.7   8:10am   21    0  0.00   1   9   1:35am WNW  1029   78
---------------------------------------------------------------------------------------
TOT  49.7  73.4  12/2/14  30.3 12/11/14  467    4  4.00   2  27 12/24/14  NW  1021   76

HEAT BASE: 65.0
COOL BASE: 65.0