NOAA-Style Climate Reports


Report for 2014 November
                  MONTHLY CLIMATOLOGICAL SUMMARY FOR 11/2014
                                        HEAT  COOL        
     MEAN                               DEG   DEG       WIND SPEED       DOM MEAN  MEAN
DAY  TEMP  HIGH   TIME     LOW   TIME   DAYS  DAYS RAIN AVG  HI  TIME    DIR BAROM HUM
---------------------------------------------------------------------------------------
1    45.0  54.4   3:07pm  39.4   5:17am   20    0  0.01   6  25  12:35pm  NW  1014   63
2    46.9  61.6   3:30pm  36.1   7:10am   18    0  0.00   3  18   1:17am  NW  1025   54
3    48.7  67.9   3:46pm  33.2   6:39am   17    0  0.00   1   8  10:40am NNE  1029   59
4    53.9  71.2   2:40pm  39.8   6:02am   12    1  0.00   1  11  12:40pm SSW  1026   60
5    58.3  69.5   1:53pm  47.9   4:13am    7    1  0.00   0   8   2:30pm SSW  1023   77
6    63.4  71.5   3:25pm  51.2  11:57pm    3    1  0.05   4  24   9:14pm SSW  1015   70
7    51.2  63.0   3:54pm  41.1   7:15am   14    0  0.00   1  16  12:11am  NW  1016   60
8    47.9  62.2   1:48pm  36.9   5:35am   17    0  0.00   1   8  12:58pm  SW  1016   77
9    52.9  71.3   3:36pm  40.2   7:02am   13    1  0.00   1   8   1:21pm  NW  1014   72
10   53.9  72.4   4:02pm  39.1   7:19am   12    1  0.00   1  10   1:34pm  NW  1017   72
11   55.7  73.5   3:44pm  42.2   6:10am   11    1  0.01   1   9   1:31pm  NW  1015   69
12   58.1  74.0   2:01pm  48.1  11:57pm    8    2  0.00   2  15   5:00pm  NW  1015   77
13   46.1  55.7   1:46pm  39.3   9:47pm   19    0  0.00   3  15   4:10pm  NW  1017   75
14   40.5  52.0   3:07pm  32.8   5:36am   25    0  0.00   3  15  12:49am  NW  1021   59
15   38.7  49.1   3:32pm  29.6   6:51am   26    0  0.00   2  13   1:47am ENE  1028   52
16   46.3  52.8  12:08pm  38.2   7:29am   19    0  0.17   1   9   8:29am  NE  1023   62
17   45.5  55.5  12:02pm  33.7  11:57pm   19    0  0.91   4  23   4:25pm  NW  1011   86
18   31.7  38.5   2:41pm  26.6   6:52am   33    0  0.00   4  19  12:00am  NW  1024   53
19   35.9  49.2   4:19pm  24.1   3:42am   29    0  0.00   2  11   2:50pm SSW  1027   48
20   44.5  61.4   4:10pm  28.7   6:56am   20    0  0.00   2  19  12:38pm WNW  1023   56
21   47.9  66.1   3:19pm  33.5   5:33am   17    0  0.00   1  11  12:22pm  NW  1027   60
22   48.5  60.7   2:47pm  37.2   7:30am   17    0  0.00   2  11   8:30am ENE  1029   47
23   50.5  59.7  11:30pm  44.8   4:49am   15    0  1.57   2  14   8:37am ENE  1014   89
24   65.6  77.3   3:14pm  58.2   6:57am    3    3  0.00   2  18  12:25pm SSW  1008   77
25   54.1  59.8  12:00am  48.2  11:58pm   11    0  0.10   1   9   4:04am  NW  1016   63
26   50.0  58.1   3:44pm  45.9  10:38pm   15    0  0.25   1  16   1:27pm SSW  1016   64
27   44.4  49.8   1:12pm  37.0  11:53pm   21    0  0.00   5  25  12:56pm  NW  1023   58
28   39.4  50.9   3:35pm  30.4   6:59am   26    0  0.00   2  20   1:38am  NW  1027   59
29   44.5  61.2   3:59pm  30.5   7:22am   20    0  0.00   1  13   2:26pm SSW  1025   63
30   52.5  69.0   3:23pm  39.2   4:53am   13    0  0.00   1  15  12:36pm SSW  1025   64
---------------------------------------------------------------------------------------
TOT  48.7  77.3 11/24/14  24.1 11/19/14  498   12  3.08   2  24  11/1/14  NW  1020   65

HEAT BASE: 65.0
COOL BASE: 65.0