NOAA-Style Climate Reports


Report for 2014 October
                  MONTHLY CLIMATOLOGICAL SUMMARY FOR 10/2014
                                        HEAT  COOL        
     MEAN                               DEG   DEG       WIND SPEED       DOM MEAN  MEAN
DAY  TEMP  HIGH   TIME     LOW   TIME   DAYS  DAYS RAIN AVG  HI  TIME    DIR BAROM HUM
---------------------------------------------------------------------------------------
1    73.4  87.6   4:16pm  61.9   7:39am    1    9  0.00   1  10   1:31pm SSW  1013   72
2    73.0  87.1   2:52pm  61.2   7:05am    1    9  0.00   1  12   2:11pm SSW  1016   74
3    71.6  77.8   4:51pm  67.5   5:33am    0    7  0.31   2  14   9:08am SSW  1012   87
4    60.8  68.3  12:00am  50.7  11:58pm    5    0  0.00   3  23   9:51am  NW  1011   59
5    56.0  70.3   5:00pm  41.8   7:36am   10    1  0.00   1  13   2:40pm SSW  1015   59
6    62.5  77.8   3:43pm  48.6   7:25am    6    3  0.00   2  19   2:39pm SSW  1016   64
7    68.2  81.0   4:15pm  56.5   7:20am    3    6  0.00   2  19   2:37pm SSW  1016   67
8    74.3  86.9   4:24pm  64.1   3:58am    0    9  0.00   2  15   2:07pm  NW  1017   71
9    74.3  87.1   2:03pm  66.9   7:41am    0    9  0.17   1  18   7:37pm  NW  1017   81
10   76.0  87.2   4:31pm  67.4   1:18am    0   11  0.01   3  19   3:28pm SSW  1016   74
11   75.3  85.8   2:30pm  69.8   7:07am    0   10  0.04   1  18   2:22pm SSW  1014   78
12   69.3  79.7   2:10pm  61.2  11:47pm    0    5  0.01   2  15   6:19pm ENE  1017   89
13   69.0  84.6   4:56pm  60.5   3:06am    2    6  0.01   2  11   1:57pm ENE  1018   86
14   69.9  74.2   1:54am  60.4  11:56pm    0    5  2.69   2  17   4:37pm SSW  1010   93
15   61.4  69.6   2:06pm  54.5   7:47am    4    1  0.01   2  15   3:46pm SSW  1011   80
16   60.5  66.3   4:44pm  54.3  11:57pm    5    0  0.00   3  20   2:20pm SSW  1011   75
17   63.4  78.9   4:45pm  49.6   6:04am    6    4  0.00   2  15   2:27pm  SW  1012   72
18   66.6  76.3   3:00pm  58.6  11:59pm    2    3  0.00   3  19   2:53pm  SW  1011   66
19   59.4  73.0   5:13pm  47.7   8:02am    7    1  0.00   1   8   2:23am  NW  1018   68
20   59.5  73.3   3:58pm  46.7   7:39am    7    2  0.00   1  13   1:36pm SSW  1017   76
21   62.7  75.7   4:25pm  50.5   7:49am    5    3  0.00   2  19   3:01pm  NW  1014   71
22   58.2  71.2   4:32pm  47.2   8:04am    8    1  0.00   1  11  12:39am  NW  1017   64
23   56.5  72.9   4:59pm  42.5   7:23am   10    1  0.00   1   9  11:22am  NW  1017   68
24   59.5  74.8   5:09pm  47.9   7:22am    7    2  0.00   1   7  10:56am WNW  1016   71
25   61.2  77.2   5:05pm  47.0   7:46am    7    3  0.00   1  12   3:07pm WNW  1015   66
26   68.8  84.9   4:55pm  53.3   7:58am    3    7  0.00   1  12   3:51pm  NW  1013   64
27   68.3  86.1   4:39pm  53.3   8:10am    3    7  0.00   0   7   2:03pm SSW  1016   75
28   67.5  80.0   2:21pm  56.0   7:57am    2    5  0.00   2  15   2:13pm SSW  1018   75
29   63.6  74.6   4:00pm  55.0  11:58pm    3    2  0.01   1  14   2:38pm  NW  1016   84
30   56.2  69.5   4:14pm  45.2   7:23am    9    1  0.00   1   9  11:42am  NW  1015   68
31   53.0  66.4   3:19pm  42.2   7:50am   12    0  0.00   2  25  11:01pm  NW  1012   72
---------------------------------------------------------------------------------------
TOT  65.2  87.6  10/1/14  41.8  10/5/14  126  131  3.26   2  25 10/31/14 SSW  1015   73

HEAT BASE: 65.0
COOL BASE: 65.0