NOAA-Style Climate Reports


Report for 2014 September
                  MONTHLY CLIMATOLOGICAL SUMMARY FOR 9/2014
                                        HEAT  COOL        
     MEAN                               DEG   DEG       WIND SPEED       DOM MEAN  MEAN
DAY  TEMP  HIGH   TIME     LOW   TIME   DAYS  DAYS RAIN AVG  HI  TIME    DIR BAROM HUM
---------------------------------------------------------------------------------------
1    80.5  94.1   3:25pm  72.7   7:19am    0   15  0.00   1  14   4:53pm SSW  1017   78
2    81.7  94.4   3:53pm  72.4   5:47am    0   17  0.00   2  15   5:23pm SSW  1015   73
3    81.3  94.4   4:16pm  72.8   7:10am    0   16  0.02   2  17   8:32pm SSW  1015   73
4    76.6  85.1   1:05pm  72.8   6:30am    0   12  0.65   1  15   1:42pm  NE  1018   88
5    80.8  92.2   6:04pm  72.0   7:24am    0   16  0.00   1   9   2:44pm   E  1018   76
6    81.1  92.4   2:46pm  72.2   6:58am    0   16  0.00   1  10   7:53pm ENE  1014   76
7    78.5  88.9  12:39pm  71.9   6:25am    0   13  0.06   1  10  12:25pm  NW  1013   84
8    75.0  80.0   4:47pm  71.7  11:58pm    0   10  0.01   2  11  12:09pm ENE  1016   88
9    74.6  82.5   6:06pm  68.1   6:07am    0   10  0.00   1   9  12:08am ENE  1017   80
10   77.4  87.5   3:20pm  70.7   1:09am    0   12  0.00   1   9  12:06pm   E  1016   78
11   80.1  91.0   3:48pm  70.2   7:12am    0   15  0.00   1  13   3:24pm SSW  1015   77
12   81.1  92.5   4:24pm  73.9   7:15am    0   16  0.33   2  10   3:39am  NW  1014   79
13   76.9  88.3   1:21pm  72.1   7:12am    0   12  0.90   1  13   1:49pm  NW  1016   89
14   69.5  74.7  12:40am  66.8   9:18am    0    4  0.01   2  14  11:36am ENE  1020   92
15   70.6  76.1   4:47pm  66.1   4:46am    0    6  0.00   1   8   7:03am  NE  1020   90
16   77.9  87.5   4:25pm  70.7   7:03am    0   13  0.04   1  11   4:38pm  NW  1015   80
17   76.7  87.0   4:53pm  69.1   6:13am    0   12  0.00   1  11   5:22pm  NW  1011   74
18   74.3  83.8   5:11pm  69.2   4:50am    0    9  0.00   1   9  12:46pm ENE  1013   78
19   73.2  82.9   2:32pm  66.7   6:32am    0    8  0.00   2  16   3:56pm ENE  1016   81
20   73.4  83.8   4:03pm  66.2   6:06am    0    8  0.00   3  15   2:55pm ENE  1017   71
21   74.9  87.8   4:47pm  61.6   6:41am    0   10  0.00   2  18   1:16pm  NW  1013   69
22   72.8  78.7   3:58pm  64.5  11:59pm    0    8  0.00   2  13   1:02am   E  1014   74
23   65.6  73.8   3:23pm  58.9  11:58pm    2    2  0.00   3  18  12:38pm  NE  1021   76
24   64.2  72.7   4:09pm  56.3   4:31am    3    2  0.00   3  17   9:55am ENE  1023   71
25   67.5  72.9   5:17pm  62.4   3:00am    1    3  0.02   2  11  10:23am   N  1021   85
26   68.3  71.7   3:12pm  65.6   5:10am    0    3  0.00   2  16  11:11am ENE  1020   85
27   71.3  78.7   3:44pm  65.9   6:15am    0    6  0.00   2  14   3:38am ENE  1019   76
28   70.7  75.5   1:55pm  67.2   7:38am    0    6  0.04   2  10   6:57am  NE  1018   80
29   67.6  69.1   4:02pm  66.1  11:57pm    0    3  0.17   1  10   1:38pm  NE  1014   94
30   70.5  82.6   5:31pm  63.3   7:32am    0    6  0.00   1   7   3:14pm  NW  1012   83
---------------------------------------------------------------------------------------
TOT  74.5  94.4   9/2/14  56.3  9/24/14    6  290  2.25   2  18  9/21/14 ENE  1016   80

HEAT BASE: 65.0
COOL BASE: 65.0