NOAA-Style Climate Reports


Report for 2014 August
                  MONTHLY CLIMATOLOGICAL SUMMARY FOR 8/2014
                                        HEAT  COOL        
     MEAN                               DEG   DEG       WIND SPEED       DOM MEAN  MEAN
DAY  TEMP  HIGH   TIME     LOW   TIME   DAYS  DAYS RAIN AVG  HI  TIME    DIR BAROM HUM
---------------------------------------------------------------------------------------
1    71.5  79.3   5:04pm  67.5   1:35am    0    6  0.05   2  14  12:30pm ENE  1016   85
2    73.1  81.5   3:47pm  67.9   1:35am    0    8  0.00   2  11   4:01am ENE  1017   81
3    77.1  88.3   5:39pm  66.8   5:37am    0   12  0.00   1  11  11:45am ENE  1016   76
4    78.9  90.1   4:07pm  68.9   6:31am    0   14  0.00   1  11  11:44am ENE  1015   73
5    80.2  91.1   5:33pm  69.5   7:01am    0   15  0.00   2  11   2:49pm  NW  1015   65
6    81.0  93.9   5:07pm  67.4   7:07am    0   16  0.00   2  16   2:06pm WNW  1014   58
7    83.6  95.1   4:05pm  72.5   6:03am    0   19  0.02   2  15  10:27pm  NW  1013   63
8    75.9  84.3   2:54pm  70.8   5:47pm    0   11  0.57   2  21   4:44pm ENE  1015   84
9    77.3  88.9   5:29pm  70.5   6:26am    0   12  0.01   1  13  10:37pm SSW  1015   85
10   75.0  80.2   4:22pm  72.1   9:48am    0   10  0.00   2  10   9:56pm ENE  1015   88
11   78.0  89.3   5:12pm  71.1   6:46am    0   13  0.00   1   7   4:43am SSW  1014   83
12   81.1  90.8   6:07pm  73.6   6:59am    0   16  0.01   2  14   4:08pm SSW  1010   78
13   79.2  88.6   4:08pm  71.1   6:55am    0   14  0.00   2  17   1:16pm  NW  1011   57
14   76.5  88.7   5:32pm  64.3   6:44am    0   12  0.00   1  11  11:38am NNW  1014   63
15   78.2  91.3   4:55pm  64.5   7:11am    0   13  0.00   1  11   3:40pm  NW  1014   62
16   79.1  91.3   5:03pm  66.9   7:09am    0   14  0.00   1  11  12:54pm  NW  1014   63
17   78.3  93.4   3:34pm  67.8   6:58am    0   13  0.12   1  19   6:19pm SSW  1014   73
18   78.8  90.8   4:18pm  71.3   4:46am    0   14  0.92   2  30   8:32pm SSW  1011   81
19   77.3  87.7   6:19pm  70.2   3:10am    0   12  0.10   3  15  11:41am SSW  1010   82
20   79.8  93.5   2:38pm  71.3   5:58am    0   15  0.00   2  15   4:54pm  NW  1014   75
21   81.0  95.1   4:02pm  69.6   7:01am    0   16  0.00   2  13   2:58pm  NW  1017   70
22   84.7  94.9   3:45pm  73.5   6:43am    0   20  0.00   2  14  10:45am  NW  1015   68
23   83.1  95.7   2:54pm  75.0   6:32am    0   18  0.17   2  20   5:12pm  NW  1012   73
24   79.8  89.0   2:44pm  73.9   5:29am    0   15  0.00   2  18   3:19pm ENE  1012   79
25   76.3  85.0   5:29pm  67.9   7:23am    0   11  0.00   3  19   1:41pm ENE  1016   64
26   76.5  88.2   3:55pm  65.4   7:19am    0   12  0.00   2  12   7:02pm ENE  1017   60
27   77.2  91.1   6:27pm  64.5   6:03am    0   12  0.00   1  11   1:27pm  NW  1016   61
28   79.6  96.4   3:51pm  63.6   6:59am    0   15  0.00   1  10   4:01pm SSW  1014   59
29   81.8  97.1   5:02pm  66.5   7:24am    0   17  0.00   1  12   4:30pm SSW  1015   54
30   81.7  92.8   5:01pm  69.8   7:12am    0   17  0.02   1  11   4:31pm   E  1018   66
31   80.5  92.9   5:44pm  72.6   8:55am    0   16  0.77   1  15  12:58am  NW  1018   79
---------------------------------------------------------------------------------------
TOT  78.8  97.1  8/29/14  63.6  8/28/14    0  427  2.76   2  30  8/18/14  NW  1014   71

HEAT BASE: 65.0
COOL BASE: 65.0