NOAA-Style Climate Reports


Report for 2014 July
                  MONTHLY CLIMATOLOGICAL SUMMARY FOR 7/2014
                                        HEAT  COOL        
     MEAN                               DEG   DEG       WIND SPEED       DOM MEAN  MEAN
DAY  TEMP  HIGH   TIME     LOW   TIME   DAYS  DAYS RAIN AVG  HI  TIME    DIR BAROM HUM
---------------------------------------------------------------------------------------
1    82.8  93.6   3:33pm  71.7   5:50am    0   18  0.00   1  12   4:35pm SSW  1012   72
2    85.7  96.5   5:33pm  73.6   6:24am    0   21  0.00   1  12   2:59pm  NW  1012   65
3    83.0  92.8   3:20pm  74.2  11:57pm    0   18  0.00   3  20   4:53pm  NW  1012   63
4    77.9  89.3   5:45pm  66.6   6:35am    0   13  0.00   2  13  12:19pm  NW  1016   60
5    78.3  88.7   5:03pm  68.4   6:57am    0   13  0.00   3  16   9:05am ENE  1020   50
6    77.3  88.1   5:11pm  66.5   6:22am    0   12  0.00   1   9  11:45am   E  1018   69
7    79.8  90.7   6:37pm  69.8   6:42am    0   15  0.00   1  15   9:59pm  NW  1015   75
8    80.5  91.7   5:14pm  68.5   5:48am    0   16  0.01   2  20   2:37pm SSW  1014   69
9    81.0  91.1   2:12pm  75.3   6:56am    0   16  0.05   2  22   2:35pm SSW  1014   69
10   78.0  88.0   2:47pm  71.3   5:39am    0   13  0.11   2  13  12:24am SSW  1015   80
11   80.4  92.5   4:30pm  72.0   6:42am    0   15  0.01   1   9   2:19pm ENE  1018   77
12   81.9  94.1   4:53pm  71.7   4:19am    0   17  0.00   1  10   5:58pm   E  1019   71
13   82.3  93.7   5:25pm  70.8   6:48am    0   17  0.00   1   9   2:05pm SSW  1017   68
14   84.3  93.6   4:07pm  73.9   6:09am    0   19  0.00   2  21   3:36pm SSW  1014   63
15   81.8  90.4   4:39pm  74.7   6:49am    0   17  0.00   3  18   4:46pm SSW  1009   69
16   78.8  88.8   5:34pm  68.8   6:52am    0   14  0.00   2  13   5:47pm  NW  1009   59
17   76.7  88.5   5:21pm  65.4   5:31am    0   11  0.00   2  11  10:58am  NW  1013   58
18   75.1  82.0   1:25pm  70.3   6:00am    0   10  0.09   1  10  11:39am NNW  1017   82
19   71.0  76.9   3:23pm  67.3   7:36am    0    6  1.26   2  13  11:14pm   E  1016   96
20   71.0  77.8   6:54pm  65.8   6:53am    0    6  0.25   1  12   1:15am ENE  1016   94
21   77.5  85.7   3:38pm  72.4   6:13am    0   13  1.04   1  22   8:27pm ENE  1016   86
22   77.2  87.2   5:45pm  72.0   6:37am    0   12  0.01   1  10   6:20pm ENE  1017   86
23   80.9  89.8   5:13pm  72.8   6:57am    0   16  0.01   2  14   3:50pm SSW  1015   77
24   79.6  88.5   2:23pm  73.2   6:38am    0   15  0.00   2  17   3:13pm SSW  1012   79
25   80.7  90.2   6:01pm  71.9   6:32am    0   16  0.00   1   9   9:18am  NW  1013   74
26   82.0  92.8   5:42pm  70.1   7:00am    0   17  0.00   2  12   4:21pm SSW  1014   66
27   83.4  94.1   4:56pm  72.6   6:19am    0   18  0.00   3  17   3:20pm SSW  1012   68
28   83.9  90.5   2:05pm  75.8  11:59pm    0   19  0.00   4  22   2:36pm  NW  1010   62
29   76.8  86.2   4:57pm  67.1   6:50am    0   12  0.00   3  14   5:23pm  NW  1012   58
30   74.5  86.6   4:22pm  61.6   6:47am    0   10  0.00   2  13   9:47am  NW  1015   61
31   73.2  78.9  12:33pm  68.2  11:30pm    0    8  0.00   3  15   2:06pm ENE  1016   79
---------------------------------------------------------------------------------------
TOT  79.3  96.5   7/2/14  61.6  7/30/14    0  442  2.84   2  22  7/21/14 SSW  1015   71

HEAT BASE: 65.0
COOL BASE: 65.0