NOAA-Style Climate Reports


Report for 2014 June
                  MONTHLY CLIMATOLOGICAL SUMMARY FOR 6/2014
                                        HEAT  COOL        
     MEAN                               DEG   DEG       WIND SPEED       DOM MEAN  MEAN
DAY  TEMP  HIGH   TIME     LOW   TIME   DAYS  DAYS RAIN AVG  HI  TIME    DIR BAROM HUM
---------------------------------------------------------------------------------------
1    74.8  80.9   2:26pm  69.8  11:57pm    0   10  0.00   3  15  12:18pm   E  1021   73
2    71.8  81.1   4:08pm  62.3   6:20am    0    7  0.00   1  13   1:12pm   E  1021   62
3    75.2  86.9   5:05pm  63.7   5:00am    0   10  0.00   2  12   1:00pm SSW  1017   70
4    80.0  89.5   3:52pm  69.9   5:52am    0   15  0.00   2  15  11:45am SSW  1012   71
5    80.2  88.5   4:05pm  69.7  10:03pm    0   15  0.35   3  25   9:04pm  SW  1009   69
6    77.0  88.6   3:30pm  68.3   6:45am    0   12  0.01   2  15   1:52pm SSW  1011   79
7    79.4  90.8   5:54pm  70.0   5:16am    0   14  0.00   1   9   6:19am   E  1011   76
8    79.2  87.5   4:14pm  70.3   6:49am    0   14  0.00   3  17   3:47pm  NW  1011   71
9    80.7  90.7   5:59pm  69.5   6:41am    0   16  0.00   2  14   3:40pm SSW  1010   69
10   78.2  90.8   5:18pm  67.4   6:32am    0   13  0.13   2  23   7:32pm  SW  1012   74
11   75.6  86.9   5:28pm  67.9   6:31am    0   10  0.61   2  18   4:07pm SSW  1010   77
12   73.5  83.3   5:12pm  67.3   4:20am    0    8  0.57   2  13   2:05pm SSW  1010   82
13   74.8  84.3   1:41pm  67.3   5:15am    0   10  0.01   2  13  12:22pm SSW  1011   79
14   77.1  89.7   4:14pm  66.3   6:40am    0   12  0.00   1   8  12:58pm  SW  1014   73
15   81.0  91.8   5:11pm  69.0   6:29am    0   16  0.00   1  10  12:45pm SSW  1016   69
16   82.3  93.5   4:28pm  72.4   6:31am    0   17  0.00   1   9   1:54pm SSW  1019   68
17   81.8  94.0   5:30pm  71.7   6:32am    0   17  0.00   1  12   4:32pm SSW  1019   71
18   82.8  93.7   2:46pm  72.1   6:35am    0   18  0.00   1  10   1:57pm SSW  1018   68
19   82.5  95.5   4:14pm  71.7   6:24am    0   18  0.00   2  18   7:29pm  NW  1017   65
20   83.2  95.8   3:35pm  69.6   5:55am    0   18  0.00   2  11   5:28pm  NW  1014   61
21   82.6  93.8   4:50pm  74.6   6:17am    0   18  0.00   4  20   5:32pm  NW  1011   64
22   82.3  94.7   5:41pm  71.4   6:13am    0   17  0.00   2  12   3:07pm  NW  1010   61
23   78.9  92.8   4:14pm  69.6  10:01pm    0   14  0.72   2  17   6:04pm ENE  1013   73
24   74.8  85.1   3:05pm  69.7   3:26am    0   10  0.12   1  10   6:47pm SSW  1016   88
25   79.7  90.6   5:54pm  71.4   6:42am    0   15  0.00   3  16  10:46am SSW  1015   73
26   79.3  88.7   2:44pm  71.5   6:33am    0   14  0.00   2  18   4:50pm  SW  1014   71
27   79.1  91.1   4:27pm  70.8   6:48am    0   14  0.00   2  15   4:57pm SSW  1015   77
28   79.3  88.9   1:41pm  73.1   6:34am    0   14  0.19   1  15   5:27pm ENE  1019   79
29   78.5  91.2   3:35pm  71.4   6:27am    0   13  0.01   2  21   5:56pm  NE  1019   80
30   76.0  84.3   4:13pm  69.2   5:32am    0   11  0.00   1  10  11:01am SSW  1016   87
---------------------------------------------------------------------------------------
TOT  78.7  95.8  6/20/14  62.3   6/2/14    0  412  2.72   2  25   6/5/14 SSW  1014   73

HEAT BASE: 65.0
COOL BASE: 65.0