NOAA-Style Climate Reports


Report for 2014 May
                  MONTHLY CLIMATOLOGICAL SUMMARY FOR 5/2014
                                        HEAT  COOL        
     MEAN                               DEG   DEG       WIND SPEED       DOM MEAN  MEAN
DAY  TEMP  HIGH   TIME     LOW   TIME   DAYS  DAYS RAIN AVG  HI  TIME    DIR BAROM HUM
---------------------------------------------------------------------------------------
1    64.9  69.3   5:44pm  58.8  11:58pm    1    1  0.00   3  15   1:39pm WNW  1012   63
2    63.0  74.2   4:20pm  53.6   7:04am    4    2  0.00   2  16   3:53pm  NW  1012   50
3    66.1  77.5   5:14pm  53.1   6:59am    3    4  0.00   3  16   9:50am  NW  1013   46
4    72.4  86.8   5:37pm  55.9   5:53am    2    9  0.00   2  20  12:44pm  NW  1015   45
5    76.9  90.8   5:17pm  61.1   7:03am    0   12  0.00   3  17  11:17am SSW  1013   45
6    77.3  89.2   3:37pm  63.4   7:02am    0   12  0.00   2  15   1:51pm SSW  1012   48
7    75.8  89.2   4:42pm  58.9   6:57am    1   11  0.00   2  16   1:50pm SSW  1016   50
8    76.1  89.9   4:00pm  60.1   6:53am    1   12  0.00   2  21   2:25pm SSW  1019   57
9    73.4  82.3   1:14pm  66.2   6:33am    0    8  0.00   3  16   1:28pm SSW  1018   70
10   71.8  80.0  11:44am  64.8   6:02am    0    7  0.12   2  14  12:11pm SSW  1017   79
11   74.3  86.6   3:59pm  63.4   7:00am    0    9  0.00   1  11   4:47pm SSW  1018   76
12   77.3  89.0   6:08pm  65.3   5:55am    0   12  0.00   1  13   2:29pm SSW  1019   71
13   78.1  90.4   4:54pm  67.2   6:48am    0   13  0.00   2  13   2:19pm SSW  1018   66
14   74.0  84.6   2:24pm  65.7   6:41am    0    9  0.73   2  19   7:55pm   E  1016   75
15   66.0  70.2   1:34am  55.7  11:53pm    1    2  0.67   4  21   6:30pm SSW  1012   85
16   60.6  71.6   5:07pm  49.9   6:54am    6    1  0.00   4  22   6:28pm WNW  1016   55
17   58.7  69.5  11:59am  46.4   6:34am    7    0  0.00   1  18   2:07pm  NW  1021   64
18   58.3  62.7   5:41pm  55.2   8:18am    7    0  0.41   1  18   3:02am ENE  1022   89
19   61.2  74.5   4:50pm  52.9   2:40am    6    2  0.00   1  10  12:27pm NNW  1023   82
20   67.7  81.3   4:22pm  52.9   6:27am    4    6  0.00   2  14   2:56pm SSW  1022   77
21   75.6  87.5   5:43pm  62.0   6:32am    0   11  0.00   3  21   6:41pm SSW  1018   63
22   77.7  88.7   4:48pm  66.0   6:33am    0   13  0.00   3  22   4:04pm  NW  1016   59
23   80.6  90.6   3:35pm  68.6   6:08am    0   16  0.00   2  18   3:01pm  NW  1015   62
24   77.6  86.9   4:19pm  67.6   6:34am    0   13  0.00   2  11   9:59am  SW  1016   64
25   74.5  88.0   4:59pm  64.9  11:43pm    0    9  0.13   1  32   6:36pm  NW  1017   74
26   72.8  87.0   5:24pm  62.3   6:32am    1    8  0.00   2  13   5:43pm SSW  1020   78
27   76.3  86.4   3:44pm  67.0   4:54am    0   11  0.00   2  16   5:33pm SSW  1018   75
28   78.7  89.0   6:03pm  68.6   4:50am    0   14  0.00   2  13   4:06pm SSW  1015   69
29   75.8  87.0  12:42pm  68.1   6:44am    0   11  0.18   1  16   1:15pm SSW  1015   78
30   73.8  87.7   5:20pm  67.6   6:40pm    0    9  1.42   1  20   6:08pm  NW  1016   84
31   75.4  86.1   4:16pm  66.6   6:51am    0   10  0.02   2  17   5:31pm   E  1017   82
---------------------------------------------------------------------------------------
TOT  72.0  90.8   5/5/14  46.4  5/17/14   42  260  3.68   2  32  5/25/14 SSW  1017   67

HEAT BASE: 65.0
COOL BASE: 65.0