NOAA-Style Climate Reports


Report for 2014 April
                  MONTHLY CLIMATOLOGICAL SUMMARY FOR 4/2014
                                        HEAT  COOL        
     MEAN                               DEG   DEG       WIND SPEED       DOM MEAN  MEAN
DAY  TEMP  HIGH   TIME     LOW   TIME   DAYS  DAYS RAIN AVG  HI  TIME    DIR BAROM HUM
---------------------------------------------------------------------------------------
1    67.4  84.4   4:55pm  48.7   5:49am    5    7  0.00   2  19  12:01pm SSW  1018   37
2    69.6  84.8   3:05pm  51.2   7:25am    3    8  0.00   2  15   1:34pm SSW  1017   35
3    72.6  84.3   5:34pm  62.4   7:51am    0    8  0.00   3  17   7:07pm SSW  1015   52
4    70.4  82.7   2:23pm  59.9   6:04am    1    6  0.00   3  21  10:12am SSW  1011   60
5    63.3  73.3   4:57pm  55.5   7:39am    3    1  0.00   3  17   2:20pm WNW  1014   54
6    56.7  61.7   3:14pm  54.1   6:46am    8    0  0.03   2  16   7:36am ENE  1016   57
7    55.4  65.2  10:34pm  49.4   9:39am   10    0  1.87   3  26  11:20pm   E  1009   95
8    57.1  66.5   4:10pm  49.0   7:46am    8    0  0.00   3  19   5:29pm WNW  1005   65
9    59.3  70.5   4:39pm  50.3   2:43am    7    1  0.00   3  19   3:38pm  NW  1014   51
10   61.0  76.4   5:54pm  43.1   7:00am    7    3  0.00   1  14   1:01pm SSW  1022   50
11   64.8  76.2   6:20pm  51.5   7:38am    3    3  0.00   2  20   1:06pm SSW  1021   50
12   67.8  82.7   4:46pm  52.3   7:33am    4    6  0.00   1  11   3:52pm SSW  1020   58
13   70.2  81.7   3:23pm  58.9   5:52am    1    7  0.00   2  17   2:27pm SSW  1018   61
14   66.8  72.8   2:03pm  63.0   6:48am    0    2  0.52   1  11   2:01am SSW  1012   83
15   57.8  65.9  12:00am  41.6  11:57pm    7    0  0.32   5  31   6:27pm  NW  1008   80
16   48.0  61.8   4:42pm  35.0   7:09am   17    0  0.06   3  19   9:11am ENE  1024   53
17   54.0  67.2   5:31pm  40.2   7:19am   11    0  0.00   3  19  10:57am ENE  1028   52
18   53.7  59.3  12:00am  49.5   9:57pm   11    0  0.71   3  14  10:33am ENE  1024   71
19   54.3  58.1   2:50pm  50.5  12:00am   11    0  0.24   3  27   9:23pm   N  1019   90
20   62.0  74.3   5:50pm  51.3   7:22am    5    2  0.00   3  19  10:23am  NE  1021   54
21   63.2  79.9   5:41pm  46.6   6:32am    6    4  0.00   1  10  10:12am  NW  1018   55
22   64.4  75.1  11:50am  54.0   6:47am    3    2  0.04   2  15  11:07am SSW  1010   78
23   69.1  82.7   5:54pm  58.9   7:16am    2    6  0.00   2  18   1:00pm  NW  1010   56
24   66.8  81.1   4:49pm  54.4   7:07am    3    5  0.00   2  13   9:29am   E  1014   43
25   70.1  81.4   4:57pm  61.0   7:17am    1    6  0.00   3  24   2:59pm SSW  1010   64
26   68.8  82.9   5:07pm  53.1   7:15am    2    6  0.00   2  12   1:19pm  NW  1014   55
27   70.6  86.3   3:58pm  55.0   6:54am    2    8  0.00   1  16   7:29pm SSW  1013   66
28   72.6  82.1   4:07pm  63.4   6:57am    0    8  0.00   2  17  11:54am SSW  1010   77
29   72.6  78.3   4:07pm  67.4   7:45am    0    8  0.21   3  22   7:01am SSW  1008   76
30   71.2  75.0   6:28am  66.7   3:14am    0    6  0.01   4  33   6:09am SSW  1010   74
---------------------------------------------------------------------------------------
TOT  64.1  86.3  4/27/14  35.0  4/16/14  142  114  4.01   2  33  4/30/14 SSW  1015   62

HEAT BASE: 65.0
COOL BASE: 65.0