NOAA-Style Climate Reports


Report for 2014 March
                  MONTHLY CLIMATOLOGICAL SUMMARY FOR 3/2014
                                        HEAT  COOL        
     MEAN                               DEG   DEG       WIND SPEED       DOM MEAN  MEAN
DAY  TEMP  HIGH   TIME     LOW   TIME   DAYS  DAYS RAIN AVG  HI  TIME    DIR BAROM HUM
---------------------------------------------------------------------------------------
1    51.4  63.7   4:18pm  42.2   7:20am   14    0  0.00   2  12   6:35am ENE  1024   49
2    60.8  74.8   4:13pm  46.3   6:13am    6    2  0.00   2  16   2:56pm   S  1019   53
3    54.4  63.1   1:15pm  39.5  11:56pm   11    0  0.12   4  21  11:03pm   S  1012   74
4    38.4  42.5   3:31pm  34.9   9:15am   27    0  0.02   3  19   6:58am ENE  1022   52
5    44.1  59.8   4:26pm  34.5   1:43am   21    0  0.05   2   9  12:48pm ENE  1021   67
6    39.3  45.2  12:00am  35.8   5:12pm   26    0  0.74   4  23   8:34am ENE  1019   71
7    47.4  59.1   4:43pm  37.8  12:00am   18    0  0.21   2  18  11:43am NNW  1015   81
8    55.4  71.2   3:21pm  40.0   6:28am   11    1  0.00   2  19   3:35pm  SW  1018   63
9    61.5  73.3   4:35pm  50.5   8:07am    5    2  0.00   3  20   6:21pm WNW  1018   51
10   61.8  74.4   5:10pm  49.9   8:13am    5    2  0.00   3  21  12:53pm WNW  1015   49
11   66.0  80.1   4:06pm  50.5   7:10am    4    5  0.00   3  16   6:36pm SSW  1009   52
12   61.0  74.0   3:33pm  44.3  11:58pm    5    1  0.31   6  37   5:25pm   S  1002   72
13   45.0  56.0   6:14pm  36.5   7:50am   20    0  0.00   6  30  12:45am  NW  1018   35
14   49.6  65.8   5:53pm  32.3   7:23am   15    0  0.00   2  15   5:41pm   S  1023   43
15   61.2  72.8   4:10pm  51.3   7:17am    5    2  0.00   2  15   1:27am SSW  1017   44
16   56.1  60.2  12:00am  52.6  11:31pm    9    0  0.92   1  15   1:00pm ENE  1009   88
17   42.7  52.6  12:00am  37.5  11:57pm   22    0  0.45   4  18  12:00pm ENE  1008   95
18   42.9  53.9   6:40pm  35.7   4:49am   22    0  0.04   2  15   4:10am ENE  1015   86
19   49.2  58.9   4:07pm  43.3   4:39am   16    0  0.00   2  16   4:42pm SSW  1019   86
20   57.6  69.5   5:58pm  46.9   3:18am    8    1  0.00   3  19   4:52pm WNW  1017   57
21   55.4  70.2   4:56pm  37.6   7:49am   11    1  0.00   1  11  10:55am  NW  1018   44
22   61.7  77.8   4:36pm  45.7   7:40am    7    3  0.00   1  14   3:58pm  SW  1016   53
23   58.6  69.2   4:25pm  51.9  11:56pm    7    0  0.00   2  20   6:05pm  NW  1014   64
24   50.8  61.3   4:28pm  40.3   8:00am   14    0  0.00   2  17   9:55am  NW  1019   51
25   47.5  53.9  12:51pm  38.0  11:53pm   18    0  0.09   5  37   4:39pm  NW  1014   56
26   43.1  57.0   5:43pm  31.3   7:35am   22    0  0.00   3  21  12:16am  NW  1024   30
27   51.2  67.0   5:12pm  35.1   7:05am   14    0  0.00   2  16   2:38pm   S  1025   43
28   57.6  60.7   2:51pm  53.3   7:53am    7    0  0.25   2  14   3:35pm   S  1019   86
29   60.4  69.7   3:51pm  48.8  11:58pm    5    0  0.14   4  28   7:06pm SSW  1010   85
30   54.8  69.2   5:53pm  43.9   7:33am   11    0  0.00   6  26   2:53am  NW  1015   46
31   61.8  80.5   4:59pm  42.2   7:33am    7    4  0.00   2  10   1:27pm  NW  1018   35
---------------------------------------------------------------------------------------
TOT  53.2  80.5  3/31/14  31.3  3/26/14  392   26  3.34   3  37  3/25/14  NW  1017   60

HEAT BASE: 65.0
COOL BASE: 65.0