NOAA-Style Climate Reports


Report for 2014 February
                  MONTHLY CLIMATOLOGICAL SUMMARY FOR 2/2014
                                        HEAT  COOL        
     MEAN                               DEG   DEG       WIND SPEED       DOM MEAN  MEAN
DAY  TEMP  HIGH   TIME     LOW   TIME   DAYS  DAYS RAIN AVG  HI  TIME    DIR BAROM HUM
---------------------------------------------------------------------------------------
1    64.2  66.4  11:33pm  62.6   7:10am    1    0  0.00   0   0  12:00am   N  1020   24
2    64.4  68.3   4:50pm  60.1  12:41pm    1    1  0.00   0   9   1:30pm ESE  1017   56
3    61.7  67.9   9:29pm  43.6  11:59pm    3    0  0.22   2  22   5:42am SSW  1015   77
4    44.1  47.4   6:30am  41.4  11:42pm   21    0  0.05   2  15   9:21am ENE  1021   89
5    44.2  54.6  12:07pm  37.0  11:57pm   21    0  0.46   4  24  12:11pm  NW  1016   81
6    39.0  46.5   1:42pm  31.7   5:54am   26    0  0.00   2  15   1:37am  NW  1024   66
7    43.1  55.2   4:10pm  31.4   7:34am   22    0  0.00   1  11   3:41pm  NW  1025   62
8    48.6  61.3   3:36pm  40.1   6:45am   16    0  0.00   1  15   3:16pm  NW  1021   55
9    50.2  61.3   3:56pm  40.6   3:55am   15    0  0.00   2  20  11:52am  NW  1019   65
10   64.8  70.9   5:11pm  41.5   3:12am    4    3  0.00   0   3   3:21am  NW  1018   42
11   68.0  69.7  12:18pm  66.5  11:40pm    0    3  0.00   0   5  10:58am   W  1022   31
12   64.6  66.5  12:00am  62.9  11:33pm    1    0  0.00   0   0  12:00am   N  1018   26
13   63.9  65.2   3:48pm  62.8   1:05am    1    0  0.00   0   0  12:00am   N  1006   30
14   58.4  65.6  11:34am  46.3  11:58pm    6    0  0.11   2  15  11:33am SSW  1009   42
15   66.0  70.0   2:41pm  43.7   2:16am    2    3  0.11   0   9  12:00am WNW  1012   32
16   68.0  69.2   3:53pm  67.3   7:53am    0    2  0.00   0   0  12:01am   N  1018   22
17   69.2  71.0   4:00pm  67.5   7:42am    0    4  0.00   0   0  12:00am   N  1020   26
18   67.2  71.5   4:00pm  57.9  11:00am    1    3  0.01   1  16   9:30pm SSW  1019   46
19   63.9  70.1  12:30pm  59.3   7:30am    2    1  0.00   3  19  11:00am SSW  1016   80
20   63.8  76.3   4:30pm  57.5   8:00am    3    2  0.00   2  23   5:00pm SSW  1016   78
21   59.0  65.3  12:00am  48.7  11:30pm    6    0  1.05   5  25   8:30am WNW  1013   57
22   58.4  67.6   4:30pm  36.8   6:30am    8    2  0.04   0   6  12:00am   N  1019   39
23   66.9  68.1   6:30pm  65.8   9:00am    0    2  0.00   0   0  12:00am   N  1016   32
24   65.6  71.5   4:41pm  52.2  11:58pm    1    2  0.00   1  13   5:41pm WNW  1016   36
25   53.2  64.8   3:59pm  41.9   6:26am   12    0  0.02   2  17   2:24pm  NW  1015   56
26   45.8  52.2  12:00am  36.6  11:59pm   19    0  0.05   2  14  10:57pm  NW  1011   60
27   40.6  53.8   4:22pm  29.6   7:20am   24    0  0.00   4  19  12:11pm WNW  1013   32
28   44.1  55.9   3:48pm  30.5   5:56am   21    0  0.00   3  18   8:46am ENE  1020   34
---------------------------------------------------------------------------------------
TOT  57.3  76.3  2/20/14  29.6  2/27/14  239   29  2.12   1  25  2/21/14  NW  1017   50

HEAT BASE: 65.0
COOL BASE: 65.0