NOAA-Style Climate Reports


Report for 2014 January
                  MONTHLY CLIMATOLOGICAL SUMMARY FOR 1/2014
                                        HEAT  COOL        
     MEAN                               DEG   DEG       WIND SPEED       DOM MEAN  MEAN
DAY  TEMP  HIGH   TIME     LOW   TIME   DAYS  DAYS RAIN AVG  HI  TIME    DIR BAROM HUM
---------------------------------------------------------------------------------------
1    42.6  49.0   3:52pm  35.1   8:24am   22    0  0.00   0   5   2:53pm NNW  1026   74
2    44.2  50.9   4:54pm  28.6  11:57pm   21    0  0.25   3  30  11:32pm WNW  1013   86
3    30.0  39.5   3:25pm  22.9   8:02am   35    0  0.00   3  32  12:18am  NW  1026   53
4    32.6  37.3   4:01pm  26.0   5:50am   32    0  0.00   2  10  10:59am ENE  1029   61
5    39.1  45.0  11:58pm  35.1   3:10am   26    0  0.04   0   7   2:13am ENE  1017   91
6    30.1  48.4   1:34am  14.0  11:59pm   35    0  0.03   6  31  12:56pm  NW  1018   66
7    18.8  29.7   3:23pm   9.4   7:18am   46    0  0.00   2  20  12:00am  NW  1032   49
8    30.5  47.9   3:43pm  17.5   8:00am   35    0  0.00   0   7  12:41pm  NW  1033   47
9    40.6  49.3   3:01pm  28.6   1:25am   24    0  0.00   0  10   3:51pm ENE  1031   49
10   44.6  48.7   4:19pm  39.8   2:41am   20    0  0.45   1   9   1:00am ENE  1023   92
11   54.6  62.1   9:15am  46.6   1:12am   10    0  1.54   2  19   9:02am SSW  1010   88
12   49.4  60.4   3:35pm  40.2  11:56pm   16    0  0.00   2  14   1:59am WNW  1019   67
13   46.5  58.6   3:27pm  34.4   6:25am   19    0  0.19   1  13  12:56pm SSW  1018   79
14   51.5  60.6   2:57pm  41.5  11:59pm   13    0  0.10   2  17  11:57am WNW  1012   73
15   42.2  50.7  12:33pm  34.7   5:58am   23    0  0.00   2  19  12:51pm WNW  1014   65
16   36.6  46.8   3:27pm  27.6   7:53am   28    0  0.00   3  14   3:29pm WNW  1017   50
17   41.2  55.2   2:09pm  31.7   6:50am   24    0  0.00   4  26   4:14pm SSW  1015   49
18   35.3  43.8   3:43pm  28.0   8:06am   30    0  0.00   3  18  12:17am WNW  1019   44
19   44.5  55.8   3:44pm  33.8   7:37am   21    0  0.00   2  21  12:49pm WNW  1017   48
20   49.2  66.7   3:54pm  33.0   7:43am   16    0  0.00   2  17  12:45pm SSW  1014   47
21   41.1  53.3  10:56am  27.6  11:58pm   24    0  0.00   4  33   1:15pm  NW  1009   59
22   28.7  38.3   4:23pm  20.0   8:04am   36    0  0.00   5  21  12:34am  NW  1018   40
23   31.7  43.3   3:19pm  25.0   7:56am   33    0  0.00   3  20   2:33pm WNW  1026   40
24   24.9  35.5   3:37pm  14.8   8:04am   40    0  0.00   3  19   2:29am NNW  1033   36
25   33.0  48.4   3:48pm  20.2   6:28am   32    0  0.00   3  21   1:39pm  SW  1016   42
26   44.1  57.1   4:41pm  30.9   7:47am   21    0  0.00   2  18   1:43pm  SW  1014   51
27   51.3  61.4   1:12pm  39.8  11:58pm   14    0  0.00   3  19   2:51pm  NW  1013   51
28   33.8  40.2  11:41am  28.3  11:52pm   31    0  0.00   2  14  12:08am NNW  1021   59
29   27.4  33.3   4:39pm  20.9   8:04am   38    0  0.12   1  11   3:49am NNW  1025   74
30   35.8  69.3   7:37pm  16.7   7:32am   30    0  0.00   1   9  12:08pm   E  1026   57
31   59.4  67.6   6:06pm  29.2   9:14am    6    0  0.00   0   9  11:04am SSW  1021   23
---------------------------------------------------------------------------------------
TOT  39.2  69.3  1/30/14   9.4   1/7/14  801    1  2.72   2  33  1/21/14  NW  1020   58

HEAT BASE: 65.0
COOL BASE: 65.0