NOAA-Style Climate Reports


Report for 2013 December
                  MONTHLY CLIMATOLOGICAL SUMMARY FOR 12/2013
                                        HEAT  COOL        
     MEAN                               DEG   DEG       WIND SPEED       DOM MEAN  MEAN
DAY  TEMP  HIGH   TIME     LOW   TIME   DAYS  DAYS RAIN AVG  HI  TIME    DIR BAROM HUM
---------------------------------------------------------------------------------------
1    46.8  56.1   3:13pm  38.9   5:09am   18    0  0.00   1   9  12:49pm  NW  1022   67
2    48.6  56.8  12:47pm  42.7   5:57am   14    0  0.06   1  10   1:04pm WNW  1013   86
3    54.7  57.7   3:35pm  51.0   6:33am    9    0  0.49   0   8   2:46pm   S  1012   93
4    61.1  70.6   3:07pm  55.7   6:47am    3    0  0.15   1  11   1:57pm   S  1015   93
5    66.9  71.3   3:50pm  63.3  12:00am    1    2  0.00   2  16   9:45pm   S  1016   93
6    70.4  75.3   4:18pm  63.6  11:56pm    0    5  0.01   5  22  10:54pm SSW  1015   85
7    55.0  63.6  12:00am  48.2   8:41am   10    0  0.00   2  16  11:23pm WNW  1021   88
8    44.8  50.5  12:00am  40.3  11:54pm   20    0  0.00   2  15  12:36am ENE  1025   93
9    43.2  48.7  11:22pm  39.3   2:39am   22    0  0.00   1  10   2:13am ENE  1020   95
10   48.2  53.5   1:36pm  36.5  11:50pm   17    0  0.00   3  27  11:16am WNW  1020   76
11   42.0  54.6   2:57pm  30.0   7:06am   23    0  0.48   1  10  11:21pm  NW  1028   65
12   42.5  54.4   4:09pm  34.3   7:48am   22    0  0.01   2  11   9:27am WNW  1028   51
13   42.5  57.6   3:39pm  28.5   7:29am   23    0  0.00   0   8   2:53pm WNW  1026   56
14   47.4  53.8  12:13pm  45.2   2:59am   18    0  0.45   1  21  12:47pm ENE  1015   85
15   44.4  50.3   1:19pm  34.6  11:48pm   21    0  0.02   4  22   5:08am WNW  1015   79
16   42.8  58.6   2:44pm  30.9   6:55am   22    0  0.00   2  16   2:15pm WNW  1022   64
17   48.7  62.3   3:21pm  34.0   6:34am   16    0  0.00   3  18   3:49pm  SW  1021   59
18   46.0  56.7   3:40pm  36.5   7:56am   19    0  0.00   3  20  12:48am  NW  1024   44
19   45.5  63.2   3:02pm  31.4   7:11am   19    0  0.00   0   8   1:33pm SSW  1025   58
20   47.5  58.2   3:58pm  37.6   6:36am   18    0  0.00   0   5   4:09am  NW  1022   78
21   61.7  71.3   2:28pm  52.0  12:11am    5    2  0.01   0  12   1:37pm   S  1017   87
22   64.6  70.4  11:05am  59.9  11:50pm    2    2  0.50   2  23  11:42am SSW  1015   92
23   53.4  59.9  12:00am  40.0  11:55pm   12    0  0.15   3  18   5:21pm WNW  1019   89
24   38.9  46.8   2:59pm  32.2  11:59pm   26    0  0.04   5  19   1:28pm  NW  1026   63
25   36.5  45.6   3:19pm  28.9   7:57am   28    0  0.37   1  11   8:36am ENE  1030   56
26   44.2  57.5   3:08pm  34.2   8:03am   21    0  0.07   1  10  12:01pm  NW  1026   54
27   40.7  51.4   3:59pm  32.5   7:55am   24    0  0.00   1   7   9:48am NNW  1029   68
28   39.8  48.3   2:24pm  31.8   7:16am   25    0  0.72   1  15  10:45pm ENE  1026   80
29   46.8  56.7   2:35pm  41.3   1:17am   18    0  0.94   2  15  12:18pm WNW  1013   87
30   47.5  52.9   2:34pm  42.3   7:13am   17    0  0.00   2  14   1:21am WNW  1019   81
31   44.0  50.3   3:15pm  38.5  11:54pm   21    0  0.00   2  13   1:18am WNW  1026   66
---------------------------------------------------------------------------------------
TOT  48.5  75.3  12/6/13  28.5 12/13/13  515   12  4.47   2  27 12/10/13 WNW  1021   75

HEAT BASE: 65.0
COOL BASE: 65.0