NOAA-Style Climate Reports


Report for 2013 November
                  MONTHLY CLIMATOLOGICAL SUMMARY FOR 11/2013
                                        HEAT  COOL        
     MEAN                               DEG   DEG       WIND SPEED       DOM MEAN  MEAN
DAY  TEMP  HIGH   TIME     LOW   TIME   DAYS  DAYS RAIN AVG  HI  TIME    DIR BAROM HUM
---------------------------------------------------------------------------------------
1    65.9  71.6  12:00am  59.2  11:59pm    1    2  0.31   3  17  12:00am SSW  1008   87
2    58.7  69.4   1:49pm  49.4   7:59am    7    1  0.00   2  20   3:14pm WNW  1011   68
3    53.8  65.9   3:21pm  42.9   7:18am   11    0  0.00   1  10   1:18am  NW  1022   65
4    51.9  62.9   3:12pm  43.7   3:01am   13    0  0.00   2  15  12:03pm ENE  1029   64
5    52.2  63.8   3:26pm  43.0   5:55am   13    0  0.00   2  16   9:23am ENE  1030   64
6    60.5  73.3   3:17pm  51.6  12:12am    6    2  0.00   1  10   9:19am ENE  1023   78
7    58.4  71.9   1:40pm  47.5  11:58pm    7    1  0.01   3  21   5:37pm  NW  1018   73
8    49.7  63.1   3:19pm  38.0   7:21am   15    0  0.00   1  11   1:23am WNW  1024   58
9    49.2  61.6   1:44pm  37.0   6:55am   16    0  0.00   1   9  11:24am  NW  1026   63
10   57.8  73.2   3:34pm  46.8   1:25am    8    1  0.00   1  15   1:44pm  NW  1022   56
11   51.7  65.0   3:08pm  42.6   6:31am   13    0  0.00   1  13   9:07am ENE  1023   61
12   49.5  67.3   1:35pm  36.5  11:55pm   16    0  0.00   3  25   6:11pm  NW  1022   63
13   38.3  51.0   2:11pm  27.4   6:23am   27    0  0.00   1   8   4:09pm  NW  1033   50
14   41.2  59.8   3:24pm  27.0   6:33am   24    0  0.00   0   9   2:16pm WNW  1030   56
15   48.0  57.8   1:07pm  36.7  12:21am   17    0  0.01   1   8   5:41pm  NW  1024   70
16   56.9  64.5   3:31pm  50.2  12:00am    8    0  0.03   1   8  11:25am ENE  1022   88
17   62.9  68.2  11:49pm  59.0   5:41am    3    1  0.01   1  11   8:18pm SSW  1017   91
18   66.3  75.5  12:54pm  52.4  11:59pm    2    3  0.00   3  19   2:04pm  NW  1013   63
19   51.1  61.5   2:14pm  39.7   7:19am   14    0  0.00   1  15  10:18am ENE  1019   54
20   48.6  55.5   3:13pm  41.2   5:57am   16    0  0.00   3  16  10:11am ENE  1026   54
21   51.3  55.4   2:26pm  47.8   7:23am   14    0  0.00   2  15   2:23am ENE  1028   73
22   57.8  64.6   2:24pm  50.9  12:55am    7    0  0.00   1   5  12:00am  NW  1025   86
23   58.1  67.2  12:05pm  44.4  11:58pm    7    0  0.00   4  16   8:31pm  NW  1020   75
24   41.2  49.7   3:28pm  33.8   7:35am   24    0  0.00   2  10  12:46am  NW  1028   49
25   38.8  46.4   2:38pm  30.4   5:14am   26    0  0.06   2  15   9:34am ENE  1030   44
26   40.2  48.7  11:50pm  35.0   4:46am   25    0  1.01   2  14  12:00am ENE  1013   89
27   40.1  48.7  12:09am  30.2  11:57pm   25    0  0.30   6  29  12:37pm WNW  1011   74
28   35.9  50.5   3:41pm  25.2   6:53am   29    0  0.05   1   9  12:00am  NW  1029   63
29   42.1  60.2   3:16pm  27.6   6:30am   23    0  0.00   1   7  11:42pm  NW  1033   62
30   43.1  53.1   3:10pm  35.4   7:24am   22    0  0.00   2  15   9:04am ENE  1032   56
---------------------------------------------------------------------------------------
TOT  50.7  75.5 11/18/13  25.2 11/28/13  438   10  1.79   2  29 11/27/13  NW  1023   67

HEAT BASE: 65.0
COOL BASE: 65.0