NOAA-Style Climate Reports


Report for 2013 October
                  MONTHLY CLIMATOLOGICAL SUMMARY FOR 10/2013
                                        HEAT  COOL        
     MEAN                               DEG   DEG       WIND SPEED       DOM MEAN  MEAN
DAY  TEMP  HIGH   TIME     LOW   TIME   DAYS  DAYS RAIN AVG  HI  TIME    DIR BAROM HUM
---------------------------------------------------------------------------------------
1    67.9  81.0   4:26pm  56.1   7:32am    3    5  0.00   1   7   1:59pm NNW  1018   76
2    70.3  83.4   3:11pm  59.5   7:35am    1    7  0.00   0   8  11:00am SSW  1018   76
3    71.5  83.2   2:10pm  60.8   7:32am    1    7  0.00   1   9   3:12pm SSW  1018   76
4    72.0  85.5   4:07pm  60.5   7:25am    1    8  0.00   0   7   2:02pm ENE  1018   76
5    73.2  86.0   3:31pm  61.8   7:25am    0    9  0.01   1   7  12:02pm  NW  1017   77
6    73.1  84.4   2:47pm  63.1   7:55am    0    8  0.95   1  10  12:30pm SSW  1013   77
7    70.6  78.9   4:45pm  64.9  10:15pm    0    6  0.06   1  11   6:20pm WNW  1010   85
8    64.8  70.6   2:56pm  60.9   5:54am    1    1  0.00   2  16  11:32am ENE  1017   70
9    64.2  75.2   4:24pm  55.5   7:50am    3    2  0.00   2  14  11:29am ENE  1020   64
10   65.4  79.4   4:06pm  52.8   7:35am    4    4  0.00   1  13   1:45pm  NW  1017   72
11   66.8  80.7   4:13pm  55.1   7:58am    3    5  0.00   1  11   5:19pm  NW  1014   74
12   68.3  81.9   3:36pm  56.2   6:53am    2    6  0.00   1   8   4:03pm  NW  1015   74
13   68.7  78.7   2:18pm  60.7   8:25am    1    5  0.00   1  10  10:05pm ENE  1019   81
14   67.5  72.3   2:40pm  64.6   3:50am    0    3  0.00   2  14   9:03am ENE  1020   83
15   64.4  68.2   2:59pm  61.3  11:36pm    1    1  0.00   1  10   1:09am ENE  1019   85
16   65.4  74.3   2:59pm  56.8   7:46am    3    3  0.00   0   7   1:04pm NNW  1016   80
17   67.4  71.7   2:40pm  63.9   7:07am    0    2  0.12   1   8  11:07am SSW  1012   89
18   63.4  72.6   4:18pm  56.8   8:13am    3    1  0.01   1   8  12:59am  NW  1013   85
19   60.2  63.9   3:04pm  55.9  11:58pm    5    0  0.03   1  10  12:49pm SSW  1013   86
20   57.8  71.2   4:19pm  47.8   8:02am    8    1  0.01   1   8   1:32pm  NW  1016   74
21   57.3  70.4   2:54pm  46.3   5:25am    8    1  0.00   1   7   1:40pm  NW  1018   84
22   62.2  69.3   3:43pm  57.2  11:56pm    3    0  0.00   0   7   2:38pm SSW  1013   85
23   55.5  63.1   2:00pm  45.5  11:59pm    9    0  0.01   3  23   3:07pm WNW  1012   69
24   51.8  65.8   4:05pm  39.3   7:44am   13    0  0.00   2  15   5:31pm WNW  1020   64
25   48.9  59.3   4:42pm  40.0   8:29am   16    0  0.00   2  11   8:00am  NW  1025   61
26   46.9  60.0   4:44pm  34.1   7:49am   17    0  0.00   1  11   4:14pm  NW  1025   67
27   56.5  71.0   3:06pm  42.9   7:57am    9    1  0.00   1  12   1:42pm WNW  1019   72
28   59.3  66.1   4:38pm  54.9   7:46am    6    0  0.02   0   9   4:02pm   S  1022   87
29   61.2  71.9   2:30pm  52.3   6:47am    5    2  0.00   0   6   1:34pm  NW  1025   82
30   65.6  77.3   4:05pm  56.3   5:13am    3    4  0.01   1  12   1:31pm SSW  1023   76
31   67.1  75.6   4:05pm  58.7   7:29am    2    4  0.00   2  17   2:53pm SSW  1017   78
---------------------------------------------------------------------------------------
TOT  63.7  86.0  10/5/13  34.1 10/26/13  133   94  1.23   1  23 10/23/13  NW  1018   77

HEAT BASE: 65.0
COOL BASE: 65.0