NOAA-Style Climate Reports


Report for 2013 September
                  MONTHLY CLIMATOLOGICAL SUMMARY FOR 9/2013
                                        HEAT  COOL        
     MEAN                               DEG   DEG       WIND SPEED       DOM MEAN  MEAN
DAY  TEMP  HIGH   TIME     LOW   TIME   DAYS  DAYS RAIN AVG  HI  TIME    DIR BAROM HUM
---------------------------------------------------------------------------------------
1    75.1  87.4  12:46pm  71.2   2:44pm    0   10  0.54   1  18   1:25pm SSW  1011   90
2    76.3  84.1   4:06pm  71.6   6:41am    0   11  0.00   2  16   9:55am SSW  1011   84
3    79.7  89.3   3:57pm  72.1   6:16am    0   15  0.00   2  11   1:59pm WNW  1011   77
4    77.8  88.5   4:20pm  68.4   7:17am    0   13  0.00   1   8   2:03pm  NW  1015   77
5    78.2  88.6   2:42pm  69.3   7:05am    0   13  0.00   1   8   2:32pm  NW  1017   79
6    76.7  86.1   4:11pm  69.4   7:33am    0   12  0.00   1  11   9:51am ENE  1018   74
7    75.3  85.7   4:43pm  66.4   7:17am    0   10  0.00   0   7   1:05pm  NE  1017   75
8    78.2  89.3   3:26pm  66.8   6:41am    0   13  0.00   0   8   2:11pm  NW  1013   73
9    79.3  89.4   4:08pm  71.2   7:34am    0   14  0.00   1  10  11:17am ENE  1016   73
10   78.4  88.6   4:09pm  69.8   7:04am    0   13  0.00   1   9  12:35pm ENE  1020   76
11   78.4  89.4   3:48pm  68.5   7:15am    0   13  0.00   0   8   4:04pm ENE  1020   72
12   77.3  89.4   2:48pm  68.9   6:17am    0   12  0.00   1  16   3:37pm WNW  1014   75
13   77.5  87.4   3:43pm  68.2  11:52pm    0   11  0.00   3  15   2:49pm  NW  1009   69
14   70.1  81.5   5:18pm  60.3   7:32am    1    6  0.00   2  15  10:35am ENE  1014   67
15   73.3  85.8   3:44pm  63.1   6:47am    0    8  0.00   1   8   4:24am   E  1019   76
16   76.6  87.0   3:16pm  67.9   6:49am    0   12  0.00   1  10   4:32pm NNW  1018   75
17   71.6  76.2   3:10pm  68.6   7:49am    0    7  0.00   3  15   9:17am ENE  1021   73
18   70.7  79.4   2:33pm  64.3   7:48am    0    6  0.00   1  13   9:31am ENE  1021   70
19   71.5  84.2   4:18pm  60.7   7:38am    1    7  0.00   1   9   2:40pm  NE  1019   74
20   74.6  87.0   4:18pm  63.5   7:36am    0   10  0.00   1  11  12:56pm SSW  1015   74
21   70.2  75.6   1:46pm  65.6  11:52pm    0    5  0.32   2  12  12:39pm SSW  1008   90
22   69.7  80.0   4:06pm  61.2   7:46am    1    5  0.02   1  10  11:42am  NW  1008   80
23   69.7  80.0   3:30pm  62.1   6:35am    1    5  0.00   1  10  12:00pm ENE  1014   75
24   67.1  72.4   3:45pm  63.8   8:26am    0    2  0.14   1   9  10:33am ESE  1015   85
25   63.9  65.3   1:35pm  62.0   9:06pm    1    0  0.78   1  11  10:15am ENE  1011   94
26   67.5  76.5   5:09pm  61.4   6:18am    1    4  0.00   1  10   1:36pm  NE  1013   83
27   67.0  77.6   5:05pm  56.8   7:48am    2    4  0.01   1  12  12:18pm  NE  1018   76
28   65.3  74.9   3:17pm  57.3   7:49am    2    3  0.00   1  14  12:06pm ENE  1020   75
29   64.2  73.7   3:46pm  56.9   5:22am    3    2  0.00   1  10  10:37am ENE  1019   76
30   65.4  76.8   3:06pm  55.9   6:44am    3    3  0.00   1   9   1:29pm   N  1017   78
---------------------------------------------------------------------------------------
TOT  72.9  89.4   9/9/13  55.9  9/30/13   16  251  1.81   1  17   9/1/13 ENE  1015   77

HEAT BASE: 65.0
COOL BASE: 65.0