NOAA-Style Climate Reports


Report for 2013 August
                  MONTHLY CLIMATOLOGICAL SUMMARY FOR 8/2013
                                        HEAT  COOL        
     MEAN                               DEG   DEG       WIND SPEED       DOM MEAN  MEAN
DAY  TEMP  HIGH   TIME     LOW   TIME   DAYS  DAYS RAIN AVG  HI  TIME    DIR BAROM HUM
---------------------------------------------------------------------------------------
1    78.7  87.5   5:21pm  72.3   7:20am    0   14  0.10   2  12  12:48pm SSW  1012   81
2    78.3  88.8   4:18pm  70.8   4:42am    0   13  0.00   1   8  10:03am  NW  1013   81
3    79.7  87.1   4:04pm  71.0   7:30am    0   15  0.00   2  12   4:47pm WNW  1015   76
4    81.6  90.3   3:24pm  75.2   7:14am    0   17  0.00   2  12   9:17am WNW  1013   74
5    78.9  87.8   3:09pm  72.9   6:36am    0   14  0.00   1   8  11:07am  NE  1014   79
6    78.9  86.8   2:34pm  73.9  11:08pm    0   14  0.04   1  11   9:37pm SSW  1014   83
7    74.9  80.4   1:23pm  70.6   2:06pm    0   10  0.86   1  15   1:28pm SSW  1015   91
8    77.9  87.4   3:22pm  72.4   2:22am    0   13  0.00   1  11   2:57pm SSW  1015   85
9    81.5  90.5   5:18pm  73.6   6:14am    0   16  0.00   1  13   2:06pm SSW  1016   78
10   79.4  91.3   3:30pm  74.5   6:57am    0   14  0.04   1  16   3:51pm   S  1018   83
11   80.3  90.2   4:44pm  71.5   6:36am    0   15  0.00   2  16  10:27pm SSW  1018   80
12   79.6  89.2   1:29pm  72.9   5:22am    0   15  0.18   1  14   1:16pm SSW  1016   82
13   78.7  87.3   3:54pm  72.2   6:18am    0   14  0.00   2  13   3:05pm SSW  1012   80
14   76.2  81.5   3:18pm  71.2  11:54pm    0   11  0.00   1  11   1:17pm ENE  1012   81
15   69.9  74.8   3:40pm  67.7   7:25am    0    5  0.00   3  17   9:22am ENE  1016   79
16   64.9  68.9   5:10pm  61.7  10:02am    1    1  1.08   2  14   9:47pm ENE  1018   88
17   64.0  66.8   5:32pm  61.0   1:17am    2    1  0.45   2  13   7:22am ENE  1019   93
18   70.4  78.2   3:17pm  66.2   2:33am    0    5  0.33   1   8   4:59pm ENE  1020   92
19   72.1  78.1   6:21pm  69.1   5:48am    0    7  0.28   1   9  12:42pm ENE  1019   92
20   74.7  82.5   5:00pm  69.9   7:23am    0   10  0.00   1   9   4:04pm ENE  1019   88
21   74.8  83.7   5:22pm  68.7   5:23am    0   10  0.13   1  14   2:06am  NW  1020   87
22   77.2  87.9   3:16pm  69.6   7:31am    0   12  0.00   1  12   6:56pm SSW  1018   81
23   79.3  89.9   3:11pm  69.9   7:11am    0   14  0.00   1  12  10:13am WNW  1015   76
24   74.6  81.2   2:55pm  69.4   7:22am    0   10  0.01   2  15   9:03am ENE  1020   80
25   73.0  82.3   4:45pm  64.5   7:04am    0    8  0.00   2  12   3:47pm ENE  1025   72
26   71.8  82.7   3:46pm  60.9   7:07am    1    7  0.00   1  11   3:46pm ENE  1023   74
27   75.6  86.7   4:15pm  63.7   7:16am    0   11  0.00   0   7   2:33pm  NW  1018   73
28   78.5  89.1   3:22pm  67.9   7:15am    0   14  0.00   1  13   3:56pm SSW  1015   76
29   82.3  92.0   3:23pm  72.5   6:58am    0   17  0.00   1  12   4:52pm  NW  1012   75
30   78.7  84.3   3:56pm  73.8   6:34am    0   14  0.00   1  11   8:05am ENE  1013   84
31   78.4  90.5   4:35pm  72.0   6:52am    0   13  0.39   1  14   6:10pm SSW  1012   84
---------------------------------------------------------------------------------------
TOT  76.3  92.0  8/29/13  60.9  8/26/13    3  353  3.89   1  17  8/15/13 ENE  1016   82

HEAT BASE: 65.0
COOL BASE: 65.0