NOAA-Style Climate Reports


Report for 2013 July
                  MONTHLY CLIMATOLOGICAL SUMMARY FOR 7/2013
                                        HEAT  COOL        
     MEAN                               DEG   DEG       WIND SPEED       DOM MEAN  MEAN
DAY  TEMP  HIGH   TIME     LOW   TIME   DAYS  DAYS RAIN AVG  HI  TIME    DIR BAROM HUM
---------------------------------------------------------------------------------------
1    75.7  84.4   3:53pm  70.3   5:42am    0   11  0.03   1  16   4:59pm   S  1009   82
2    77.4  86.9   4:46pm  71.8   5:11am    0   12  0.01   2  13  11:22am SSW  1014   79
3    72.6  81.3   2:38pm  68.2   9:59pm    0    8  0.24   2  10   1:54pm ESE  1019   90
4    72.3  83.4   1:27pm  68.5  12:00am    0    7  0.81   1  26   3:51pm   E  1019   92
5    74.1  85.5   2:38pm  69.5  11:48pm    0    9  0.90   1  20  10:28pm ESE  1020   90
6    76.3  87.3   3:29pm  69.3  12:16am    0   11  1.16   1  27   9:26pm   E  1019   86
7    76.1  84.0   3:34pm  72.0  12:00am    0   11  0.25   1  16  11:50pm SSW  1019   89
8    78.0  88.4   4:13pm  69.4   6:35am    0   13  0.04   1  18  11:54pm SSW  1019   82
9    78.0  86.7   1:31pm  71.0  10:58pm    0   13  1.70   1  18  12:00am SSW  1019   86
10   76.2  88.6   4:09pm  70.8   2:40am    0   11  2.05   1  23   5:52pm SSW  1016   89
11   75.0  80.3   1:29pm  71.2   4:14am    0   10  0.01   1   9   9:23pm SSW  1012   90
12   75.5  87.3   3:22pm  67.8   8:21pm    0   11  0.57   1  25   7:46pm SSW  1011   85
13   72.7  79.1   2:16pm  68.7  12:00am    0    8  0.09   1  16   3:05pm ENE  1015   90
14   74.7  81.0   1:47pm  71.2  11:54pm    0   10  0.16   2  14   2:07pm ENE  1019   91
15   75.5  85.1   2:34pm  70.5   1:26am    0   10  0.02   2  13   6:09pm ENE  1023   86
16   78.3  88.9   4:11pm  70.1   3:23am    0   13  0.00   0   9   3:08pm ENE  1024   80
17   78.6  90.8   2:28pm  70.4  11:49pm    0   14  1.03   1  13   8:09pm  NW  1021   81
18   78.2  88.8   4:55pm  68.8   6:13am    0   13  0.01   1   9  12:00am   E  1019   81
19   81.0  90.2   4:15pm  73.4   6:40am    0   16  0.00   1   9   7:26pm SSW  1016   79
20   77.3  87.2   4:30pm  73.1   5:23am    0   12  0.08   1  12  12:34pm SSW  1014   86
21   77.5  88.2   5:13pm  71.6   6:01am    0   13  0.05   2  20   5:44pm SSW  1014   85
22   76.7  85.4   3:44pm  71.6   3:39am    0   12  0.14   2  16   4:40pm SSW  1013   86
23   78.1  85.7   4:03pm  71.1   6:22am    0   13  0.01   3  19  12:51pm SSW  1010   80
24   78.6  88.5   2:12pm  72.3   5:02am    0   14  0.00   3  13   4:58pm WNW  1008   78
25   78.5  88.3   4:26pm  69.5   6:56am    0   14  0.00   1   9  10:07am  NW  1011   76
26   76.1  87.0   1:44pm  70.2   6:45am    0   11  0.17   1  10   6:45pm ENE  1015   84
27   75.4  82.9   3:41pm  70.1  12:56am    0   10  0.00   1  10  11:05am SSW  1013   85
28   76.8  87.3   4:43pm  68.9   6:12am    0   12  0.01   1  16   7:38pm SSW  1013   80
29   77.8  87.2   4:12pm  70.3   6:58am    0   13  0.00   1  10   3:15pm  NW  1017   72
30   76.5  88.2   3:58pm  64.1   6:49am    0   11  0.00   1   9   3:50pm  NW  1019   73
31   75.2  77.8   6:31pm  72.2   8:04am    0   10  0.04   2  12   4:05pm SSW  1017   86
---------------------------------------------------------------------------------------
TOT  76.5  90.8  7/17/13  64.1  7/30/13    0  356  9.58   1  27   7/6/13 SSW  1016   84

HEAT BASE: 65.0
COOL BASE: 65.0