NOAA-Style Climate Reports


Report for 2013 June
                  MONTHLY CLIMATOLOGICAL SUMMARY FOR 6/2013
                                        HEAT  COOL        
     MEAN                               DEG   DEG       WIND SPEED       DOM MEAN  MEAN
DAY  TEMP  HIGH   TIME     LOW   TIME   DAYS  DAYS RAIN AVG  HI  TIME    DIR BAROM HUM
---------------------------------------------------------------------------------------
1    77.7  88.0   4:36pm  67.6   6:42am    0   13  0.00   2  14   4:23pm SSW  1017   69
2    74.5  86.0   1:41pm  67.7   6:06pm    0   10  0.56   2  20   5:43pm SSW  1013   82
3    75.4  87.0   5:37pm  67.5   1:21am    0   10  0.01   1  14   4:38pm  NW  1011   80
4    78.4  88.4   3:48pm  67.8   6:47am    0   13  0.00   1   9   3:06pm ENE  1013   72
5    74.1  84.4   1:30pm  70.5   5:32am    0    9  0.91   1  14   4:38pm ENE  1014   87
6    71.1  76.8   5:22pm  67.3   4:35am    0    6  2.54   1  13   2:06pm SSW  1009   92
7    73.2  85.9   3:04pm  67.7   4:44am    0    8  0.23   2  26   5:09pm SSW  1006   86
8    74.1  83.6   4:02pm  66.2   7:00am    0    9  0.00   2  11   4:25pm SSW  1013   81
9    75.5  86.8  12:43pm  70.7  11:59pm    0   11  1.44   1  18   6:08pm SSW  1016   83
10   71.3  75.9  11:30am  66.2   1:25pm    0    6  0.86   3  20  12:45pm SSW  1015   92
11   79.7  90.3   4:39pm  70.4  12:00am    0   15  0.00   4  18   1:00pm SSW  1014   78
12   83.6  93.7   4:58pm  72.2   5:32am    0   19  0.00   2  11  11:33am WNW  1014   73
13   82.2  92.9   3:35pm  70.1   8:40pm    0   17  0.36   3  27   7:53pm WNW  1009   72
14   76.9  86.1   4:38pm  68.2   6:41am    0   12  0.00   1  12   2:19pm  NW  1011   68
15   76.3  86.5   4:09pm  65.0   6:20am    0   11  0.00   0   9  11:52am ENE  1017   63
16   76.6  87.6   4:35pm  66.5   5:59am    0   12  0.00   1  12   9:42am SSW  1017   73
17   74.4  86.5   3:06pm  68.6   3:06am    0    9  0.90   2  21   6:12pm SSW  1015   86
18   73.0  83.3   5:07pm  68.5   6:23am    0    8  0.88   2  21   5:26pm SSW  1011   90
19   75.0  81.2   3:51pm  70.7   6:37am    0   10  0.02   1  10   3:34pm ENE  1013   86
20   75.6  84.6   4:57pm  66.8   6:25am    0   11  0.00   2  15   2:15pm ENE  1019   76
21   75.7  85.1   5:05pm  66.1   6:43am    0   11  0.00   1  11  12:56pm ENE  1021   72
22   75.7  85.6   2:54pm  64.3   6:43am    0   11  0.00   1   9   9:14am ENE  1020   72
23   76.7  86.8   4:26pm  68.4   6:22am    0   12  0.01   1   9   5:06pm ESE  1019   79
24   77.6  86.3   5:18pm  69.9   6:47am    0   13  0.06   1  11   2:03pm SSW  1020   80
25   76.6  87.6   3:15pm  69.4   6:44am    0   12  0.45   1  23   7:09pm SSW  1018   82
26   79.0  88.3   3:35pm  70.8   4:43am    0   14  0.00   2  13  12:02pm SSW  1014   81
27   81.4  88.6   5:33pm  74.7   2:53am    0   16  0.00   3  18  12:46pm SSW  1010   77
28   80.7  93.0   3:07pm  73.1  11:58pm    0   16  0.03   3  22   6:16pm SSW  1006   74
29   77.4  87.8   5:01pm  72.3   4:49am    0   12  0.01   2  17   6:08pm SSW  1004   80
30   75.8  85.1   1:25pm  70.4   6:17am    0   11  0.02   1  10   9:21pm SSW  1006   83
---------------------------------------------------------------------------------------
TOT  76.5  93.7  6/12/13  64.3  6/22/13    0  345  9.29   2  26   6/7/13 SSW  1013   79

HEAT BASE: 65.0
COOL BASE: 65.0