NOAA-Style Climate Reports


Report for 2013 May
                  MONTHLY CLIMATOLOGICAL SUMMARY FOR 5/2013
                                        HEAT  COOL        
     MEAN                               DEG   DEG       WIND SPEED       DOM MEAN  MEAN
DAY  TEMP  HIGH   TIME     LOW   TIME   DAYS  DAYS RAIN AVG  HI  TIME    DIR BAROM HUM
---------------------------------------------------------------------------------------
1    64.4  70.3   1:58pm  60.3   7:37am    2    1  0.02   3  18  11:59am   E  1020   78
2    62.0  69.4   4:55pm  59.5   8:04am    3    0  0.01   3  18   6:00pm   E  1021   86
3    60.7  64.6   4:23pm  58.7  11:31am    4    0  0.00   4  18  12:17pm   E  1017   87
4    55.1  59.9  12:00am  51.4   9:17am   10    0  0.02   3  21   4:50pm ENE  1013   90
5    58.6  66.3   5:52pm  53.1  11:58pm    6    0  0.02   2  19   1:54am ENE  1008   91
6    54.0  61.3   5:02pm  47.3   6:21am   11    0  0.02   2  17   1:41pm SSW  1011   83
7    59.5  69.2   4:49pm  51.1   7:03am    6    1  0.06   2  15   5:31pm SSW  1012   78
8    66.0  78.7   4:38pm  54.5   4:12am    3    4  0.00   2  20   3:02pm WNW  1015   69
9    71.2  83.5   3:54pm  57.8   5:47am    2    8  0.00   1  13  12:42pm SSW  1017   66
10   71.3  80.9   1:42pm  60.5   6:46am    1    7  0.00   2  18  12:57pm SSW  1016   69
11   69.5  78.0   5:31pm  62.0   6:43am    0    5  0.33   1  16   4:39pm SSW  1012   79
12   64.3  72.5   2:31pm  55.5   6:52am    3    2  0.00   3  19  12:44pm WNW  1014   62
13   59.6  71.4   3:37pm  46.7   6:40am    7    1  0.00   3  19   5:08pm  NW  1020   46
14   63.4  77.6   5:15pm  47.1   6:39am    6    4  0.00   2  14   4:24pm SSW  1022   56
15   74.6  87.8   4:03pm  60.9   6:49am    1   10  0.00   3  14   2:35pm SSW  1017   56
16   73.3  83.4   3:54pm  65.6   7:21am    0    8  0.00   2  12   7:00pm SSW  1015   63
17   72.6  83.6   4:07pm  60.9   6:42am    1    8  0.00   1  15   4:48pm SSW  1016   66
18   70.9  76.6   2:22pm  66.0   7:31am    0    6  0.07   1  14   3:20pm SSW  1017   82
19   69.6  73.2  11:58am  66.4   6:36am    0    5  0.14   1  15   9:42am SSW  1016   90
20   73.6  85.3   6:20pm  64.7   7:45am    0    9  0.00   1   8  12:55pm SSW  1016   81
21   76.9  88.3   4:34pm  67.4   6:43am    0   12  0.00   1  10   4:01pm   S  1014   77
22   74.0  86.4   3:47pm  65.3   5:58am    0    9  0.14   1  15   5:34pm SSW  1012   79
23   74.6  85.0   4:20pm  66.3   6:20am    0   10  0.02   2  18   7:06pm WNW  1012   70
24   70.6  79.1   4:23pm  61.4  11:59pm    0    6  0.00   5  22  12:46pm WNW  1016   53
25   66.1  79.3   3:26pm  51.4   6:26am    4    5  0.00   1  12   2:28pm   N  1023   53
26   69.5  82.7   4:55pm  55.9   6:01am    2    7  0.00   1  11   9:39am  NW  1021   56
27   73.5  87.0   3:20pm  58.7   5:58am    1    9  0.00   1  10   6:06pm SSW  1020   63
28   75.9  87.5   4:19pm  65.6   6:49am    0   11  0.00   1  11   1:08pm SSW  1020   64
29   74.4  86.1   5:05pm  63.3   7:02am    0    9  0.00   1  10  12:47pm   S  1020   69
30   75.1  87.2   4:07pm  66.6   4:30am    0   10  0.00   1  10   3:16pm ENE  1021   74
31   77.8  88.6   5:52pm  68.6   3:46am    0   13  0.00   2  13  12:44pm SSW  1019   69
---------------------------------------------------------------------------------------
TOT  68.5  88.6  5/31/13  46.7  5/13/13   72  179  0.85   2  21   5/4/13 SSW  1017   71

HEAT BASE: 65.0
COOL BASE: 65.0