NOAA-Style Climate Reports


Report for 2013 April
                  MONTHLY CLIMATOLOGICAL SUMMARY FOR 4/2013
                                        HEAT  COOL        
     MEAN                               DEG   DEG       WIND SPEED       DOM MEAN  MEAN
DAY  TEMP  HIGH   TIME     LOW   TIME   DAYS  DAYS RAIN AVG  HI  TIME    DIR BAROM HUM
---------------------------------------------------------------------------------------
1    64.1  73.8   2:56pm  56.8   7:41am    3    2  0.21   4  20   3:38pm  NW  1012   63
2    59.2  70.5   3:26pm  48.9   8:05am    7    1  0.00   3  20   5:14pm  NW  1018   45
3    55.0  61.7   4:52pm  48.5   7:11am   10    0  0.06   2  15   9:19am   E  1021   45
4    44.4  50.0  12:00am  40.7   8:23pm   21    0  0.50   3  22  10:53am   E  1018   86
5    50.8  66.4   5:36pm  39.3   5:56am   14    0  0.00   1  11   2:31pm ENE  1015   76
6    58.4  72.7   4:25pm  41.5   7:35am    8    2  0.00   1  13  11:43am ESE  1020   58
7    61.4  75.9   5:18pm  45.9   7:24am    6    2  0.00   1  14   4:01pm SSW  1020   61
8    66.9  79.6   5:57pm  55.4   7:04am    3    5  0.00   2  19   2:59pm SSW  1018   65
9    70.0  82.6   4:30pm  57.8   7:28am    2    7  0.00   1  14   1:09pm  SW  1019   65
10   71.5  84.6   5:33pm  59.6   6:17am    1    8  0.00   2  13  12:28pm SSW  1017   66
11   70.2  81.3   3:42pm  61.1   6:27am    1    6  0.06   2  17  11:51am SSW  1010   78
12   67.0  72.8   1:54pm  59.4  11:58pm    0    2  0.85   5  22  12:36am  NW  1007   64
13   64.3  79.1   5:53pm  49.0   6:18am    5    4  0.00   2  14   3:56pm  NW  1013   46
14   58.4  65.0   2:13pm  50.0   6:31am    7    0  0.08   1  13   6:18pm   E  1015   74
15   65.7  77.0   3:49pm  57.7   3:49am    3    3  0.00   1  10   1:24pm ESE  1016   78
16   70.8  82.3   4:26pm  61.7   3:21am    1    7  0.00   0  10   2:08pm ESE  1021   73
17   72.5  85.5   5:06pm  63.4   7:11am    0    8  0.00   1  15   6:43pm  SW  1020   72
18   70.9  83.1   4:40pm  61.4   7:06am    0    6  0.00   2  15   4:32pm  SW  1016   76
19   62.2  71.2  12:21pm  48.5  11:50pm    5    2  0.60   3  20   8:58am SSW  1011   88
20   53.7  67.6   5:13pm  39.9   7:21am   11    0  0.00   2  13  12:11pm  NW  1020   57
21   57.6  70.0   4:34pm  44.8   6:54am    8    1  0.00   1  17  12:48pm   E  1025   57
22   58.2  69.3   4:44pm  49.5   5:53am    7    1  0.00   3  23   8:53am   E  1024   59
23   60.6  74.7   5:12pm  46.1   7:07am    7    2  0.00   1  10   9:23am   E  1021   58
24   63.2  75.9   3:14pm  53.7   5:49am    4    2  0.02   2  20  11:25am  SW  1018   77
25   63.2  75.7   4:51pm  52.7   7:23am    4    2  0.01   3  14   3:43pm  NW  1021   61
26   62.2  76.6   5:14pm  44.6   6:25am    6    3  0.00   2  16  10:52am   N  1026   49
27   61.2  67.4  12:38pm  53.5   7:28am    4    0  0.02   2  15   5:50pm   E  1024   75
28   57.6  62.0   1:10pm  55.2   7:34am    7    0  0.65   1  14   2:49am   E  1019   92
29   58.5  72.8  12:56pm  54.9   7:07am    4    0  0.02   0   7  11:30am   E  1015   93
30   65.1  78.9   3:41pm  54.9   7:07am    4    4  0.04   1  11   7:00pm   E  1016   80
---------------------------------------------------------------------------------------
TOT  62.3  85.5  4/17/13  39.3   4/5/13  160   79  3.24   2  22   4/4/13   E  1018   68

HEAT BASE: 65.0
COOL BASE: 65.0