NOAA-Style Climate Reports


Report for 2013 March
                  MONTHLY CLIMATOLOGICAL SUMMARY FOR 3/2013
                                        HEAT  COOL        
     MEAN                               DEG   DEG       WIND SPEED       DOM MEAN  MEAN
DAY  TEMP  HIGH   TIME     LOW   TIME   DAYS  DAYS RAIN AVG  HI  TIME    DIR BAROM HUM
---------------------------------------------------------------------------------------
1    40.6  49.0   1:27pm  33.2   6:38am   24    0  0.00   4  23   3:01pm WNW  1014   64
2    40.0  47.5   2:42pm  34.6  11:58pm   25    0  0.00   5  23   3:37pm  NW  1014   67
3    36.8  45.3   3:49pm  30.5   7:01am   28    0  0.00   5  22   4:12pm  NW  1016   54
4    45.1  61.3   4:25pm  31.0   6:53am   20    0  0.00   2  14   4:11pm  NW  1019   46
5    54.1  68.4   2:49pm  41.8  11:57pm   11    0  0.11   5  32   7:37pm SSW  1012   66
6    39.5  44.7   3:15pm  34.4   6:21am   26    0  0.00   9  33   9:47am  NW  1016   59
7    45.3  62.0   4:31pm  31.5   5:44am   20    0  0.00   2  13   2:26pm  NW  1022   59
8    48.7  64.4   4:30pm  34.8   6:57am   16    0  0.00   1   9   9:18am NNW  1024   50
9    51.8  65.5   4:19pm  39.2   7:14am   13    0  0.00   1  11  12:37pm   E  1025   48
10   58.5  71.0   4:47pm  47.9   7:45am    7    1  0.00   1  14  11:34pm  SE  1021   52
11   58.6  66.8   3:03pm  53.4   6:31am    7    0  0.51   2  19   1:56pm  SE  1014   80
12   53.6  64.0   4:29pm  42.8   8:23am   11    0  0.24   5  21   4:15pm WNW  1012   67
13   48.0  56.6   3:02pm  38.8   8:03am   17    0  0.00   5  28   4:32pm WNW  1020   49
14   44.0  56.6   4:51pm  31.8   7:49am   21    0  0.00   3  18  12:11am  NW  1024   41
15   56.2  74.7   5:43pm  38.4   7:54am   11    2  0.00   3  20   5:34pm  SW  1020   46
16   66.3  78.1   4:44pm  55.1   8:00am    3    4  0.00   5  22   3:26pm  SW  1013   43
17   64.3  73.0   3:42pm  55.7   7:53am    2    2  0.00   4  19   5:15pm  SW  1013   59
18   52.2  61.7  12:00am  45.5   8:19pm   13    0  0.51   1  22   7:13pm   E  1014   86
19   55.0  67.2   3:35pm  46.1   3:52am   10    0  0.00   4  19   4:25pm  NW  1015   57
20   51.2  59.5   4:01pm  43.2   6:08am   14    0  0.00   3  24   5:06pm NNW  1016   34
21   43.0  49.8   3:33pm  35.5   8:07am   22    0  0.00   4  28   4:22pm  NW  1013   39
22   43.9  50.3   5:38pm  37.9   1:33am   21    0  0.00   1  10   1:58pm NNW  1017   44
23   48.0  52.5   3:02pm  42.4   8:10am   17    0  0.90   1  11   8:37pm   E  1014   83
24   47.8  48.8  12:00am  46.5  10:45pm   17    0  1.08   2  22  11:56pm   E  1004   92
25   41.5  47.7  12:00am  36.9  11:59pm   24    0  0.01   8  30  10:58am  NW  1010   56
26   39.1  45.8   3:05pm  33.2   6:04am   26    0  0.00   6  25  10:55am  NW  1020   60
27   43.9  57.7   5:32pm  31.9   6:20am   21    0  0.00   3  20   4:49pm  NW  1025   51
28   49.5  64.4   4:27pm  33.3   7:09am   15    0  0.00   2  19   1:55pm NNW  1025   45
29   53.0  67.5   4:28pm  35.8   7:33am   12    0  0.00   1  10   3:07pm  NW  1025   49
30   60.6  73.5   4:29pm  50.4   8:01am    6    2  0.10   1  15   1:53pm SSW  1019   54
31   62.4  70.1   5:44pm  56.7   4:08am    3    1  0.39   2  26   2:42pm  SW  1013   81
---------------------------------------------------------------------------------------
TOT  49.7  78.1  3/16/13  30.5   3/3/13  484   12  3.85   3  32   3/5/13  NW  1017   57

HEAT BASE: 65.0
COOL BASE: 65.0