NOAA-Style Climate Reports


Report for 2013 February
                  MONTHLY CLIMATOLOGICAL SUMMARY FOR 2/2013
                                        HEAT  COOL        
     MEAN                               DEG   DEG       WIND SPEED       DOM MEAN  MEAN
DAY  TEMP  HIGH   TIME     LOW   TIME   DAYS  DAYS RAIN AVG  HI  TIME    DIR BAROM HUM
---------------------------------------------------------------------------------------
1    40.1  45.6   3:10pm  31.8  11:55pm   25    0  0.00   4  25   7:16am  NW  1024   42
2    38.5  52.7   3:47pm  25.3   7:40am   27    0  0.09   2  26   6:44pm NNW  1025   52
3    45.6  56.7   2:30pm  35.1   7:42am   19    0  0.01   4  29   1:43pm WNW  1017   66
4    42.9  51.2   4:25pm  34.7   6:07am   22    0  0.00   2  14   2:40am  NW  1018   58
5    48.6  60.9   4:29pm  33.8   5:24am   16    0  0.00   1  13   1:55pm NNW  1016   72
6    53.4  69.1   3:31pm  38.6   7:39am   12    0  0.00   0  12   3:01pm  NW  1019   62
7    45.8  48.6   8:24am  43.4   2:42am   19    0  0.70   3  17   5:55pm ENE  1018   79
8    50.4  58.6   3:53pm  43.5  11:59pm   15    0  0.00   2  19  10:39pm  NW  1016   78
9    47.7  63.2   4:07pm  33.6   7:26am   17    0  0.00   1  11   1:20am NNW  1024   57
10   51.1  63.7   2:25pm  41.0   7:44am   14    0  0.85   2  15   1:20pm   E  1024   67
11   54.7  61.6   1:11pm  50.6  12:00am   10    0  0.32   2  17   2:00pm  SW  1018   93
12   51.7  58.5  12:52pm  45.9  11:17pm   13    0  0.21   1  15  11:28pm WNW  1016   79
13   47.4  55.4   2:44pm  41.1  11:56pm   18    0  0.05   3  22   4:12pm WNW  1009   86
14   44.4  55.1   4:01pm  36.3   7:40am   21    0  0.00   2  11   4:20am  NW  1016   70
15   49.4  64.6   2:59pm  34.9   5:58am   15    0  0.00   1  17  10:33pm  NW  1017   63
16   41.7  47.0  12:00am  32.7  11:51pm   23    0  0.00   4  35   4:07pm  NW  1015   52
17   36.2  47.2   3:47pm  26.4   7:35am   29    0  0.00   4  21   3:54pm WNW  1024   41
18   43.0  58.9   4:12pm  28.0   7:21am   22    0  0.00   1  14  11:45am SSW  1026   52
19   46.7  58.6   4:21pm  39.8   8:02am   18    0  0.33   3  22   4:39pm WNW  1018   67
20   44.2  56.3   2:38pm  32.5   7:01am   21    0  0.00   2  15   4:42pm WNW  1020   37
21   49.6  65.1   3:23pm  34.1   6:43am   15    0  0.00   1  12   9:19am   E  1019   38
22   42.8  54.6  12:00am  40.4  11:27am   22    0  1.29   3  17  11:07am   E  1020   89
23   44.3  47.9   4:22pm  40.9   2:56am   21    0  0.65   1  11  12:48am ENE  1014   93
24   52.5  67.2   4:12pm  39.1   6:41am   13    0  0.01   1  14   3:29pm WNW  1014   65
25   46.2  49.3   2:25pm  39.0  11:55pm   19    0  0.02   3  21   2:32pm   E  1015   62
26   41.2  46.9   4:13pm  36.6   5:11am   24    0  1.43   4  18   7:46am   E  1006   90
27   50.3  60.0   4:36pm  43.3   6:52am   15    0  0.00   5  21   9:23am WNW  1010   57
28   44.3  50.5  12:00am  37.8  11:53pm   21    0  0.00   5  23   4:45pm  NW  1012   60
---------------------------------------------------------------------------------------
TOT  46.2  69.1   2/6/13  25.3   2/2/13  525    1  5.96   2  31  2/16/13  NW  1018   65

HEAT BASE: 65.0
COOL BASE: 65.0