NOAA-Style Climate Reports


Report for 2013 January
                  MONTHLY CLIMATOLOGICAL SUMMARY FOR 1/2013
                                        HEAT  COOL        
     MEAN                               DEG   DEG       WIND SPEED       DOM MEAN  MEAN
DAY  TEMP  HIGH   TIME     LOW   TIME   DAYS  DAYS RAIN AVG  HI  TIME    DIR BAROM HUM
---------------------------------------------------------------------------------------
1    48.8  50.7   9:25pm  45.4  10:46am   16    0  0.97   0   7  11:23pm SSW  1017   82
2    50.1  56.0   1:37pm  43.1  11:44pm   15    0  0.11   3  13  10:46am  NW  1017   84
3    43.7  49.0   3:06pm  37.3  11:59pm   21    0  0.00   2   9   8:37am  NW  1022   79
4    42.2  54.5   3:30pm  32.4   7:17am   23    0  0.00   2  15   2:52pm  NW  1027   60
5    41.3  51.8   3:23pm  29.4   7:51am   24    0  0.00   1   7  12:17pm SSW  1028   61
6    46.2  53.3   2:21pm  41.2  11:57pm   19    0  0.00   3  18   3:08pm  NW  1023   72
7    45.2  56.1   2:38pm  34.4   8:08am   20    0  0.00   2  14  12:43pm   E  1027   65
8    46.2  52.8   2:41pm  38.3   4:33am   19    0  0.00   1   9   9:30am ENE  1028   71
9    57.8  66.0   2:57pm  50.7   2:08am    7    0  0.00   1   7  12:00am   E  1029   70
10   62.5  72.9   2:28pm  55.0   1:34am    4    1  0.02   2  14   2:31pm   E  1028   77
11   64.6  72.1   2:50pm  60.5   1:02am    1    1  0.11   2  15   2:52pm SSW  1021   91
12   65.2  74.6   3:50pm  58.5   8:39am    2    2  0.00   1  13   2:42pm SSW  1019   83
13   65.0  72.9   3:57pm  57.7   3:04am    2    2  0.00   2  18   1:41pm SSW  1017   85
14   67.2  74.3   3:50pm  60.2  11:52pm    1    3  0.08   4  17  11:54am SSW  1017   85
15   63.3  69.7   3:07pm  58.4   1:41am    3    1  0.13   2  16   9:44pm SSW  1016   88
16   59.9  64.3  12:00am  54.2  10:44am    5    0  0.56   1  12   5:57am SSW  1014   94
17   51.1  58.7  11:22am  41.6  10:58pm   14    0  0.59   3  24   2:21pm  SW  1012   92
18   43.9  55.7   3:33pm  34.2   8:02am   21    0  0.42   1   9   1:51pm NNW  1030   70
19   42.9  56.4   3:29pm  30.6   7:44am   22    0  0.03   1   9   3:31pm SSW  1029   68
20   49.2  64.6   3:40pm  35.2   5:44am   16    0  0.00   2  15   3:12pm WNW  1021   62
21   47.3  60.0   2:26pm  36.3   6:41am   18    0  0.00   3  24   3:35pm WNW  1019   58
22   39.3  48.1   3:29pm  32.1   8:01am   26    0  0.00   4  19  11:54am  NW  1023   40
23   41.2  52.6   3:39pm  29.8   6:41am   24    0  0.00   2  17  12:45pm WNW  1026   49
24   50.1  57.7   1:52pm  38.2  11:57pm   15    0  0.00   3  22  11:46am  NW  1023   50
25   33.7  38.2  12:00am  31.0   9:02am   31    0  0.00   2  14  12:09am NNW  1026   53
26   46.6  61.8   4:04pm  35.3  12:00am   18    0  0.00   2  12  12:33pm  NW  1023   59
27   43.7  51.2   2:35pm  36.1   7:29am   21    0  0.00   2  13  12:53pm   E  1030   65
28   47.7  54.4   4:08pm  43.5   7:29am   17    0  0.00   0   9   4:47am   E  1029   70
29   57.3  72.8   2:25pm  41.4   5:04am   10    2  0.00   1  11  11:53pm NNW  1021   80
30   63.4  71.5   3:38pm  46.6  11:58pm    3    2  1.05   5  32  11:32pm SSW  1006   84
31   43.1  49.5   4:05pm  37.1   7:58am   22    0  0.00   6  35   2:53pm WNW  1016   55
---------------------------------------------------------------------------------------
TOT  50.6  74.6  1/12/13  29.4   1/5/13  460   14  4.07   2  35  1/31/13  NW  1022   71

HEAT BASE: 65.0
COOL BASE: 65.0