NOAA-Style Climate Reports


Report for 2012 December
                  MONTHLY CLIMATOLOGICAL SUMMARY FOR 12/2012
                                        HEAT  COOL        
     MEAN                               DEG   DEG       WIND SPEED       DOM MEAN  MEAN
DAY  TEMP  HIGH   TIME     LOW   TIME   DAYS  DAYS RAIN AVG  HI  TIME    DIR BAROM HUM
---------------------------------------------------------------------------------------
1    55.0  69.1   2:39pm  42.8   5:37am   10    0  0.00   0   8   2:43pm  NW  1027   76
2    59.1  71.8   3:50pm  49.0   6:36am    7    1  0.00   1  13   2:58pm   S  1026   76
3    59.1  73.4   1:51pm  45.9   6:59am    8    2  0.00   1  12   1:12pm   S  1025   75
4    63.3  72.8  12:20pm  56.7   4:35am    3    2  0.00   2  14  12:30pm   S  1024   75
5    61.9  69.9   2:10pm  54.0   5:36am    4    1  0.00   1  14  12:11pm SSW  1020   77
6    56.5  62.0  12:00am  50.7  11:51pm    9    0  0.00   3  14  10:41am  NE  1021   66
7    52.6  62.7   3:05pm  45.7   3:08am   12    0  0.05   1  12  12:23am ENE  1018   80
8    58.4  68.5   4:00pm  50.1   7:08am    7    0  0.01   0   8  11:59am   S  1016   82
9    62.1  71.5   3:05pm  56.3   3:20am    4    1  0.00   1  11   3:07pm   S  1016   84
10   60.3  67.0   2:01pm  56.5   5:17am    5    0  0.69   3  19   2:15pm   S  1009   92
11   47.0  58.2  12:00am  40.6  11:55pm   18    0  0.00   3  16   1:10am WNW  1014   77
12   45.9  48.9   3:09pm  40.6  12:03am   19    0  0.00   2  18   7:45pm  NE  1022   76
13   47.9  57.2  12:33pm  38.8  11:54pm   17    0  0.00   1  14  12:26am ENE  1026   68
14   44.6  59.8   3:19pm  33.2   6:12am   20    0  0.00   1   9  12:31pm  NW  1026   70
15   48.7  58.7   3:19pm  39.6   3:38am   16    0  0.00   0   7   3:51pm  NW  1022   71
16   53.8  59.3  12:27pm  49.3   2:49am   11    0  1.01   1  15   4:29pm  NW  1016   87
17   55.5  57.9   8:38pm  53.2   5:49am    9    0  0.23   2  14  12:12pm   S  1009   94
18   52.9  60.2   3:40pm  41.4  11:55pm   12    0  0.00   3  18  10:08am   W  1011   70
19   50.9  68.9   2:56pm  36.3   7:26am   14    0  0.00   1   9  12:16pm SSW  1018   71
20   49.3  58.0   4:37pm  41.7   4:34am   16    0  0.68   2  36   8:22pm   W  1012   82
21   41.3  46.6   3:12pm  35.5   7:50am   24    0  0.00   9  35   4:22am WNW  1014   50
22   42.4  55.1   3:25pm  32.6   7:52am   23    0  0.00   4  20   1:58am WNW  1021   37
23   46.2  59.3   3:37pm  33.5   5:29am   19    0  0.00   2  12  12:39pm SSW  1020   49
24   48.7  52.5   5:02pm  43.8   7:20am   16    0  0.45   1  10  10:00am   S  1014   85
25   50.8  53.2  12:35pm  49.3   2:36am   14    0  0.13   2  18   8:07pm   E  1014   96
26   48.4  60.0   6:14am  37.7  11:55pm   17    0  1.20   5  27   4:08pm WNW  1005   81
27   40.3  48.8   1:51pm  35.1  11:58pm   25    0  0.00   4  20   9:34am WNW  1016   72
28   40.9  49.9   1:49pm  32.6   4:40am   24    0  0.00   1   9  10:21pm   E  1018   77
29   41.0  45.6  11:24am  36.6  11:58pm   24    0  0.64   4  22   4:28pm  NW  1014   85
30   38.8  50.8   3:24pm  31.5   7:49am   26    0  0.00   2  15   9:19am  NW  1027   62
31   43.4  54.8   2:30pm  30.8   3:17am   22    0  0.00   2  12  11:50am SSW  1026   62
---------------------------------------------------------------------------------------
TOT  50.6  73.4  12/3/12  30.8 12/31/12  456    8  5.09   2  36 12/20/12 WNW  1018   74

HEAT BASE: 65.0
COOL BASE: 65.0