NOAA-Style Climate Reports


Report for 2012 November
                  MONTHLY CLIMATOLOGICAL SUMMARY FOR 11/2012
                                        HEAT  COOL        
     MEAN                               DEG   DEG       WIND SPEED       DOM MEAN  MEAN
DAY  TEMP  HIGH   TIME     LOW   TIME   DAYS  DAYS RAIN AVG  HI  TIME    DIR BAROM HUM
---------------------------------------------------------------------------------------
1    50.9  63.5   4:11pm  40.3   7:29am   13    0  0.00   3  22   2:33pm   W  1013   38
2    58.7  74.2   4:16pm  43.0   7:52am    8    2  0.00   3  21   3:18pm WNW  1014   49
3    62.6  79.1   3:24pm  45.3   7:57am    6    4  0.00   1  14   4:51pm   S  1016   62
4    63.9  73.4   1:02pm  53.2  11:59pm    3    2  0.00   3  18  12:59pm WNW  1014   69
5    54.8  64.9   2:36pm  43.7   7:00am   10    0  0.00   1  10  12:58am  NW  1016   64
6    49.4  55.2  12:00am  44.7  11:28pm   16    0  0.42   2  16  10:51am ENE  1015   76
7    45.8  54.7   2:38pm  41.9   5:57am   19    0  0.04   1   9  11:49pm WNW  1014   80
8    50.1  64.9   3:04pm  36.6   6:46am   15    0  0.00   1  11  12:03pm  NW  1019   66
9    51.4  69.3   3:39pm  36.4   6:05am   14    1  0.00   0   7   3:26pm  NW  1023   63
10   53.4  72.3   3:01pm  36.7   7:01am   13    1  0.00   0   9   2:04pm   S  1026   63
11   55.7  70.7   3:58pm  39.8   6:03am   10    1  0.00   1   8   2:06pm   E  1028   72
12   63.0  72.7   1:59pm  55.0  11:54pm    3    1  0.20   1  13  12:47pm   S  1023   85
13   54.2  64.7   3:31pm  45.3   8:03am   11    0  0.00   2  12  12:17am WNW  1024   76
14   48.7  62.1   7:28pm  41.8   6:39am   16    0  0.00   3  16   8:43am ENE  1027   60
15   45.3  52.9   3:32pm  41.1  11:34pm   20    0  0.33   1  13   1:18am  NE  1025   86
16   47.4  60.5   2:41pm  37.1   7:13am   18    0  0.00   1   8  10:19am  NW  1025   73
17   49.1  60.2   2:33pm  39.1   2:34am   16    0  0.00   2  20  10:04am  NE  1029   57
18   54.1  62.5   3:44pm  48.1   6:13am   11    0  0.00   2  15   9:54am  NE  1028   58
19   56.6  65.5   1:36pm  50.0   5:33am    8    0  0.00   1  13   4:47am NNW  1024   74
20   57.5  68.7   3:38pm  48.6  11:59pm    8    0  0.00   0   7  12:11pm NNW  1019   72
21   55.2  69.2   2:57pm  43.3   6:53am   10    1  0.00   1   8  12:05pm  NW  1019   70
22   52.3  66.8   3:31pm  40.6   7:37am   13    0  0.00   1   6  12:05pm  NW  1022   67
23   55.0  71.7   3:13pm  38.7   6:25am   11    1  0.00   2  21   8:22pm WNW  1019   66
24   46.7  54.4   2:55pm  37.9  11:57pm   18    0  0.00   5  20   2:29pm WNW  1018   48
25   44.1  59.6   3:09pm  30.3   7:02am   21    0  0.00   1  10  10:17am SSW  1020   47
26   50.8  68.8   2:43pm  33.5   7:03am   15    0  0.00   1  10   2:17pm   S  1021   46
27   52.0  55.8   3:42pm  46.6  11:59pm   13    0  0.02   1   9   1:28pm   S  1020   79
28   51.0  60.3   2:46pm  42.5  11:59pm   14    0  0.00   1   9   9:34am  NW  1025   72
29   46.2  60.7   3:16pm  33.7   7:09am   19    0  0.00   1   9  12:17pm   S  1029   72
30   50.6  64.7   2:55pm  35.3   4:13am   14    0  0.00   0   8   2:16pm WNW  1027   72
---------------------------------------------------------------------------------------
TOT  52.5  79.1  11/3/12  30.3 11/25/12  387   14  1.01   1  22  11/1/12  NW  1021   66

HEAT BASE: 65.0
COOL BASE: 65.0