NOAA-Style Climate Reports


Report for 2012 October
                  MONTHLY CLIMATOLOGICAL SUMMARY FOR 10/2012
                                        HEAT  COOL        
     MEAN                               DEG   DEG       WIND SPEED       DOM MEAN  MEAN
DAY  TEMP  HIGH   TIME     LOW   TIME   DAYS  DAYS RAIN AVG  HI  TIME    DIR BAROM HUM
---------------------------------------------------------------------------------------
1    69.9  73.8   5:35pm  67.3  12:07am    0    5  0.53   1  15   7:09pm   E  1006   95
2    71.4  76.2   2:34pm  67.0  11:46pm    0    6  0.31   2  16  12:09pm   S  1008   83
3    68.1  74.4   1:23pm  63.0   6:41am    0    3  0.01   1   9  12:41pm   S  1018   83
4    70.3  81.6   4:26pm  62.2   8:04am    0    6  0.00   1  10   3:14pm WNW  1022   74
5    68.6  82.0   4:11pm  57.4   8:01am    2    6  0.00   1  10   3:11pm  NW  1019   74
6    70.6  82.1   2:58pm  58.5   7:43am    1    7  0.00   1  13   1:30pm WNW  1014   75
7    64.5  72.7   2:26pm  58.0  11:57pm    2    2  0.00   3  16   3:50pm WNW  1015   76
8    57.3  59.7   2:02am  53.4  11:58pm    8    0  0.00   2  12   9:45am ENE  1019   77
9    57.7  68.6   3:34pm  51.4   4:31am    8    0  0.00   1  13   1:19pm ENE  1019   76
10   59.7  72.4   4:55pm  47.6   5:32am    7    2  0.00   2  19   1:53pm WNW  1019   76
11   60.5  73.4   4:55pm  48.5   7:30am    6    2  0.00   1   9  10:27am  NW  1023   72
12   67.2  78.4   3:18pm  57.4   2:29am    2    4  0.00   1  12   2:57pm  NW  1022   70
13   64.8  72.6   5:05pm  59.6  11:58pm    2    2  0.00   2  14   9:08am ENE  1025   71
14   65.9  75.4   4:50pm  58.3   7:40am    2    3  0.00   1  10   1:39pm  NE  1021   79
15   68.2  76.6   3:09pm  60.4  11:29pm    0    4  0.13   3  19   3:10pm WNW  1012   73
16   60.8  72.5   3:04pm  49.5   6:59am    6    1  0.00   1   8  12:00am  NW  1013   64
17   62.1  74.7   3:45pm  52.8   7:11am    5    2  0.00   1  13  12:43pm   S  1012   68
18   63.0  73.2   2:39pm  55.6   5:15am    4    2  0.00   1  12   5:09pm   S  1009   84
19   62.5  73.1   3:02pm  51.0   8:05am    4    2  0.00   2  24   2:13pm   S  1008   54
20   59.3  70.3   4:15pm  48.2   7:56am    7    1  0.00   2  18   1:53pm WNW  1011   59
21   59.1  73.2   4:38pm  46.6   8:04am    7    1  0.00   1   7  10:32am  NW  1018   68
22   61.8  79.0   4:25pm  47.9   7:59am    7    3  0.00   0   7  12:30pm WNW  1021   70
23   62.4  77.6   3:25pm  49.5   7:44am    6    3  0.00   1   7   1:42pm  NW  1020   70
24   63.7  80.6   4:01pm  49.9   7:29am    5    4  0.00   1   8   2:39pm  NW  1020   72
25   65.9  80.1   3:21pm  53.0   7:09am    4    5  0.00   1  11  12:50pm  NW  1017   74
26   68.5  80.3   3:55pm  59.3   6:46am    1    5  0.00   1  12   2:17pm ENE  1014   74
27   65.7  75.7   2:33pm  57.2  11:57pm    2    3  0.00   2  15   7:31pm  NW  1008   74
28   56.0  64.6   2:22pm  48.1  11:55pm    9    0  0.00   3  21   7:49pm WNW  1007   77
29   50.3  57.5   1:30pm  45.5   4:10am   15    0  0.00   7  31   3:25pm WNW  1008   57
30   50.5  57.1   4:41pm  45.7   8:55am   14    0  0.00   8  30  11:58am WNW  1004   40
31   52.0  62.9   4:48pm  43.5   7:14am   13    0  0.00   4  23   2:08pm   W  1009   37
---------------------------------------------------------------------------------------
TOT  62.8  82.1  10/6/12  43.5 10/31/12  150   84  0.98   2  31 10/29/12  NW  1015   71

HEAT BASE: 65.0
COOL BASE: 65.0