NOAA-Style Climate Reports


Report for 2012 September
                  MONTHLY CLIMATOLOGICAL SUMMARY FOR 9/2012
                                        HEAT  COOL        
     MEAN                               DEG   DEG       WIND SPEED       DOM MEAN  MEAN
DAY  TEMP  HIGH   TIME     LOW   TIME   DAYS  DAYS RAIN AVG  HI  TIME    DIR BAROM HUM
---------------------------------------------------------------------------------------
1    82.0  92.1   4:32pm  73.9   5:53am    0   17  0.00   2  11   1:36pm   S  1019   74
2    79.8  88.8  12:47pm  73.4   7:24am    0   15  0.03   1  14  12:52pm   S  1015   80
3    76.7  87.0   1:47pm  73.2   4:44pm    0   12  0.29   2  22   3:08pm   S  1013   88
4    74.5  83.9   4:05pm  71.3   6:49am    0   10  0.83   1  10   9:42am   S  1012   92
5    77.3  83.6   4:37pm  72.3   7:20am    0   12  0.01   1  11  12:23pm   S  1012   85
6    78.5  87.1   5:27pm  73.6   3:59am    0   14  0.00   3  13   5:58am   S  1012   83
7    79.9  90.3   4:28pm  71.0   7:18am    0   15  0.00   1   8   9:35am ENE  1011   78
8    76.1  83.7  12:07pm  70.7  11:59pm    0   11  0.37   2  18  12:31pm   S  1008   85
9    71.5  81.2   5:45pm  62.8   7:02am    0    7  0.00   2  11   9:28am  NW  1012   70
10   71.1  82.9   3:35pm  60.7   7:01am    1    7  0.00   1  10  11:25am ENE  1017   68
11   71.1  81.0   2:31pm  62.8   5:19am    0    6  0.00   1   8   1:37pm ENE  1022   70
12   70.6  80.7   5:08pm  61.3   6:51am    0    6  0.00   1  12   1:11pm  NE  1024   71
13   70.1  79.9   3:42pm  60.2   6:51am    1    6  0.00   1  13  12:36pm ENE  1024   73
14   73.8  83.1   3:55pm  67.1   8:00am    0    9  0.00   1  10  10:32am  NE  1021   66
15   74.6  85.8   3:35pm  63.8   7:17am    0   10  0.00   1   8  12:52pm  NW  1019   70
16   73.7  82.6   2:03pm  66.7   7:26am    0    9  0.01   1  10   2:46pm SSW  1017   80
17   74.0  82.2   2:30pm  68.4   6:59am    0    9  0.44   1   9  12:12pm ESE  1013   86
18   72.5  75.8   6:01pm  67.6  11:58pm    0    8  0.21   3  16   1:39pm   S  1007   88
19   69.1  79.8   5:23pm  58.8   7:44am    1    5  0.00   2  14  12:00am  NW  1014   75
20   69.5  79.3   3:33pm  61.8   8:13am    1    5  0.00   1  10  10:12am ENE  1018   78
21   71.9  83.1   3:47pm  62.7   6:55am    0    7  0.00   1  11   3:55pm SSW  1016   76
22   74.8  86.3   4:16pm  64.8   6:55am    0   10  0.00   2  17   3:22pm   S  1015   70
23   69.6  80.6   4:02pm  57.0   7:31am    1    6  0.00   2  16   1:10pm  NW  1018   52
24   63.2  76.5   3:55pm  48.8   7:13am    5    3  0.00   2  17  10:56am  NW  1020   55
25   66.1  80.2   4:08pm  52.7   7:05am    4    5  0.00   1  10   1:26pm  NW  1021   71
26   69.7  83.0   3:57pm  57.5   7:08am    2    6  0.00   0   8  11:49am   S  1021   71
27   71.9  86.2   4:03pm  59.8   7:29am    1    8  0.00   1  11   3:12pm  NW  1020   70
28   72.5  85.6   3:16pm  62.6   7:26am    0    8  0.01   1  12   5:34pm   S  1017   77
29   72.0  78.2   4:54pm  67.0   4:03am    0    7  0.00   1   7   4:12pm WNW  1013   82
30   67.2  70.6   4:41pm  64.4   5:41am    0    2  0.48   1   9   9:17am ENE  1010   90
---------------------------------------------------------------------------------------
TOT  72.8  92.1   9/1/12  48.8  9/24/12   18  253  2.68   1  22   9/3/12   S  1016   76

HEAT BASE: 65.0
COOL BASE: 65.0