NOAA-Style Climate Reports


Report for 2012 August
                  MONTHLY CLIMATOLOGICAL SUMMARY FOR 8/2012
                                        HEAT  COOL        
     MEAN                               DEG   DEG       WIND SPEED       DOM MEAN  MEAN
DAY  TEMP  HIGH   TIME     LOW   TIME   DAYS  DAYS RAIN AVG  HI  TIME    DIR BAROM HUM
---------------------------------------------------------------------------------------
1    81.5  95.1   4:30pm  72.3   6:59am    0   16  0.00   1   9   9:18am  NW  1011   72
2    83.6  97.9   5:03pm  74.0   6:49am    0   19  0.00   2  23   6:54pm   S  1011   65
3    81.1  92.7   4:51pm  71.2   5:15am    0   15  0.00   2  12   2:49pm   S  1013   71
4    78.3  89.3   5:19pm  72.8   9:04am    0   13  0.15   1  16   5:28pm   E  1018   82
5    79.3  88.7   4:53pm  71.8   6:50am    0   14  0.00   1  12   5:16pm   E  1020   78
6    78.8  88.1   1:55pm  73.6   4:01am    0   14  0.00   1  10   3:08pm ESE  1017   80
7    78.7  87.5   5:50pm  73.7  11:55pm    0   14  0.04   1   9   5:25pm   S  1015   81
8    77.4  91.4   2:56pm  71.2   7:34pm    0   12  0.23   1  17   6:25pm   S  1014   80
9
10   81.0  83.7   3:30pm  76.9  11:30pm    0    7  0.00   3  15   2:00pm   S  1010   74
11   76.7  85.8   5:10pm  71.2   6:00am    0   11  0.15   1   9   7:00pm   W  1011   80
12   75.5  87.9   4:55pm  62.6   7:02am    0   11  0.00   1  11   4:04pm WNW  1014   67
13   76.2  87.7   4:52pm  63.6   7:11am    0   11  0.00   1  12  10:55am WNW  1015   63
14   75.7  85.5   5:21pm  67.1   6:50am    0   11  0.05   2  12   2:32pm   S  1013   78
15   77.2  86.0   2:58pm  70.0   7:08am    0   12  0.01   2  12   2:24pm   S  1013   78
16   80.2  90.8   4:27pm  70.6   6:44am    0   15  0.00   1  10   3:30pm  NW  1014   64
17   79.9  90.6   2:08pm  71.1   5:46am    0   15  0.00   2  16   2:36pm WNW  1012   67
18   77.2  85.5   5:35pm  69.6   7:08am    0   12  0.02   2  14   5:01pm WNW  1011   75
19   75.8  82.2   5:44pm  70.1   7:05am    0   11  0.18   1  14   1:47pm SSW  1010   81
20   75.4  83.7   2:26pm  68.7   8:04am    0   10  0.00   1   8   1:55pm   S  1011   79
21   74.4  84.5   1:25pm  66.0   6:10am    0    9  0.00   1   9   1:21pm  NW  1014   79
22   76.0  85.3   4:01pm  67.5   7:13am    0   11  0.00   1  10   3:26pm  NE  1017   74
23   76.4  87.0   4:58pm  67.6   6:34am    0   11  0.00   1   9   1:02pm ENE  1018   75
24   77.8  88.2   4:06pm  69.4   6:59am    0   13  0.00   2  12   2:48pm ENE  1018   68
25   76.7  88.6   3:28pm  65.0   7:25am    0   12  0.00   1   8  12:25pm   E  1018   67
26   79.2  90.4   4:56pm  68.6   7:16am    0   14  0.00   1  13   5:37pm ENE  1018   66
27   79.0  91.3   3:58pm  66.7   6:40am    0   14  0.00   2  15  11:21am ENE  1016   67
28   74.9  76.6  12:00am  73.4   6:38am    0   10  1.10   1   8   5:02am ENE  1014   93
29   78.8  86.3   2:43pm  73.4   6:55am    0   14  0.00   1   9  12:42pm   S  1013   84
30   76.8  82.7   3:40pm  72.2   6:25am    0   12  0.00   1   8   5:01pm   S  1017   86
31   79.4  89.1   4:49pm  73.3   7:13am    0   14  0.00   1   9   4:50pm   S  1021   81
---------------------------------------------------------------------------------------
TOT  77.9  97.9   8/2/12  62.6  8/12/12    0  380  1.93   1  20   8/2/12   S  1015   75

HEAT BASE: 65.0
COOL BASE: 65.0