NOAA-Style Climate Reports


Report for 2012 July
                  MONTHLY CLIMATOLOGICAL SUMMARY FOR 7/2012
                                        HEAT  COOL        
     MEAN                               DEG   DEG       WIND SPEED       DOM MEAN  MEAN
DAY  TEMP  HIGH   TIME     LOW   TIME   DAYS  DAYS RAIN AVG  HI  TIME    DIR BAROM HUM
---------------------------------------------------------------------------------------
1    90.1 107.3   3:15pm  73.3  11:59pm    0   25  0.04   2  26  11:41pm  NW  1011   53
2    81.3  93.1   5:44pm  71.1   6:28am    0   16  0.34   2  26  12:00am  NW  1016   69
3    81.8  99.5   2:33pm  73.9   6:17pm    0   17  0.01   1  26   3:47pm NNW  1014   72
4    82.7  99.2   5:14pm  70.1   6:47am    0   18  0.00   2  12  10:20am   S  1014   66
5    87.0 100.6   5:05pm  73.8   6:32am    0   22  0.00   1  18   9:40pm WNW  1013   57
6    84.1  98.8   5:27pm  76.1   8:36am    0   19  0.00   1  17   7:08pm  NW  1013   62
7    83.5  96.8   3:51pm  72.1   6:45am    0   19  0.00   1  11   5:50pm   S  1015   69
8    86.0  97.1   3:45pm  76.1   6:36am    0   21  0.00   2  14  11:54am SSW  1014   62
9    84.3  96.9   3:35pm  76.8   7:00am    0   19  0.00   3  14  10:48am SSW  1012   64
10   80.0  94.8   4:53pm  71.1   6:22am    0   15  0.14   2  20   6:24pm   S  1013   75
11   77.6  88.9   5:51pm  70.4   6:54am    0   13  1.36   1  16   9:57pm  NW  1016   79
12   74.8  85.5   4:44pm  69.9   4:03am    0   10  0.20   1  14   6:02pm ESE  1017   86
13   76.4  86.9   3:32pm  71.5   4:43am    0   11  0.36   0  13   3:57pm ENE  1018   87
14   79.2  91.7   5:44pm  73.1   7:27pm    0   14  0.28   2  18   7:07pm   E  1019   80
15   80.9  91.8   5:15pm  72.2   6:11am    0   16  0.00   1  10   1:05pm   S  1019   74
16   80.8  93.2   3:07pm  73.3   6:09am    0   16  0.00   1  13   5:27pm   S  1016   76
17   79.0  93.4   1:25pm  73.3   6:04am    0   14  0.00   2  25   1:57pm   S  1014   77
18   77.8  91.2   1:04pm  72.0   5:27am    0   13  0.00   1  16   2:35pm   S  1014   80
19   80.6  91.8   4:28pm  71.0   5:56am    0   15  0.00   2  12   1:30pm   S  1015   75
20   80.0  85.3   1:34pm  74.8   6:13am    0   15  0.00   3  17  11:32am SSW  1014   79
21   75.8  85.2   3:35pm  71.0  11:29am    0   11  0.49   2  15   2:55pm   S  1016   88
22   81.8  93.1   4:23pm  71.5   6:30am    0   17  0.01   1  10   1:15pm   S  1019   75
23   84.8  96.6   3:32pm  73.4   6:36am    0   20  0.00   1  10   1:52pm   S  1019   66
24   86.4  94.6   5:02pm  77.4   6:30am    0   21  0.00   3  17   2:00pm WNW  1015   65
25   85.6  93.1   6:01pm  77.6   6:00am    0   21  0.00   1   9  12:48pm WNW  1012   67
26   87.3  96.7   4:30pm  78.2   6:13am    0   22  0.00   2  15   1:11pm WNW  1011   65
27   84.2  95.7   4:16pm  77.5  11:59pm    0   19  0.00   3  18   5:23pm SSW  1012   69
28   85.0  97.2   5:39pm  75.5   2:59am    0   20  0.00   2  12   3:13pm WNW  1014   63
29   84.7  94.3   3:47pm  76.0   5:32am    0   20  0.01   1  10   1:17pm WNW  1013   57
30   82.1  93.3   3:46pm  72.6   6:37am    0   17  0.01   1  13   3:54pm ENE  1012   68
31   77.1  81.9   5:34pm  73.1   8:25am    0   12  0.04   1   9   1:48pm   E  1012   83
---------------------------------------------------------------------------------------
TOT  82.0 107.3   7/1/12  69.9  7/12/12    0  527  3.29   2  26   7/1/12   S  1015   71

HEAT BASE: 65.0
COOL BASE: 65.0