NOAA-Style Climate Reports


Report for 2012 June
                  MONTHLY CLIMATOLOGICAL SUMMARY FOR 6/2012
                                        HEAT  COOL        
     MEAN                               DEG   DEG       WIND SPEED       DOM MEAN  MEAN
DAY  TEMP  HIGH   TIME     LOW   TIME   DAYS  DAYS RAIN AVG  HI  TIME    DIR BAROM HUM
---------------------------------------------------------------------------------------
1    71.6  81.2   3:01pm  66.3   5:05am    0    7  0.18   3  19   1:33pm SSW  1008   81
2    67.7  78.2   4:29pm  56.8   6:40am    2    4  0.00   4  20   5:18pm WNW  1011   57
3    72.3  85.0   4:57pm  56.7   6:47am    2    9  0.00   2  15  11:21am SSW  1013   64
4    73.7  82.6   6:02pm  67.3   6:16am    0    9  0.41   3  27   3:16am WNW  1008   78
5    68.5  72.2  12:00am  64.7  11:11am    0    4  0.12   1  10  12:09am ENE  1008   85
6    69.7  80.7   4:53pm  62.9   5:11am    0    5  0.00   1  13   3:52pm ENE  1011   77
7    72.2  83.2   5:38pm  62.4   6:55am    0    7  0.00   1   8   9:39am ENE  1015   70
8    75.0  86.1   5:02pm  63.3   6:13am    0   10  0.00   1  10   3:15pm   E  1015   65
9    76.6  87.1   3:44pm  65.6   6:49am    0   12  0.00   1  13   3:25pm   E  1016   58
10   70.0  73.7  12:00am  65.3   7:55am    0    5  0.40   1   9   6:31pm  NE  1016   89
11   72.3  78.5   6:42pm  68.3   5:44am    0    7  0.05   2  15   2:43pm   S  1016   92
12   78.1  87.7   4:10pm  71.3   1:20am    0   13  0.01   2  14   6:17pm   S  1013   77
13   78.6  89.4   4:41pm  67.6   6:26am    0   14  0.01   1  11   1:14pm  NE  1012   72
14   76.0  83.4   4:34pm  70.2   6:32am    0   11  0.00   2  14   8:48am ENE  1016   73
15   75.5  82.9   4:33pm  68.5   7:06am    0   11  0.00   2  12  12:00pm ENE  1019   67
16   73.3  82.6   5:18pm  62.4   6:24am    0    8  0.00   1  11  12:12pm ENE  1021   66
17   73.8  85.5   5:38pm  60.6   6:36am    1    9  0.00   1   9   1:34pm WNW  1018   65
18   76.2  87.4   4:53pm  64.2   5:32am    0   11  0.00   1  11   5:16pm   S  1016   64
19   77.8  89.2   5:01pm  66.4   6:26am    0   13  0.00   1  12   3:24pm   E  1019   61
20   78.7  90.1   5:01pm  66.4   6:58am    0   13  0.00   1  11  12:25pm   E  1019   64
21   79.6  89.9   3:20pm  70.2   6:28am    0   15  0.00   1  10   2:11pm   S  1016   67
22   81.8  94.2   4:41pm  69.0   6:18am    0   15  0.00   2  12   3:28pm   S  1011   63
23   83.0  95.5   5:29pm  71.1   6:55am    0   15  0.00   1  11   1:03pm   S  1012   64
24   82.0  93.8   1:52pm  72.5   6:53am    0   14  0.00   1  10   4:28pm   E  1012   69
25   81.5  93.8   4:37pm  71.8   6:33am    0   13  0.00   1  10   3:05pm ESE  1008   67
26   80.4  89.4   4:21pm  74.0   5:22am    0   13  0.00   3  18   9:31am ENE  1007   56
27   76.9  89.8   5:13pm  62.0   6:53am    0   10  0.00   1  11   2:46pm  NE  1013   49
28   83.4  99.6   4:54pm  65.3   5:40am    0   15  0.00   2  14  11:44am WNW  1015   52
29   90.1 107.9   4:38pm  76.8   6:47am    0   20  0.00   2  11   8:14am  NW  1011   45
30   91.2 107.3   4:17pm  75.0   6:18am    0   25  0.00   1   8   2:30pm WNW  1009   50
---------------------------------------------------------------------------------------
TOT  76.6 107.9  6/29/12  56.7   6/3/12    5  339  1.18   1  27   6/4/12 ENE  1014   67

HEAT BASE: 65.0
COOL BASE: 65.0