NOAA-Style Climate Reports


Report for 2012 May
                  MONTHLY CLIMATOLOGICAL SUMMARY FOR 5/2012
                                        HEAT  COOL        
     MEAN                               DEG   DEG       WIND SPEED       DOM MEAN  MEAN
DAY  TEMP  HIGH   TIME     LOW   TIME   DAYS  DAYS RAIN AVG  HI  TIME    DIR BAROM HUM
---------------------------------------------------------------------------------------
1    76.1  88.4   3:49pm  67.1   6:30am    0   10  0.00   1  11  10:00am SSW  1018   71
2    78.0  89.1   5:07pm  64.8   5:49am    0   11  0.00   1  10   5:09pm SSW  1017   64
3    76.7  87.8   3:57pm  65.0   6:46am    0   12  0.00   1   9   2:12pm SSW  1018   66
4    75.0  84.8   5:32pm  67.6  10:56am    0   10  0.05   1  12   5:59pm  NW  1016   76
5    79.3  90.7   4:33pm  68.1   6:57am    0   14  0.00   2  18  12:18pm  NW  1012   66
6    77.3  86.7   3:52pm  66.4   7:00am    0   12  0.00   2  13   5:36pm   E  1012   64
7    71.4  77.9   2:47pm  66.9   5:25am    0    6  0.05   1   9   3:14pm   E  1013   82
8    72.1  84.1   4:23pm  66.7   2:44am    0    7  0.00   1  12   6:20pm SSW  1011   80
9    67.7  75.0   2:14pm  59.8  11:59pm    0    3  0.48   2  18   3:15pm WNW  1008   84
10   64.9  76.6   4:41pm  52.5   5:48am    4    3  0.02   2  15  12:45pm  NW  1011   60
11   67.1  80.8   4:04pm  51.2   6:37am    3    5  0.00   2  16   9:46am ENE  1018   56
12   68.5  75.2   3:14pm  62.5   7:04am    0    4  0.04   1  10   3:38pm   E  1023   73
13   64.9  69.5  12:00am  62.0   8:09am    1    1  0.63   1  12   3:32pm ESE  1019   88
14   71.8  81.2   6:18pm  65.8   6:13am    0    7  0.05   2  14   4:50pm   S  1013   81
15   72.7  83.0   5:19pm  62.9   6:36am    0    8  0.01   2  14   1:13pm   S  1013   74
16   73.6  84.7   3:38pm  63.6   6:32am    0    9  0.00   1  10   2:27pm  NW  1012   70
17   70.9  81.9   3:14pm  64.4  11:53pm    0    6  0.00   1  14   5:43pm ENE  1013   75
18   70.2  79.5   5:27pm  60.7   6:35am    1    6  0.00   2  16  10:57am ENE  1016   74
19
20   71.4  76.9   7:25pm  67.8  11:50pm    0    1  0.00   0   3   7:13pm  NW  1016   67
21   72.3  86.6   4:06pm  60.2   6:49am    1    8  0.08   1  13   8:12pm  NW  1014   68
22   71.2  82.5   5:27pm  64.0  11:57pm    0    6  0.02   2  24   8:32pm WNW  1010   74
23   71.3  84.1   4:37pm  59.3   6:26am    1    8  0.00   1  11   1:09pm  NW  1010   70
24   76.5  89.9   5:28pm  63.2   7:13am    0   12  0.00   1   9   3:07pm  NW  1012   67
25   80.3  93.2   5:27pm  67.9   6:57am    0   15  0.00   1   8   3:39pm   E  1016   61
26   79.2  93.5   3:56pm  68.4   6:36am    0   12  0.00   1  10   2:49pm  NW  1018   67
27   80.6  90.2   5:18pm  71.2   6:23am    0   16  0.00   2  15  11:20am  NE  1016   61
28   76.6  87.9   2:27pm  69.9   6:09am    0   12  0.03   2  22   2:44pm ENE  1014   76
29   74.4  81.9   5:17pm  68.5  11:00am    0    9  0.35   2  11   4:07pm ENE  1011   82
30   78.8  91.2   4:34pm  68.4   7:12am    0   14  0.00   1  14   4:57am  NW  1008   64
31   79.0  93.8   4:38pm  65.9   6:01am    0   14  0.29   1  23   8:54pm   S  1009   61
---------------------------------------------------------------------------------------
TOT  73.7  93.8  5/31/12  51.2  5/11/12   12  261  2.10   1  24  5/22/12  NW  1014   71

HEAT BASE: 65.0
COOL BASE: 65.0