NOAA-Style Climate Reports


Report for 2012 April
                  MONTHLY CLIMATOLOGICAL SUMMARY FOR 4/2012
                                        HEAT  COOL        
     MEAN                               DEG   DEG       WIND SPEED       DOM MEAN  MEAN
DAY  TEMP  HIGH   TIME     LOW   TIME   DAYS  DAYS RAIN AVG  HI  TIME    DIR BAROM HUM
---------------------------------------------------------------------------------------
1    71.7  85.1   4:51pm  56.9   7:51am    2    8  0.00   1  15   3:47pm NNW  1009   63
2    75.5  88.3   3:52pm  63.4   7:23am    0   11  0.00   2  15  11:49am  SW  1008   62
3    71.4  85.6   4:36pm  64.0  11:23pm    0    6  0.16   1  23   9:41pm   E  1012   76
4    72.2  85.3   3:46pm  60.4   6:49am    1    8  0.01   2  17   3:48pm  SW  1008   70
5    70.0  79.7   2:58pm  61.9  11:58pm    0    5  0.00   2  18   4:51pm  SW  1004   73
6    59.0  66.7   5:53pm  53.6  11:51pm    6    0  0.00   3  19  11:34am ENE  1012   71
7    59.8  73.5   4:14pm  45.2   7:06am    7    2  0.00   1  10   2:07pm NNW  1021   67
8    66.2  80.2   2:43pm  51.2   7:09am    4    5  0.00   2  16   5:15pm  SW  1019   56
9    66.8  80.9   4:23pm  51.6   7:30am    3    4  0.00   2  17   5:05pm  NW  1016   41
10   64.9  79.7   3:36pm  52.6   7:15am    3    3  0.06   3  34   4:44pm  NW  1015   48
11   58.3  68.0   4:07pm  47.8   7:34am    7    0  0.00   3  24   4:28pm  NW  1016   35
12   53.6  66.3   4:43pm  39.8   7:34am   11    0  0.00   1  11   9:46am ENE  1021   44
13   57.8  74.6   4:55pm  41.9   7:03am    9    2  0.00   1  11   3:58pm  NW  1022   54
14   63.1  77.7   4:55pm  46.5   7:16am    5    4  0.00   1  13  12:09pm SSW  1023   53
15   67.7  81.3   4:25pm  54.7   6:58am    3    6  0.00   2  13   1:13pm SSW  1021   68
16   69.1  78.7  12:56pm  59.1   7:03am    1    5  0.10   1  16   2:15pm SSW  1021   72
17   71.3  84.8   4:09pm  60.3   6:34am    1    7  0.02   1  13   7:53pm  NW  1018   74
18   60.7  66.7   1:28am  55.9  11:33pm    5    0  0.74   2  11   3:41am ENE  1017   91
19   61.1  69.5   3:47pm  55.1   6:39am    4    0  0.01   1  10   5:43pm ENE  1016   84
20   63.1  69.7   6:11pm  59.7   9:37am    3    1  0.00   1   9  12:00am ENE  1013   87
21   67.2  78.0   3:25pm  58.4   6:06am    2    4  0.00   1   8  11:27pm  NW  1007   80
22   62.6  70.1   2:33pm  52.3  11:58pm    3    1  0.04   6  27   7:18pm  NW  1002   64
23   52.4  61.1   4:49pm  44.4   6:58am   13    0  0.00   6  26  11:20am  NW  1007   45
24   55.5  68.2   5:13pm  42.1   7:06am   10    0  0.00   4  28  12:13pm  NW  1011   48
25   66.3  81.6   3:30pm  50.1   7:04am    5    6  0.00   3  17   4:01pm SSW  1011   60
26   73.3  83.6   3:29pm  62.8   7:29am    0    8  0.00   5  21   1:44pm SSW  1011   57
27   74.0  83.1   3:21pm  67.3   7:24am    0    9  0.05   3  17   4:52pm SSW  1014   69
28   72.0  83.1   4:20pm  63.1   6:44am    0    7  0.00   1  10   4:39pm ENE  1016   83
29   72.0  82.6  12:30pm  67.1   6:30am    0    4  0.00   1  11  10:00am SSW  1019   78
---------------------------------------------------------------------------------------
TOT  72.0  82.6   5/1/12  67.1   5/1/12  108  118  0.00   1  11   5/1/12 SSW  1019   78

HEAT BASE: 65.0
COOL BASE: 65.0