NOAA-Style Climate Reports


Report for 2012 March
                  MONTHLY CLIMATOLOGICAL SUMMARY FOR 3/2012
                                        HEAT  COOL        
     MEAN                               DEG   DEG       WIND SPEED       DOM MEAN  MEAN
DAY  TEMP  HIGH   TIME     LOW   TIME   DAYS  DAYS RAIN AVG  HI  TIME    DIR BAROM HUM
---------------------------------------------------------------------------------------
1    68.8  78.3   4:41pm  62.5   7:56am    0    4  0.18   3  20   2:55pm SSW  1011   76
2    69.6  77.4   3:58pm  64.1   6:45am    0    5  0.00   4  27   4:27pm SSW  1008   77
3    58.7  71.8  12:01am  51.9  11:01am    7    0  1.81   4  23   6:50am  NW  1006   68
4    48.7  53.7   4:19pm  43.2   7:04am   16    0  0.00   5  31  10:14am  NW  1013   39
5    50.8  58.7   4:14pm  42.1  11:56pm   14    0  0.00   5  29  10:29am NNW  1023   38
6    47.4  61.5   4:15pm  34.3   4:41am   18    0  0.00   1  13   3:49pm   E  1034   46
7    55.8  66.0   2:51pm  46.9   7:22am    9    0  0.00   1  11   2:52pm   E  1032   68
8    63.7  74.7   4:30pm  51.1   6:44am    4    3  0.00   2  16   4:34pm SSW  1024   70
9    61.0  67.2   4:56pm  50.6  11:55pm    4    0  0.19   3  18   1:05am NNW  1021   73
10   52.8  65.4   2:50pm  38.3   7:02am   12    0  0.00   1  18   9:29am   E  1028   49
11   56.0  68.6   5:08pm  43.2   7:46am    9    0  0.00   2  11  10:46am   E  1030   60
12   60.8  65.2   4:15pm  57.4   8:12am    4    0  0.02   1   9  12:16pm ESE  1026   81
13   63.9  74.6   5:02pm  57.3   4:13am    3    2  0.15   1  12   9:46am SSW  1023   88
14   68.2  82.3   4:20pm  55.3   7:53am    2    6  0.00   1  11   2:33pm NNW  1022   73
15   69.1  84.3   4:05pm  55.3   6:06am    3    7  0.00   1  10   3:09pm NNW  1022   64
16   70.0  84.0   3:11pm  57.3   7:43am    2    7  0.10   1  26   1:30am NNW  1021   68
17   68.3  80.5   5:49pm  60.8   7:18am    1    4  0.04   1  13   7:21am NNW  1021   75
18   71.4  82.5   5:48pm  60.7   7:39am    0    7  0.00   1  10   3:40am   E  1022   67
19   72.1  85.2   5:00pm  59.5   7:28am    1    8  0.00   0   9   6:10pm   E  1020   67
20   72.8  85.0   3:56pm  61.6   7:50am    0    8  0.00   1  13   4:34pm   E  1019   64
21   69.2  77.7   4:28pm  60.2   7:21am    1    5  0.00   1  11  12:13pm   E  1021   73
22   70.0  77.8   6:05pm  64.5   7:55am    0    5  0.02   1   8   8:39am   E  1020   80
23   70.1  76.3   2:08pm  64.8   7:21am    0    5  0.00   2  16   2:58pm SSW  1017   80
24   69.1  79.0   4:41pm  60.4  11:58pm    0    4  0.00   3  20   1:50pm  SW  1010   63
25   63.4  78.0   4:09pm  51.4   7:52am    5    3  0.00   3  17   4:32pm NNW  1009   59
26   68.2  84.2   4:18pm  53.2   7:33am    3    6  0.00   1  11   2:49pm NNW  1014   51
27   64.7  75.3   4:43pm  56.9   4:30am    3    2  0.00   2  17   9:48am   E  1021   51
28   68.5  82.7   3:39pm  57.7   3:19am    2    6  0.00   2  17   4:25pm  SW  1019   64
29   71.9  83.8   4:20pm  60.0   7:07am    1    8  0.00   2  14  12:11pm  SW  1013   57
30   70.5  82.2   2:53pm  58.9   7:27am    1    6  0.17   2  17   2:31pm  SW  1012   66
31   69.0  77.4   5:44pm  63.5   1:53am    0    4  0.11   2  12  10:19am  SW  1009   79
---------------------------------------------------------------------------------------
TOT  64.7  85.2  3/19/12  34.3   3/6/12  127  116  2.79   2  31   3/4/12 SSW  1019   66

HEAT BASE: 65.0
COOL BASE: 65.0