NOAA-Style Climate Reports


Report for 2012 February
                  MONTHLY CLIMATOLOGICAL SUMMARY FOR 2/2012
                                        HEAT  COOL        
     MEAN                               DEG   DEG       WIND SPEED       DOM MEAN  MEAN
DAY  TEMP  HIGH   TIME     LOW   TIME   DAYS  DAYS RAIN AVG  HI  TIME    DIR BAROM HUM
---------------------------------------------------------------------------------------
1    53.6  69.1   2:35pm  42.1   3:32am   12    0  0.14   1  11   1:58pm SSW  1022   78
2    60.2  71.0   3:47pm  50.1  11:44pm    6    1  0.01   2  16  12:12pm  NW  1020   70
3    53.5  60.5   2:33pm  46.6   2:38am   11    0  0.00   2  14  10:27am ENE  1027   54
4    55.0  63.7   3:14pm  48.3   8:09am   10    0  0.01   1  11  11:52pm ENE  1022   71
5    60.4  70.4   3:59pm  52.9   3:26am    6    1  0.02   2  14   2:30pm NNW  1016   76
6    47.8  54.2  12:03am  41.1  11:47pm   17    0  0.00   2  16   2:55am ENE  1021   81
7    46.7  60.7   4:50pm  37.9   1:32am   18    0  0.00   0   7   3:23pm   E  1021   80
8    49.8  62.2   2:31pm  40.4   2:56am   15    0  0.00   2  19  12:30pm  NW  1021   62
9    44.3  54.4   2:41pm  34.8   7:24am   21    0  0.00   1  11  10:37am NNW  1023   67
10   45.1  54.7   3:10pm  34.3   5:15am   20    0  0.00   1  10   2:26pm  NE  1018   70
11   39.3  47.4  12:42am  26.6  11:49pm   26    0  0.00   6  34   2:53pm  SE  1016   54
12   32.2  45.2   3:43pm  22.0   7:02am   33    0  0.00   4  17  12:51am  SE  1026   42
13   41.3  55.2   3:45pm  25.9   7:28am   24    0  0.00   1  11   8:56pm SSW  1023   43
14   43.4  47.5  12:00am  38.9   4:57am   22    0  0.07   1   7  12:00am SSW  1018   80
15   49.0  63.2   4:35pm  34.7   7:56am   16    0  0.01   1   8  11:31am   E  1022   75
16   53.3  57.8   5:57pm  49.6   7:01am   12    0  0.07   1   9   2:10pm NNW  1019   89
17   53.4  65.7   4:07pm  42.9   8:36am   12    0  0.01   0   7  12:28pm NNW  1018   81
18   53.3  62.2   1:44pm  44.9   7:11am   12    0  0.32   0   8  11:58am  SE  1016   81
19   48.8  53.1   2:59pm  42.3  11:58pm   16    0  0.27   2  14   8:00am ENE  1009   93
20   46.2  56.4   3:53pm  36.2   7:31am   19    0  0.00   1  10   2:27pm   E  1022   72
21   50.8  62.8   4:42pm  40.5   5:09am   14    0  0.00   2  15   2:25pm SSW  1021   70
22   57.8  67.2   3:05pm  47.1   5:29am    7    0  0.00   2  14   3:33pm SSW  1011   80
23   67.4  77.8   3:50pm  57.2   5:34am    2    5  0.00   5  26   5:07pm SSW  1003   74
24   63.4  70.5  12:07am  46.4  11:58pm    4    2  0.31   5  27   5:38pm SSW  1006   67
25   47.0  56.2   2:54pm  37.8   7:12am   18    0  0.00   3  28   1:52pm NNW  1022   42
26   47.8  61.0   4:20pm  34.7   5:16am   17    0  0.00   1  12   4:35pm   E  1028   48
27   53.3  65.2   4:32pm  44.5   3:38am   12    0  0.07   1   7   3:40pm   N  1028   80
28   55.3  66.7   2:42pm  45.0   5:03am   10    0  0.08   1   9  12:16pm   E  1026   87
29   63.1  68.5   3:30pm  56.7   1:40am    3    1  0.12   3  15   9:44pm SSW  1018   88
---------------------------------------------------------------------------------------
TOT  51.1  77.8  2/23/12  22.0  2/12/12  413   10  1.51   2  34  2/11/12 SSW  1020   71

HEAT BASE: 65.0
COOL BASE: 65.0