NOAA-Style Climate Reports


Report for 2012 January
                  MONTHLY CLIMATOLOGICAL SUMMARY FOR 1/2012
                                        HEAT  COOL        
     MEAN                               DEG   DEG       WIND SPEED       DOM MEAN  MEAN
DAY  TEMP  HIGH   TIME     LOW   TIME   DAYS  DAYS RAIN AVG  HI  TIME    DIR BAROM HUM
---------------------------------------------------------------------------------------
1    52.1  65.8   2:01pm  38.0   5:18am   13    0  0.00   3  21   7:37pm  SW  1019   74
2    42.1  48.8  12:00am  30.7  11:56pm   23    0  0.00   6  28   8:32pm  NW  1020   39
3    30.0  36.7   2:01pm  23.5   7:25am   35    0  0.00   4  24  12:57am  NW  1028   46
4    37.5  51.6   3:39pm  23.4   7:05am   28    0  0.00   2  14   2:02pm  SW  1026   41
5    47.8  62.1   3:39pm  35.7   8:13am   17    0  0.00   1  13   3:11pm WSW  1021   46
6    49.4  66.9   2:48pm  34.5   7:44am   16    0  0.00   1  11  10:43am   W  1019   53
7    55.9  66.5   4:12pm  44.8   2:31am    9    0  0.09   2  22   8:10pm SSW  1018   75
8    54.5  62.5   2:28pm  47.0   7:38am   10    0  0.07   0   5   9:53am NNW  1021   93
9    59.4  68.7   2:45pm  53.5   5:13am    6    0  0.15   1  12   5:29pm SSW  1020   90
10   60.6  66.3  11:53am  57.3  11:54pm    5    0  0.02   1   8   2:47pm SSW  1015   90
11   57.4  66.4   1:54pm  51.9   9:49pm    8    0  0.11   4  27   2:28pm SSW  1004   83
12   51.6  61.1   1:30pm  33.4  11:59pm   13    0  0.00   4  30   8:36pm  SW  1005   71
13   33.5  39.6   2:53pm  28.4   7:23am   32    0  0.00   3  21   1:06am   W  1018   58
14   39.4  51.7   4:18pm  28.2   7:58am   26    0  0.00   3  16  10:57am WSW  1023   51
15   44.5  55.1   3:24pm  36.6  11:20pm   20    0  0.00   1  11  10:34am  NW  1028   49
16   44.2  55.8   3:36pm  31.9   3:52am   21    0  0.00   1  10  12:26pm  SE  1030   60
17   53.7  63.2   4:02pm  43.2   5:33am   11    0  0.33   3  19  12:54pm SSW  1021   84
18   46.9  60.2  12:00am  35.1  11:44pm   18    0  0.07   2  21   3:27pm  NW  1016   67
19   41.1  53.7   5:00pm  31.9   7:54am   24    0  0.00   1   9   8:55am  NW  1020   63
20   46.4  50.9  12:56pm  40.7   1:00am   19    0  0.49   1   7   1:36am ENE  1018   85
21   55.8  61.9   8:05am  47.2   1:09am    9    0  1.00   2  18  12:11pm SSW  1014   95
22   48.8  54.3  12:03am  41.9  11:53pm   16    0  0.01   3  16  10:56am ENE  1021   96
23   43.9  47.2   3:15pm  41.3   5:17am   21    0  0.32   2  13  12:07pm ENE  1018   96
24   53.3  66.8   3:42pm  45.2   8:26am   12    0  0.00   1  10  12:28pm   W  1020   73
25   51.6  63.3   4:01pm  38.7   7:30am   13    0  0.00   1  10  12:24pm ENE  1023   76
26   59.6  68.4   3:45pm  51.9   1:01am    6    1  0.20   2  16  11:57pm   S  1014   88
27   55.6  62.8  12:33am  45.6  11:19pm    9    0  0.02   3  25   4:12am   W  1011   74
28   49.2  64.5   3:36pm  37.5   8:06am   16    0  0.00   2  21   4:24pm  NW  1020   67
29   44.4  56.4   1:44pm  31.6   7:54am   21    0  0.00   2  17   2:33pm NNW  1027   41
30   46.2  62.6   3:21pm  31.9   6:42am   19    0  0.00   1  13   2:44pm SSW  1029   49
31   49.3  65.1   3:04pm  33.6   5:51am   16    0  0.00   1  12   4:01pm  SE  1028   57
---------------------------------------------------------------------------------------
TOT  48.6  68.7   1/9/12  23.4   1/4/12  511    1  2.88   2  30  1/12/12  NW  1020   69

HEAT BASE: 65.0
COOL BASE: 65.0