NOAA-Style Climate Reports


Report for 2011 December
                  MONTHLY CLIMATOLOGICAL SUMMARY FOR 12/2011
                                        HEAT  COOL        
     MEAN                               DEG   DEG       WIND SPEED       DOM MEAN  MEAN
DAY  TEMP  HIGH   TIME     LOW   TIME   DAYS  DAYS RAIN AVG  HI  TIME    DIR BAROM HUM
---------------------------------------------------------------------------------------
1    42.6  58.7   3:38pm  31.0   7:16am   22    0  0.01   1   8  11:49am NNW  1025   70
2    45.9  65.6   3:42pm  30.6   7:29am   19    0  0.00   1   8  12:34pm NNW  1029   66
3    47.5  62.5   2:43pm  32.8   6:53am   17    0  0.00   2  11   1:14pm ENE  1032   63
4    51.8  60.3   3:24pm  44.8   2:17am   13    0  0.00   2   9  12:18am ENE  1029   66
5    60.5  70.3   4:29pm  52.4   5:19am    5    1  0.00   1  13   2:17pm   E  1021   77
6    65.7  72.2   1:46pm  61.1   7:15am    1    2  0.12   2  17  11:45am SSW  1016   85
7    52.8  65.9   2:11am  38.1  11:55pm   12    0  0.47   3  27   3:46pm WNW  1011   88
8    42.4  54.4   3:29pm  33.9   7:10am   23    0  0.00   2  19   2:27am  NW  1024   66
9    45.0  55.6   1:52pm  35.6   7:34am   20    0  0.00   0   7   1:05pm NNW  1024   67
10   45.7  56.8   1:49pm  35.9   7:46am   19    0  0.00   1  10  10:33am  NW  1026   67
11   43.0  51.0   2:44pm  32.9   7:40am   22    0  0.00   3  17   9:28am ENE  1032   57
12   45.6  48.8   2:22pm  42.7   6:51am   19    0  0.00   3  15   9:24am ENE  1031   57
13   52.8  66.6   3:43pm  41.4   6:59am   12    0  0.00   1   9   3:15pm  NE  1030   68
14   54.8  68.2   2:12pm  42.9   7:39am   11    0  0.00   1  10   2:14pm SSW  1026   77
15   58.9  70.6   2:47pm  45.7   7:40am    7    1  0.00   2  17  12:42pm SSW  1023   78
16   65.0  74.2   2:31pm  55.1  11:56pm    2    2  0.00   2  19  12:38pm SSW  1019   72
17   50.1  59.3   2:49pm  41.5  11:57pm   15    0  0.00   3  16   8:47am  NW  1022   68
18   44.5  57.8   3:26pm  33.2   8:04am   20    0  0.00   1  12   2:45am NNW  1026   53
19   45.8  61.2   3:32pm  31.7   7:54am   19    0  0.00   1   9  12:51pm SSW  1026   70
20   51.8  59.7   2:26pm  43.8   3:50am   13    0  0.12   0   7   1:59pm ESE  1021   88
21   60.7  65.0   2:24pm  55.5  12:22am    4    0  0.59   3  17  12:43pm   S  1016   95
22   64.8  69.2   4:13pm  62.6   7:44am    1    1  0.75   2  26   7:53pm SSW  1015   94
23   54.3  64.1  12:00am  46.0  11:53pm   11    0  0.01   2  21  12:08am  NW  1020   80
24   48.5  59.3   3:18pm  40.2   5:57am   16    0  0.00   1  11  12:09pm NNW  1027   79
25   45.6  49.4   4:49pm  41.5   2:47am   19    0  0.34   1   7   7:03pm NNW  1027   93
26   44.7  54.7   3:19pm  34.1   7:22am   20    0  0.03   1  10   2:13pm   E  1025   77
27   46.0  54.8  12:20pm  41.6  11:45pm   19    0  1.19   3  22  11:15am   W  1012   83
28   43.9  54.0   2:57pm  36.5   7:53am   21    0  0.00   2  16   9:46am   W  1017   62
29   43.3  57.3   2:58pm  31.5   6:45am   22    0  0.00   1  16   3:09pm SSW  1018   69
30   47.9  61.8   4:02pm  35.6   6:00am   17    0  0.00   1  15   3:42pm SSW  1017   81
31   54.1  64.5   3:11pm  43.6  11:59pm   11    0  0.00   2  14  12:38pm WSW  1018   67
---------------------------------------------------------------------------------------
TOT  50.5  74.2 12/16/11  30.6  12/2/11  456    7  3.63   2  23  12/7/11 SSW  1023   74

HEAT BASE: 65.0
COOL BASE: 65.0